-- Table structure for table `wp8p_wc_category_lookup`
--

CREATE TABLE `wp8p_wc_category_lookup` (
  `category_tree_id` bigint(20) unsigned NOT NULL,
  `category_id` bigint(20) unsigned NOT NULL,
  PRIMARY KEY (`category_tree_id`,`category_id`)
) ENGINE=InnoDB DEFAULT CHARSET=utf8mb4 COLLATE=utf8mb4_unicode_ci;

--
-- Dumping data for table `wp8p_wc_category_lookup`
--

INSERT INTO `wp8p_wc_category_lookup` VALUES
(15,15),
(21,21),
(22,22),
(25,25),
(27,27),
(28,28),
(47,47),
(48,48),
(66,66);

--
-- Table structure for table `wp8p_wc_customer_lookup`
--

CREATE TABLE `wp8p_wc_customer_lookup` (
  `customer_id` bigint(20) unsigned NOT NULL AUTO_INCREMENT,
  `user_id` bigint(20) unsigned DEFAULT NULL,
  `username` varchar(60) NOT NULL DEFAULT '',
  `first_name` varchar(255) NOT NULL,
  `last_name` varchar(255) NOT NULL,
  `email` varchar(100) DEFAULT NULL,
  `date_last_active` timestamp NULL DEFAULT NULL,
  `date_registered` timestamp NULL DEFAULT NULL,
  `country` char(2) NOT NULL DEFAULT '',
  `postcode` varchar(20) NOT NULL DEFAULT '',
  `city` varchar(100) NOT NULL DEFAULT '',
  `state` varchar(100) NOT NULL DEFAULT '',
  PRIMARY KEY (`customer_id`),
  UNIQUE KEY `user_id` (`user_id`),
  KEY `email` (`email`)
) ENGINE=InnoDB AUTO_INCREMENT=3 DEFAULT CHARSET=utf8mb4 COLLATE=utf8mb4_unicode_ci;

--
-- Dumping data for table `wp8p_wc_customer_lookup`
--

INSERT INTO `wp8p_wc_customer_lookup` VALUES
(1,1,'admin','Tiana','Burt','tiana@burtmg.com','2022-09-20 19:11:36','2021-05-07 22:59:39','US','97471','Roseburg','OR');

--
-- Table structure for table `wp8p_wc_download_log`
--

CREATE TABLE `wp8p_wc_download_log` (
  `download_log_id` bigint(20) unsigned NOT NULL AUTO_INCREMENT,
  `timestamp` datetime NOT NULL,
  `permission_id` bigint(20) unsigned NOT NULL,
  `user_id` bigint(20) unsigned DEFAULT NULL,
  `user_ip_address` varchar(100) DEFAULT '',
  PRIMARY KEY (`download_log_id`),
  KEY `permission_id` (`permission_id`),
  KEY `timestamp` (`timestamp`)
) ENGINE=InnoDB DEFAULT CHARSET=utf8mb4 COLLATE=utf8mb4_unicode_ci;

--
-- Dumping data for table `wp8p_wc_download_log`
--


--
-- Table structure for table `wp8p_wc_order_coupon_lookup`
--

CREATE TABLE `wp8p_wc_order_coupon_lookup` (
  `order_id` bigint(20) unsigned NOT NULL,
  `coupon_id` bigint(20) NOT NULL,
  `date_created` datetime NOT NULL DEFAULT '0000-00-00 00:00:00',
  `discount_amount` double NOT NULL DEFAULT 0,
  PRIMARY KEY (`order_id`,`coupon_id`),
  KEY `coupon_id` (`coupon_id`),
  KEY `date_created` (`date_created`)
) ENGINE=InnoDB DEFAULT CHARSET=utf8mb4 COLLATE=utf8mb4_unicode_ci;

--
-- Dumping data for table `wp8p_wc_order_coupon_lookup`
--


--
-- Table structure for table `wp8p_wc_order_product_lookup`
--

CREATE TABLE `wp8p_wc_order_product_lookup` (
  `order_item_id` bigint(20) unsigned NOT NULL,
  `order_id` bigint(20) unsigned NOT NULL,
  `product_id` bigint(20) unsigned NOT NULL,
  `variation_id` bigint(20) unsigned NOT NULL,
  `customer_id` bigint(20) unsigned DEFAULT NULL,
  `date_created` datetime NOT NULL DEFAULT '0000-00-00 00:00:00',
  `product_qty` int(11) NOT NULL,
  `product_net_revenue` double NOT NULL DEFAULT 0,
  `product_gross_revenue` double NOT NULL DEFAULT 0,
  `coupon_amount` double NOT NULL DEFAULT 0,
  `tax_amount` double NOT NULL DEFAULT 0,
  `shipping_amount` double NOT NULL DEFAULT 0,
  `shipping_tax_amount` double NOT NULL DEFAULT 0,
  PRIMARY KEY (`order_item_id`),
  KEY `order_id` (`order_id`),
  KEY `product_id` (`product_id`),
  KEY `customer_id` (`customer_id`),
  KEY `date_created` (`date_created`)
) ENGINE=InnoDB DEFAULT CHARSET=utf8mb4 COLLATE=utf8mb4_unicode_ci;

--
-- Dumping data for table `wp8p_wc_order_product_lookup`
--

INSERT INTO `wp8p_wc_order_product_lookup` VALUES
(1,1605,1591,1594,1,'2022-09-08 18:06:22',2,110.76,110.76,0,0,0,0),
(3,1606,1591,1594,1,'2022-09-08 18:08:29',-2,-110.76,-110.76,0,0,0,0),
(6,1607,1591,1596,1,'2022-09-08 18:13:45',1,43.27,65.47,0,0,22.2,0),
(8,1608,1591,1596,1,'2022-09-08 18:41:10',-1,-43.27,-65.47,0,0,-22.2,0),
(10,1609,1591,1594,1,'2022-09-08 19:59:15',1,55.38,84.57,0,0,29.19,0),
(12,1610,1591,1594,1,'2022-09-08 20:19:14',-1,-55.38,-84.57,0,0,-29.19,0),
(14,1614,1591,1594,1,'2022-09-09 15:59:12',1,55.38,77.58,0,0,22.2,0),
(16,1615,1591,1594,1,'2022-09-09 16:02:50',-1,-55.38,-77.58,0,0,-22.2,0),
(18,1617,1591,1594,1,'2022-09-13 16:38:33',1,55.38,63.76,0,0,8.38,0),
(20,1618,1591,1594,1,'2022-09-14 17:52:11',4,221.52,238.78,0,0,17.26,0),
(22,1620,1120,0,1,'2022-09-14 23:34:49',1,0.01,0.01,0,0,0,0),
(28,1621,1120,0,1,'2022-09-14 23:36:17',1,0.51,0.51,0,0,0,0),
(31,1627,1591,1594,1,'2022-09-20 15:11:36',1,55.38,55.38,0,0,0,0);

--
-- Table structure for table `wp8p_wc_order_stats`
--

CREATE TABLE `wp8p_wc_order_stats` (
  `order_id` bigint(20) unsigned NOT NULL,
  `parent_id` bigint(20) unsigned NOT NULL DEFAULT 0,
  `date_created` datetime NOT NULL DEFAULT '0000-00-00 00:00:00',
  `date_created_gmt` datetime NOT NULL DEFAULT '0000-00-00 00:00:00',
  `num_items_sold` int(11) NOT NULL DEFAULT 0,
  `total_sales` double NOT NULL DEFAULT 0,
  `tax_total` double NOT NULL DEFAULT 0,
  `shipping_total` double NOT NULL DEFAULT 0,
  `net_total` double NOT NULL DEFAULT 0,
  `returning_customer` tinyint(1) DEFAULT NULL,
  `status` varchar(200) NOT NULL,
  `customer_id` bigint(20) unsigned NOT NULL,
  `date_paid` datetime DEFAULT '0000-00-00 00:00:00',
  `date_completed` datetime DEFAULT '0000-00-00 00:00:00',
  PRIMARY KEY (`order_id`),
  KEY `date_created` (`date_created`),
  KEY `customer_id` (`customer_id`),
  KEY `status` (`status`(191))
) ENGINE=InnoDB DEFAULT CHARSET=utf8mb4 COLLATE=utf8mb4_unicode_ci;

--
-- Dumping data for table `wp8p_wc_order_stats`
--

INSERT INTO `wp8p_wc_order_stats` VALUES
(1605,0,'2022-09-08 18:06:22','2022-09-08 18:06:22',2,110.76,0,0,110.76,0,'wc-refunded',1,'2022-09-08 18:06:27','0000-00-00 00:00:00'),
(1606,1605,'2022-09-08 18:08:29','2022-09-08 18:08:29',-2,-110.76,0,0,-110.76,NULL,'wc-refunded',1,'0000-00-00 00:00:00','0000-00-00 00:00:00'),
(1607,0,'2022-09-08 18:13:45','2022-09-08 18:13:45',1,65.47,0,22.2,43.27,1,'wc-refunded',1,'2022-09-08 18:14:27','0000-00-00 00:00:00'),
(1608,1607,'2022-09-08 18:41:10','2022-09-08 18:41:10',-1,-65.47,0,-22.2,-43.27,NULL,'wc-refunded',1,'0000-00-00 00:00:00','0000-00-00 00:00:00'),
(1609,0,'2022-09-08 19:59:15','2022-09-08 19:59:15',1,84.57,0,29.19,55.38,1,'wc-refunded',1,'2022-09-08 19:59:19','0000-00-00 00:00:00'),
(1610,1609,'2022-09-08 20:19:14','2022-09-08 20:19:14',-1,-84.57,0,-29.19,-55.38,NULL,'wc-refunded',1,'0000-00-00 00:00:00','0000-00-00 00:00:00'),
(1614,0,'2022-09-09 15:59:12','2022-09-09 15:59:12',1,77.58,0,22.2,55.38,1,'wc-refunded',1,'2022-09-09 15:59:16','0000-00-00 00:00:00'),
(1615,1614,'2022-09-09 16:02:50','2022-09-09 16:02:50',-1,-77.58,0,-22.2,-55.38,NULL,'wc-refunded',1,'0000-00-00 00:00:00','0000-00-00 00:00:00'),
(1617,0,'2022-09-13 16:38:33','2022-09-13 16:38:33',1,63.76,0,8.38,55.38,1,'wc-refunded',1,'2022-09-13 16:38:39','0000-00-00 00:00:00'),
(1618,0,'2022-09-14 17:52:11','2022-09-14 17:52:11',4,238.78,0,17.26,221.52,1,'wc-cancelled',1,'2022-09-14 17:52:15','0000-00-00 00:00:00'),
(1620,0,'2022-09-14 23:34:49','2022-09-14 23:34:49',1,0.01,0,0,0.01,1,'wc-failed',1,'0000-00-00 00:00:00','0000-00-00 00:00:00'),
(1621,0,'2022-09-14 23:36:17','2022-09-14 23:36:17',1,0.51,0,0,0.51,1,'wc-refunded',1,'2022-09-14 23:38:47','0000-00-00 00:00:00'),
(1624,1621,'2022-09-19 20:01:47','2022-09-19 20:01:47',0,-0.51,0,0,-0.51,NULL,'wc-refunded',1,'0000-00-00 00:00:00','0000-00-00 00:00:00'),
(1626,1617,'2022-09-20 00:58:01','2022-09-20 00:58:01',0,-63.76,0,-63.76,0,NULL,'wc-refunded',1,'0000-00-00 00:00:00','0000-00-00 00:00:00'),
(1627,0,'2022-09-20 15:11:36','2022-09-20 15:11:36',1,55.38,0,0,55.38,1,'wc-completed',1,'2022-09-20 15:11:39','2022-09-29 15:19:26');

--
-- Table structure for table `wp8p_wc_order_tax_lookup`
--

CREATE TABLE `wp8p_wc_order_tax_lookup` (
  `order_id` bigint(20) unsigned NOT NULL,
  `tax_rate_id` bigint(20) unsigned NOT NULL,
  `date_created` datetime NOT NULL DEFAULT '0000-00-00 00:00:00',
  `shipping_tax` double NOT NULL DEFAULT 0,
  `order_tax` double NOT NULL DEFAULT 0,
  `total_tax` double NOT NULL DEFAULT 0,
  PRIMARY KEY (`order_id`,`tax_rate_id`),
  KEY `tax_rate_id` (`tax_rate_id`),
  KEY `date_created` (`date_created`)
) ENGINE=InnoDB DEFAULT CHARSET=utf8mb4 COLLATE=utf8mb4_unicode_ci;

--
-- Dumping data for table `wp8p_wc_order_tax_lookup`
--


--
-- Table structure for table `wp8p_wc_product_attributes_lookup`
--

CREATE TABLE `wp8p_wc_product_attributes_lookup` (
  `product_id` bigint(20) NOT NULL,
  `product_or_parent_id` bigint(20) NOT NULL,
  `taxonomy` varchar(32) NOT NULL,
  `term_id` bigint(20) NOT NULL,
  `is_variation_attribute` tinyint(1) NOT NULL,
  `in_stock` tinyint(1) NOT NULL,
  PRIMARY KEY (`product_or_parent_id`,`term_id`,`product_id`,`taxonomy`),
  KEY `is_variation_attribute_term_id` (`is_variation_attribute`,`term_id`)
) ENGINE=InnoDB DEFAULT CHARSET=utf8mb4 COLLATE=utf8mb4_unicode_520_ci;

--
-- Dumping data for table `wp8p_wc_product_attributes_lookup`
--


--
-- Table structure for table `wp8p_wc_product_download_directories`
--

CREATE TABLE `wp8p_wc_product_download_directories` (
  `url_id` bigint(20) unsigned NOT NULL AUTO_INCREMENT,
  `url` varchar(256) NOT NULL,
  `enabled` tinyint(1) NOT NULL DEFAULT 0,
  PRIMARY KEY (`url_id`),
  KEY `url` (`url`)
) ENGINE=InnoDB AUTO_INCREMENT=3 DEFAULT CHARSET=utf8mb4 COLLATE=utf8mb4_unicode_ci;

--
-- Dumping data for table `wp8p_wc_product_download_directories`
--

INSERT INTO `wp8p_wc_product_download_directories` VALUES
(1,'file:///home/burteany/concretebuilderssupply.com/wp-content/uploads/woocommerce_uploads/',1),
(2,'https://concretebuilderssupply.com/wp-content/uploads/woocommerce_uploads/',1);

--
-- Table structure for table `wp8p_wc_product_meta_lookup`
--

CREATE TABLE `wp8p_wc_product_meta_lookup` (
  `product_id` bigint(20) NOT NULL,
  `sku` varchar(100) DEFAULT '',
  `virtual` tinyint(1) DEFAULT 0,
  `downloadable` tinyint(1) DEFAULT 0,
  `min_price` decimal(19,4) DEFAULT NULL,
  `max_price` decimal(19,4) DEFAULT NULL,
  `onsale` tinyint(1) DEFAULT 0,
  `stock_quantity` double DEFAULT NULL,
  `stock_status` varchar(100) DEFAULT 'instock',
  `rating_count` bigint(20) DEFAULT 0,
  `average_rating` decimal(3,2) DEFAULT 0.00,
  `total_sales` bigint(20) DEFAULT 0,
  `tax_status` varchar(100) DEFAULT 'taxable',
  `tax_class` varchar(100) DEFAULT '',
  `global_unique_id` varchar(100) DEFAULT '',
  PRIMARY KEY (`product_id`),
  KEY `virtual` (`virtual`),
  KEY `downloadable` (`downloadable`),
  KEY `stock_status` (`stock_status`),
  KEY `stock_quantity` (`stock_quantity`),
  KEY `onsale` (`onsale`),
  KEY `min_max_price` (`min_price`,`max_price`),
  KEY `sku` (`sku`(50))
) ENGINE=InnoDB DEFAULT CHARSET=utf8mb4 COLLATE=utf8mb4_unicode_ci;

--
-- Dumping data for table `wp8p_wc_product_meta_lookup`
--

INSERT INTO `wp8p_wc_product_meta_lookup` VALUES
(1,'1',0,0,188.6200,188.6200,0,20,'instock',0,0.00,0,'taxable','',''),
(2,'2',0,0,241.0800,241.0800,0,15,'instock',0,0.00,0,'taxable','',''),
(4,'4',0,0,16.5100,16.5100,0,200,'instock',0,0.00,0,'taxable','',''),
(5,'5',0,0,2.6700,2.6700,0,NULL,'instock',0,0.00,0,'taxable','',''),
(6,'6',0,0,3.3400,3.3400,0,NULL,'instock',0,0.00,0,'taxable','',''),
(7,'7',0,0,3.7100,3.7100,0,NULL,'instock',0,0.00,0,'taxable','',''),
(8,'8',0,0,5.1000,5.1000,0,NULL,'instock',0,0.00,0,'taxable','',''),
(9,'9',0,0,6.3900,6.3900,0,NULL,'instock',0,0.00,0,'taxable','',''),
(10,'10',0,0,3.1500,9.5400,0,NULL,'instock',0,0.00,0,'taxable','',''),
(11,'11',0,0,86.6700,86.6700,0,NULL,'instock',0,0.00,0,'taxable','',''),
(12,'12',0,0,97.0000,97.0000,0,NULL,'instock',0,0.00,0,'taxable','',''),
(13,'13',0,0,118.4200,118.4200,0,NULL,'instock',0,0.00,0,'taxable','',''),
(20,'20',0,0,12.1900,12.1900,0,NULL,'instock',0,0.00,0,'taxable','',''),
(21,'21',0,0,12.4600,14.8600,0,NULL,'instock',0,0.00,0,'taxable','',''),
(22,'22',0,0,15.9700,17.5400,0,25,'instock',0,0.00,0,'taxable','',''),
(23,'23',0,0,0.3100,0.3100,0,NULL,'instock',0,0.00,0,'taxable','',''),
(24,'24',0,0,0.3500,0.3500,0,NULL,'instock',0,0.00,0,'taxable','',''),
(28,'28',0,0,86.6900,165.3700,0,NULL,'instock',0,0.00,0,'taxable','',''),
(29,'29',0,0,114.4600,114.4600,0,NULL,'instock',0,0.00,0,'taxable','',''),
(30,'30',0,0,143.0800,143.0800,0,NULL,'instock',0,0.00,0,'taxable','',''),
(31,'31',0,0,64.2200,260.3400,0,NULL,'instock',0,0.00,0,'taxable','',''),
(32,'32',0,0,61.0200,61.0200,0,NULL,'instock',0,0.00,0,'taxable','',''),
(36,'36',0,0,53.3300,53.3300,0,NULL,'instock',0,0.00,0,'taxable','',''),
(37,'37',0,0,58.3300,58.3300,0,NULL,'instock',0,0.00,0,'taxable','',''),
(38,'38',0,0,45.7800,45.7800,0,NULL,'instock',0,0.00,0,'taxable','',''),
(39,'39',0,0,52.5300,52.5300,0,NULL,'instock',0,0.00,0,'taxable','',''),
(40,'40',0,0,51.2200,51.2200,0,NULL,'instock',0,0.00,0,'taxable','',''),
(41,'41',0,0,45.7800,45.7800,0,NULL,'instock',0,0.00,0,'taxable','',''),
(45,'45',0,0,45.7800,45.7800,0,NULL,'instock',0,0.00,0,'taxable','',''),
(46,'46',0,0,45.7800,45.7800,0,NULL,'instock',0,0.00,0,'taxable','',''),
(48,'48',0,0,45.7800,45.7800,0,NULL,'instock',0,0.00,0,'taxable','',''),
(50,'50',0,0,45.7800,45.7800,0,NULL,'instock',0,0.00,0,'taxable','',''),
(51,'51',0,0,45.7800,45.7800,0,NULL,'instock',0,0.00,0,'taxable','',''),
(52,'52',0,0,58.3300,58.3300,0,NULL,'instock',0,0.00,0,'taxable','',''),
(53,'53',0,0,45.7800,45.7800,0,NULL,'instock',0,0.00,0,'taxable','',''),
(56,'56',0,0,51.0000,51.0000,0,30,'instock',0,0.00,0,'taxable','',''),
(60,'60',0,0,130.6000,130.6000,0,5,'instock',0,0.00,0,'taxable','',''),
(61,'61',0,0,15.7200,15.7200,0,35,'instock',0,0.00,0,'taxable','',''),
(62,'62',0,0,33.2300,33.2300,0,8,'instock',0,0.00,0,'taxable','',''),
(67,'67',0,0,26.5100,26.5100,0,NULL,'instock',0,0.00,0,'taxable','',''),
(85,'85',0,0,1.9200,1.9200,0,15,'instock',0,0.00,0,'taxable','',''),
(98,'98',0,0,110.0000,110.0000,0,NULL,'instock',0,0.00,0,'taxable','',''),
(99,'99',0,0,30.0000,30.0000,0,NULL,'instock',0,0.00,0,'taxable','',''),
(100,'100',0,0,30.0000,100.0000,0,5,'instock',0,0.00,0,'taxable','',''),
(102,'102',0,0,25.4500,25.4500,0,NULL,'instock',0,0.00,0,'taxable','',''),
(122,'122',0,0,50.7200,50.7200,0,NULL,'instock',0,0.00,0,'taxable','',''),
(1060,'3',0,0,242.4200,242.4200,0,15,'instock',0,0.00,0,'taxable','',''),
(1061,'14',0,0,67.3300,196.0000,0,NULL,'instock',0,0.00,0,'taxable','',''),
(1062,'15',0,0,80.0100,80.0100,0,25,'instock',0,0.00,0,'taxable','',''),
(1063,'16',0,0,91.4300,91.4300,0,15,'instock',0,0.00,0,'taxable','',''),
(1064,'17',0,0,20.8800,20.8800,0,60,'instock',0,0.00,0,'taxable','',''),
(1065,'18',0,0,21.9100,21.9100,0,30,'instock',0,0.00,0,'taxable','',''),
(1066,'19',0,0,11.2300,11.2300,0,NULL,'instock',0,0.00,0,'taxable','',''),
(1067,'25',0,0,0.3200,0.6300,0,NULL,'instock',0,0.00,0,'taxable','',''),
(1068,'26',0,0,71.5500,71.5500,0,10,'instock',0,0.00,0,'taxable','',''),
(1069,'27',0,0,82.5000,82.5000,0,NULL,'instock',0,0.00,0,'taxable','',''),
(1070,'33',0,0,12.7500,12.7500,0,NULL,'instock',0,0.00,0,'taxable','',''),
(1071,'34',0,0,63.3300,63.3300,0,NULL,'instock',0,0.00,0,'taxable','',''),
(1072,'35',0,0,45.7800,45.7800,0,NULL,'instock',0,0.00,0,'taxable','',''),
(1073,'42',0,0,45.7800,45.7800,0,NULL,'instock',0,0.00,0,'taxable','',''),
(1074,'43',0,0,45.7800,45.7800,0,NULL,'instock',0,0.00,0,'taxable','',''),
(1075,'44',0,0,45.7800,45.7800,0,NULL,'instock',0,0.00,0,'taxable','',''),
(1076,'47',0,0,45.7800,45.7800,0,NULL,'instock',0,0.00,0,'taxable','',''),
(1077,'49',0,0,45.7800,45.7800,0,NULL,'instock',0,0.00,0,'taxable','',''),
(1078,'54',0,0,45.7800,45.7800,0,NULL,'instock',0,0.00,0,'taxable','',''),
(1079,'55',0,0,12.7500,172.0800,0,2,'instock',0,0.00,0,'taxable','',''),
(1080,'57',0,0,40.0000,40.0000,0,2,'instock',0,0.00,0,'taxable','',''),
(1081,'58',0,0,159.9800,159.9800,0,3,'instock',0,0.00,0,'taxable','',''),
(1082,'59',0,0,253.5700,253.5700,0,3,'instock',0,0.00,0,'taxable','',''),
(1083,'68',0,0,32.9600,151.1000,0,NULL,'instock',0,0.00,0,'taxable','',''),
(1084,'69',0,0,26.5100,123.4400,0,NULL,'instock',0,0.00,0,'taxable','',''),
(1085,'70',0,0,34.9200,34.9200,0,NULL,'instock',0,0.00,0,'taxable','',''),
(1086,'71',0,0,81.2000,81.2000,0,10,'instock',0,0.00,0,'taxable','',''),
(1087,'72',0,0,3470.5900,3470.5900,0,0,'outofstock',0,0.00,0,'taxable','',''),
(1088,'73',0,0,3244.5000,3244.5000,0,0,'outofstock',0,0.00,0,'taxable','',''),
(1089,'74',0,0,3114.6700,3114.6700,0,4,'instock',0,0.00,0,'taxable','',''),
(1090,'75',0,0,12.6000,12.6000,0,400,'instock',0,0.00,0,'taxable','',''),
(1091,'76',0,0,495.0000,495.0000,0,3,'instock',0,0.00,0,'taxable','',''),
(1092,'77',0,0,5.3500,5.3500,0,400,'instock',0,0.00,0,'taxable','',''),
(1093,'78',0,0,2.3100,2.3100,0,400,'instock',0,0.00,0,'taxable','',''),
(1094,'79',0,0,13.0800,13.0800,0,25,'instock',0,0.00,0,'taxable','',''),
(1095,'80',0,0,11.7600,11.7600,0,10,'instock',0,0.00,0,'taxable','',''),
(1096,'81',0,0,11.8000,11.8000,0,20,'instock',0,0.00,0,'taxable','',''),
(1097,'82',0,0,6.1400,6.1400,0,200,'instock',0,0.00,0,'taxable','',''),
(1098,'83',0,0,30.0000,30.0000,0,1,'instock',0,0.00,0,'taxable','',''),
(1099,'84',0,0,1.1400,1.1400,0,0,'outofstock',0,0.00,0,'taxable','',''),
(1100,'86',0,0,7.2900,7.2900,0,NULL,'instock',0,0.00,0,'taxable','',''),
(1101,'87',0,0,7.2900,7.2900,0,NULL,'instock',0,0.00,0,'taxable','',''),
(1102,'88',0,0,7.2900,7.2900,0,NULL,'instock',0,0.00,0,'taxable','',''),
(1103,'89',0,0,7.2900,7.2900,0,NULL,'instock',0,0.00,0,'taxable','',''),
(1104,'90',0,0,7.2900,7.2900,0,NULL,'instock',0,0.00,0,'taxable','',''),
(1105,'91',0,0,6.3600,7.2900,0,NULL,'instock',0,0.00,0,'taxable','',''),
(1106,'92',0,0,2.8000,2.8000,0,25,'instock',0,0.00,0,'taxable','',''),
(1107,'93',0,0,7.3700,7.3700,0,6,'instock',0,0.00,0,'taxable','',''),
(1108,'',0,0,0.0000,0.0000,0,NULL,'instock',0,0.00,0,'taxable','',''),
(1109,'99',0,0,38.3200,38.3200,0,0,'outofstock',0,0.00,0,'taxable','',''),
(1110,'94',0,0,8.8400,14.0000,0,3,'instock',0,0.00,0,'taxable','',''),
(1111,'95',0,0,14.2400,14.2400,0,3,'instock',0,0.00,0,'taxable','',''),
(1112,'96',0,0,7.4000,7.4000,0,20,'instock',0,0.00,0,'taxable','',''),
(1113,'97',0,0,53.8500,53.8500,0,6,'instock',0,0.00,0,'taxable','',''),
(1114,'101',0,0,74.9000,74.9000,0,4,'instock',0,0.00,0,'taxable','',''),
(1115,'103',0,0,25.4500,25.4500,0,NULL,'instock',0,0.00,0,'taxable','',''),
(1116,'104',0,0,25.4500,25.4500,0,NULL,'instock',0,0.00,0,'taxable','',''),
(1117,'105',0,0,25.4500,25.4500,0,NULL,'instock',0,0.00,0,'taxable','',''),
(1118,'106',0,0,71.6500,71.6500,0,3,'instock',0,0.00,0,'taxable','',''),
(1119,'107',0,0,116.4100,116.4100,0,NULL,'instock',0,0.00,0,'taxable','',''),
(1120,'108',0,0,115.0000,115.0000,0,1,'instock',0,0.00,1,'taxable','',''),
(1121,'109',0,0,155.2700,155.2700,0,NULL,'instock',0,0.00,0,'taxable','',''),
(1122,'110',0,0,150.1800,150.1800,0,1,'instock',0,0.00,0,'taxable','',''),
(1123,'111',0,0,35.4900,35.4900,0,NULL,'instock',0,0.00,0,'taxable','',''),
(1124,'112',0,0,75.7300,153.3600,0,NULL,'instock',0,0.00,0,'taxable','',''),
(1125,'113',0,0,31.3200,32.3100,0,NULL,'instock',0,0.00,0,'taxable','',''),
(1126,'114',0,0,50.7200,50.7200,0,1,'instock',0,0.00,0,'taxable','',''),
(1127,'115',0,0,50.7200,50.7200,0,NULL,'instock',0,0.00,0,'taxable','',''),
(1128,'116',0,0,50.7200,50.7200,0,NULL,'instock',0,0.00,0,'taxable','',''),
(1129,'117',0,0,50.7200,50.7200,0,NULL,'instock',0,0.00,0,'taxable','',''),
(1130,'118',0,0,50.7200,50.7200,0,NULL,'instock',0,0.00,0,'taxable','',''),
(1131,'119',0,0,50.7200,50.7200,0,NULL,'instock',0,0.00,0,'taxable','',''),
(1132,'120',0,0,50.7200,50.7200,0,NULL,'instock',0,0.00,0,'taxable','',''),
(1133,'121',0,0,50.7200,50.7200,0,NULL,'instock',0,0.00,0,'taxable','',''),
(1134,'123',0,0,50.7200,50.7200,0,NULL,'instock',0,0.00,0,'taxable','',''),
(1135,'124',0,0,50.7200,50.7200,0,NULL,'instock',0,0.00,0,'taxable','',''),
(1136,'125',0,0,108.0500,108.0500,0,0,'outofstock',0,0.00,0,'taxable','',''),
(1137,'128',0,0,46.3900,46.3900,0,6,'instock',0,0.00,0,'taxable','',''),
(1145,'pt19',0,0,50.7200,50.7200,0,3,'instock',0,0.00,0,'taxable','parent',''),
(1146,'pt18',0,0,50.7200,50.7200,0,1,'instock',0,0.00,0,'taxable','parent',''),
(1147,'pt22',0,0,50.7200,50.7200,0,0,'outofstock',0,0.00,0,'taxable','parent',''),
(1148,'pt12',0,0,50.7200,50.7200,0,5,'instock',0,0.00,0,'taxable','parent',''),
(1149,'pt14',0,0,50.7200,50.7200,0,5,'instock',0,0.00,0,'taxable','parent',''),
(1150,'pt15',0,0,50.7200,50.7200,0,2,'instock',0,0.00,0,'taxable','parent',''),
(1151,'pt23',0,0,50.7200,50.7200,0,3,'instock',0,0.00,0,'taxable','parent',''),
(1152,'pt28',0,0,50.7200,50.7200,0,2,'instock',0,0.00,0,'taxable','parent',''),
(1153,'pt25',0,0,50.7200,50.7200,0,3,'instock',0,0.00,0,'taxable','parent',''),
(1154,'pt29',0,0,50.7200,50.7200,0,2,'instock',0,0.00,0,'taxable','parent',''),
(1155,'pt26',0,0,50.7200,50.7200,0,2,'instock',0,0.00,0,'taxable','parent',''),
(1181,'',0,0,32.3100,32.3100,0,3,'instock',0,0.00,0,'taxable','parent',''),
(1182,'',0,0,31.3200,31.3200,0,1,'instock',0,0.00,0,'taxable','parent',''),
(1184,'',0,0,100.0000,100.0000,0,1,'instock',0,0.00,0,'taxable','parent',''),
(1185,'',0,0,30.0000,30.0000,0,10,'instock',0,0.00,0,'taxable','parent',''),
(1198,'81-1',0,0,11.8000,11.8000,0,NULL,'instock',0,0.00,0,'taxable','',''),
(1204,'',0,0,25.4500,25.4500,0,2,'instock',0,0.00,0,'taxable','parent',''),
(1205,'',0,0,25.4500,25.4500,0,2,'instock',0,0.00,0,'taxable','parent',''),
(1206,'',0,0,25.4500,25.4500,0,2,'instock',0,0.00,0,'taxable','parent',''),
(1207,'',0,0,25.4500,25.4500,0,2,'instock',0,0.00,0,'taxable','parent',''),
(1210,'99-1',0,0,15.2800,15.2800,0,15,'instock',0,0.00,0,'taxable','',''),
(1214,'',0,0,75.7300,75.7300,0,1,'instock',0,0.00,0,'taxable','parent',''),
(1215,'',0,0,153.3600,153.3600,0,1,'instock',0,0.00,0,'taxable','parent',''),
(1218,'',0,0,155.2700,155.2700,0,3,'instock',0,0.00,0,'taxable','parent',''),
(1219,'',0,0,298.6700,298.6700,0,0,'outofstock',0,0.00,0,'taxable','parent',''),
(1227,'',0,0,172.0800,172.0800,0,5,'instock',0,0.00,0,'taxable','parent',''),
(1228,'',0,0,172.0800,172.0800,0,2,'instock',0,0.00,0,'taxable','parent',''),
(1229,'',0,0,172.0800,172.0800,0,3,'instock',0,0.00,0,'taxable','parent',''),
(1230,'',0,0,172.0800,172.0800,0,3,'instock',0,0.00,0,'taxable','parent',''),
(1231,'',0,0,172.0800,172.0800,0,2,'instock',0,0.00,0,'taxable','parent',''),
(1232,'',0,0,172.0800,172.0800,0,0,'outofstock',0,0.00,0,'taxable','parent',''),
(1233,'',0,0,172.0800,172.0800,0,3,'instock',0,0.00,0,'taxable','parent',''),
(1234,'',0,0,172.0800,172.0800,0,2,'instock',0,0.00,0,'taxable','parent',''),
(1236,'',0,0,172.0800,172.0800,0,0,'outofstock',0,0.00,0,'taxable','parent',''),
(1237,'',0,0,172.0800,172.0800,0,1,'instock',0,0.00,0,'taxable','parent',''),
(1238,'',0,0,172.0800,172.0800,0,0,'outofstock',0,0.00,0,'taxable','parent',''),
(1239,'',0,0,172.0800,172.0800,0,2,'instock',0,0.00,0,'taxable','parent',''),
(1240,'',0,0,166.0000,166.0000,0,0,'outofstock',0,0.00,0,'taxable','parent',''),
(1241,'',0,0,45.7800,45.7800,0,0,'outofstock',0,0.00,0,'taxable','parent',''),
(1242,'42',0,0,45.7800,45.7800,0,6,'instock',0,0.00,0,'taxable','parent',''),
(1243,'43',0,0,45.7800,45.7800,0,8,'instock',0,0.00,0,'taxable','parent',''),
(1244,'44',0,0,45.7800,45.7800,0,6,'instock',0,0.00,0,'taxable','parent',''),
(1245,'',0,0,45.7800,45.7800,0,0,'outofstock',0,0.00,0,'taxable','parent',''),
(1246,'',0,0,45.7800,45.7800,0,6,'instock',0,0.00,0,'taxable','parent',''),
(1247,'',0,0,45.7800,45.7800,0,10,'instock',0,0.00,0,'taxable','parent',''),
(1248,'',0,0,45.4800,45.4800,0,6,'instock',0,0.00,0,'taxable','parent',''),
(1250,'',0,0,45.7800,45.7800,0,2,'instock',0,0.00,0,'taxable','parent',''),
(1251,'',0,0,45.7800,45.7800,0,2,'instock',0,0.00,0,'taxable','parent',''),
(1252,'',0,0,58.3300,58.3300,0,2,'instock',0,0.00,0,'taxable','parent',''),
(1253,'',0,0,45.7800,45.7800,0,2,'instock',0,0.00,0,'taxable','parent',''),
(1254,'',0,0,51.5800,51.5800,0,6,'instock',0,0.00,0,'taxable','parent',''),
(1255,'',0,0,12.7500,12.7500,0,10,'instock',0,0.00,0,'taxable','parent',''),
(1256,'',0,0,12.7500,12.7500,0,3,'instock',0,0.00,0,'taxable','parent',''),
(1257,'',0,0,12.7500,12.7500,0,6,'instock',0,0.00,0,'taxable','parent',''),
(1258,'',0,0,12.7500,12.7500,0,6,'instock',0,0.00,0,'taxable','parent',''),
(1259,'',0,0,12.7500,12.7500,0,10,'instock',0,0.00,0,'taxable','parent',''),
(1260,'',0,0,12.7500,12.7500,0,10,'instock',0,0.00,0,'taxable','parent',''),
(1261,'',0,0,12.7500,12.7500,0,10,'instock',0,0.00,0,'taxable','parent',''),
(1262,'',0,0,12.7500,12.7500,0,6,'instock',0,0.00,0,'taxable','parent',''),
(1264,'',0,0,12.7500,12.7500,0,3,'instock',0,0.00,0,'taxable','parent',''),
(1265,'',0,0,12.7500,12.7500,0,6,'instock',0,0.00,0,'taxable','parent',''),
(1266,'',0,0,12.7500,12.7500,0,6,'instock',0,0.00,0,'taxable','parent',''),
(1267,'',0,0,12.7500,12.7500,0,6,'instock',0,0.00,0,'taxable','parent',''),
(1268,'',0,0,12.7500,12.7500,0,6,'instock',0,0.00,0,'taxable','parent',''),
(1284,'',0,0,172.0800,172.0800,0,0,'outofstock',0,0.00,0,'taxable','parent',''),
(1285,'',0,0,172.0800,172.0800,0,1,'instock',0,0.00,0,'taxable','parent',''),
(1286,'',0,0,172.0800,172.0800,0,1,'instock',0,0.00,0,'taxable','parent',''),
(1287,'',0,0,172.0800,172.0800,0,0,'outofstock',0,0.00,0,'taxable','parent',''),
(1288,'',0,0,172.0800,172.0800,0,0,'outofstock',0,0.00,0,'taxable','parent',''),
(1289,'',0,0,172.0800,172.0800,0,0,'outofstock',0,0.00,0,'taxable','parent',''),
(1290,'',0,0,172.0800,172.0800,0,0,'outofstock',0,0.00,0,'taxable','parent',''),
(1291,'34',0,0,63.3300,63.3300,0,3,'instock',0,0.00,0,'taxable','parent',''),
(1292,'35',0,0,45.7800,45.7800,0,4,'instock',0,0.00,0,'taxable','parent',''),
(1293,'36',0,0,53.3300,53.3300,0,6,'instock',0,0.00,0,'taxable','parent',''),
(1294,'37',0,0,58.3300,58.3300,0,0,'outofstock',0,0.00,0,'taxable','parent',''),
(1295,'38',0,0,45.7800,45.7800,0,6,'instock',0,0.00,0,'taxable','parent',''),
(1296,'39',0,0,52.3300,52.3300,0,3,'instock',0,0.00,0,'taxable','parent',''),
(1297,'40',0,0,51.2200,51.2200,0,2,'instock',0,0.00,0,'taxable','parent',''),
(1298,'33',0,0,12.7500,12.7500,0,6,'instock',0,0.00,0,'taxable','parent',''),
(1299,'',0,0,12.7500,12.7500,0,1,'instock',0,0.00,0,'taxable','parent',''),
(1300,'',0,0,12.7500,12.7500,0,10,'instock',0,0.00,0,'taxable','parent',''),
(1301,'',0,0,12.7500,12.7500,0,3,'instock',0,0.00,0,'taxable','parent',''),
(1302,'',0,0,12.7500,12.7500,0,6,'instock',0,0.00,0,'taxable','parent',''),
(1303,'',0,0,12.7500,12.7500,0,2,'instock',0,0.00,0,'taxable','parent',''),
(1304,'',0,0,12.7500,12.7500,0,1,'instock',0,0.00,0,'taxable','parent',''),
(1316,'32',0,0,64.2200,64.2200,0,10,'instock',0,0.00,0,'taxable','parent',''),
(1317,'',0,0,260.3400,260.3400,0,10,'instock',0,0.00,0,'taxable','parent',''),
(1325,'',0,0,7.2900,7.2900,0,20,'instock',0,0.00,0,'taxable','parent',''),
(1326,'',0,0,7.2900,7.2900,0,15,'instock',0,0.00,0,'taxable','parent',''),
(1327,'',0,0,7.2900,7.2900,0,15,'instock',0,0.00,0,'taxable','parent',''),
(1328,'',0,0,6.3600,6.3600,0,15,'instock',0,0.00,0,'taxable','parent',''),
(1329,'',0,0,6.3600,6.3600,0,15,'instock',0,0.00,0,'taxable','parent',''),
(1330,'',0,0,6.3600,6.3600,0,15,'instock',0,0.00,0,'taxable','parent',''),
(1335,'',0,0,26.5100,26.5100,0,3,'instock',0,0.00,0,'taxable','parent',''),
(1336,'',0,0,123.4400,123.4400,0,3,'instock',0,0.00,0,'taxable','parent',''),
(1339,'',0,0,91.8100,91.8100,0,20,'instock',0,0.00,0,'taxable','parent',''),
(1340,'29',0,0,113.7100,113.7100,0,20,'instock',0,0.00,0,'taxable','parent',''),
(1341,'30',0,0,165.3700,165.3700,0,10,'instock',0,0.00,0,'taxable','parent',''),
(1342,'27',0,0,86.6900,86.6900,0,10,'instock',0,0.00,0,'taxable','parent',''),
(1360,'',0,0,32.9600,32.9600,0,100,'instock',0,0.00,0,'taxable','parent',''),
(1361,'',0,0,151.1000,151.1000,0,10,'instock',0,0.00,0,'taxable','parent',''),
(1368,'500',0,0,3.1500,3.1500,0,300,'instock',0,0.00,0,'taxable','parent',''),
(1369,'6',0,0,4.4600,4.4600,0,300,'instock',0,0.00,0,'taxable','parent',''),
(1370,'7',0,0,4.6600,4.6600,0,500,'instock',0,0.00,0,'taxable','parent',''),
(1371,'8',0,0,6.3300,6.3300,0,100,'instock',0,0.00,0,'taxable','parent',''),
(1372,'9',0,0,6.6100,6.6100,0,200,'instock',0,0.00,0,'taxable','parent',''),
(1373,'',0,0,9.5400,9.5400,0,100,'instock',0,0.00,0,'taxable','parent',''),
(1424,'23',0,0,0.3200,0.3200,0,5760,'instock',0,0.00,0,'taxable','parent',''),
(1425,'',0,0,0.3900,0.3900,0,4800,'instock',0,0.00,0,'taxable','parent',''),
(1426,'',0,0,0.6300,0.6300,0,2160,'instock',0,0.00,0,'taxable','parent',''),
(1431,'',0,0,196.0000,196.0000,0,2,'instock',0,0.00,0,'taxable','parent',''),
(1432,'13',0,0,127.5100,127.5100,0,1,'instock',0,0.00,0,'taxable','parent',''),
(1433,'12',0,0,98.6300,98.6300,0,15,'instock',0,0.00,0,'taxable','parent',''),
(1434,'127',0,0,86.6700,86.6700,0,25,'instock',0,0.00,0,'taxable','parent',''),
(1461,'',0,0,17.5400,17.5400,0,20,'instock',0,0.00,0,'taxable','parent',''),
(1462,'20',0,0,15.9700,15.9700,0,60,'instock',0,0.00,0,'taxable','parent',''),
(1464,'19',0,0,12.4600,12.4600,0,60,'instock',0,0.00,0,'taxable','parent',''),
(1465,'24',0,0,14.8600,14.8600,0,60,'instock',0,0.00,0,'taxable','parent',''),
(1552,'92-1',0,0,10.8000,10.8000,0,15,'instock',0,0.00,0,'taxable','',''),
(1557,'11',0,0,67.3300,67.3300,0,20,'instock',0,0.00,0,'taxable','parent',''),
(1558,'15',0,0,76.9800,76.9800,0,0,'outofstock',0,0.00,0,'taxable','parent',''),
(1560,'',0,0,172.0800,172.0800,0,2,'instock',0,0.00,0,'taxable','parent',''),
(1561,'49',0,0,45.7800,45.7800,0,6,'instock',0,0.00,0,'taxable','parent',''),
(1562,'',0,0,12.7500,12.7500,0,6,'instock',0,0.00,0,'taxable','parent',''),
(1564,'',0,0,50.7200,50.7200,0,8,'instock',0,0.00,0,'taxable','parent',''),
(1566,'',0,0,110.0000,110.0000,0,1,'instock',0,0.00,0,'taxable','parent',''),
(1567,'',0,0,110.0000,110.0000,0,1,'instock',0,0.00,0,'taxable','parent',''),
(1568,'',0,0,109.9500,109.9500,0,0,'outofstock',0,0.00,0,'taxable','parent',''),
(1569,'',0,0,110.0000,110.0000,0,2,'instock',0,0.00,0,'taxable','parent',''),
(1571,'63',0,0,50.0200,193.4900,0,NULL,'instock',0,0.00,0,'taxable','',''),
(1572,'',0,0,50.0200,50.0200,0,3,'instock',0,0.00,0,'taxable','parent',''),
(1573,'',0,0,193.4900,193.4900,0,5,'instock',0,0.00,0,'taxable','parent',''),
(1574,'',0,0,50.0200,50.0200,0,6,'instock',0,0.00,0,'taxable','parent',''),
(1584,'',0,0,193.4900,193.4900,0,0,'outofstock',0,0.00,0,'taxable','parent',''),
(1585,'',0,0,110.0000,110.0000,0,NULL,'instock',0,0.00,0,'taxable','parent',''),
(1591,'188',0,0,43.2700,55.3800,0,5,'instock',0,0.00,8,'taxable','',''),
(1592,'198',0,0,55.3800,55.3800,0,5,'instock',0,0.00,0,'taxable','parent',''),
(1594,'199',0,0,55.3800,55.3800,0,3,'instock',0,0.00,0,'taxable','parent',''),
(1596,'200',0,0,43.2700,43.2700,0,5,'instock',0,0.00,0,'taxable','parent',''),
(1597,'201',0,0,43.2700,43.2700,0,5,'instock',0,0.00,0,'taxable','parent',''),
(1673,'',0,0,14.0000,14.0000,0,3,'instock',0,0.00,0,'taxable','parent',''),
(1674,'',0,0,8.8400,8.8400,0,5,'instock',0,0.00,0,'taxable','parent','');

--
-- Table structure for table `wp8p_wc_rate_limits`
--

CREATE TABLE `wp8p_wc_rate_limits` (
  `rate_limit_id` bigint(20) unsigned NOT NULL AUTO_INCREMENT,
  `rate_limit_key` varchar(200) NOT NULL,
  `rate_limit_expiry` bigint(20) unsigned NOT NULL,
  `rate_limit_remaining` smallint(10) NOT NULL DEFAULT 0,
  PRIMARY KEY (`rate_limit_id`),
  UNIQUE KEY `rate_limit_key` (`rate_limit_key`(191))
) ENGINE=InnoDB DEFAULT CHARSET=utf8mb4 COLLATE=utf8mb4_unicode_ci;

--
-- Dumping data for table `wp8p_wc_rate_limits`
--


--
-- Table structure for table `wp8p_wc_reserved_stock`
--

CREATE TABLE `wp8p_wc_reserved_stock` (
  `order_id` bigint(20) NOT NULL,
  `product_id` bigint(20) NOT NULL,
  `stock_quantity` double NOT NULL DEFAULT 0,
  `timestamp` datetime NOT NULL DEFAULT '0000-00-00 00:00:00',
  `expires` datetime NOT NULL DEFAULT '0000-00-00 00:00:00',
  PRIMARY KEY (`order_id`,`product_id`)
) ENGINE=InnoDB DEFAULT CHARSET=utf8mb4 COLLATE=utf8mb4_unicode_ci;

--
-- Dumping data for table `wp8p_wc_reserved_stock`
--

INSERT INTO `wp8p_wc_reserved_stock` VALUES
(1620,1120,1,'2022-09-14 19:34:50','2022-09-21 19:34:50');

--
-- Table structure for table `wp8p_wc_tax_rate_classes`
--

CREATE TABLE `wp8p_wc_tax_rate_classes` (
  `tax_rate_class_id` bigint(20) unsigned NOT NULL AUTO_INCREMENT,
  `name` varchar(200) NOT NULL DEFAULT '',
  `slug` varchar(200) NOT NULL DEFAULT '',
  PRIMARY KEY (`tax_rate_class_id`),
  UNIQUE KEY `slug` (`slug`(191))
) ENGINE=InnoDB AUTO_INCREMENT=3 DEFAULT CHARSET=utf8mb4 COLLATE=utf8mb4_unicode_ci;

--
-- Dumping data for table `wp8p_wc_tax_rate_classes`
--

INSERT INTO `wp8p_wc_tax_rate_classes` VALUES
(1,'Reduced rate','reduced-rate'),
(2,'Zero rate','zero-rate');

--
-- Table structure for table `wp8p_wc_webhooks`
--

CREATE TABLE `wp8p_wc_webhooks` (
  `webhook_id` bigint(20) unsigned NOT NULL AUTO_INCREMENT,
  `status` varchar(200) NOT NULL,
  `name` text NOT NULL,
  `user_id` bigint(20) unsigned NOT NULL,
  `delivery_url` text NOT NULL,
  `secret` text NOT NULL,
  `topic` varchar(200) NOT NULL,
  `date_created` datetime NOT NULL DEFAULT '0000-00-00 00:00:00',
  `date_created_gmt` datetime NOT NULL DEFAULT '0000-00-00 00:00:00',
  `date_modified` datetime NOT NULL DEFAULT '0000-00-00 00:00:00',
  `date_modified_gmt` datetime NOT NULL DEFAULT '0000-00-00 00:00:00',
  `api_version` smallint(4) NOT NULL,
  `failure_count` smallint(10) NOT NULL DEFAULT 0,
  `pending_delivery` tinyint(1) NOT NULL DEFAULT 0,
  PRIMARY KEY (`webhook_id`),
  KEY `user_id` (`user_id`)
) ENGINE=InnoDB DEFAULT CHARSET=utf8mb4 COLLATE=utf8mb4_unicode_ci;

--
-- Dumping data for table `wp8p_wc_webhooks`
--


--
-- Table structure for table `wp8p_woocommerce_api_keys`
--

CREATE TABLE `wp8p_woocommerce_api_keys` (
  `key_id` bigint(20) unsigned NOT NULL AUTO_INCREMENT,
  `user_id` bigint(20) unsigned NOT NULL,
  `description` varchar(200) DEFAULT NULL,
  `permissions` varchar(10) NOT NULL,
  `consumer_key` char(64) NOT NULL,
  `consumer_secret` char(43) NOT NULL,
  `nonces` longtext DEFAULT NULL,
  `truncated_key` char(7) NOT NULL,
  `last_access` datetime DEFAULT NULL,
  PRIMARY KEY (`key_id`),
  KEY `consumer_key` (`consumer_key`),
  KEY `consumer_secret` (`consumer_secret`)
) ENGINE=InnoDB DEFAULT CHARSET=utf8mb4 COLLATE=utf8mb4_unicode_ci;

--
-- Dumping data for table `wp8p_woocommerce_api_keys`
--


--
-- Table structure for table `wp8p_woocommerce_attribute_taxonomies`
--

CREATE TABLE `wp8p_woocommerce_attribute_taxonomies` (
  `attribute_id` bigint(20) unsigned NOT NULL AUTO_INCREMENT,
  `attribute_name` varchar(200) NOT NULL,
  `attribute_label` varchar(200) DEFAULT NULL,
  `attribute_type` varchar(20) NOT NULL,
  `attribute_orderby` varchar(20) NOT NULL,
  `attribute_public` int(1) NOT NULL DEFAULT 1,
  PRIMARY KEY (`attribute_id`),
  KEY `attribute_name` (`attribute_name`(20))
) ENGINE=InnoDB DEFAULT CHARSET=utf8mb4 COLLATE=utf8mb4_unicode_ci;

--
-- Dumping data for table `wp8p_woocommerce_attribute_taxonomies`
--


--
-- Table structure for table `wp8p_woocommerce_downloadable_product_permissions`
--

CREATE TABLE `wp8p_woocommerce_downloadable_product_permissions` (
  `permission_id` bigint(20) unsigned NOT NULL AUTO_INCREMENT,
  `download_id` varchar(36) NOT NULL,
  `product_id` bigint(20) unsigned NOT NULL,
  `order_id` bigint(20) unsigned NOT NULL DEFAULT 0,
  `order_key` varchar(200) NOT NULL,
  `user_email` varchar(200) NOT NULL,
  `user_id` bigint(20) unsigned DEFAULT NULL,
  `downloads_remaining` varchar(9) DEFAULT NULL,
  `access_granted` datetime NOT NULL DEFAULT '0000-00-00 00:00:00',
  `access_expires` datetime DEFAULT NULL,
  `download_count` bigint(20) unsigned NOT NULL DEFAULT 0,
  PRIMARY KEY (`permission_id`),
  KEY `download_order_key_product` (`product_id`,`order_id`,`order_key`(16),`download_id`),
  KEY `download_order_product` (`download_id`,`order_id`,`product_id`),
  KEY `order_id` (`order_id`),
  KEY `user_order_remaining_expires` (`user_id`,`order_id`,`downloads_remaining`,`access_expires`)
) ENGINE=InnoDB DEFAULT CHARSET=utf8mb4 COLLATE=utf8mb4_unicode_ci;

--
-- Dumping data for table `wp8p_woocommerce_downloadable_product_permissions`
--


--
-- Table structure for table `wp8p_woocommerce_log`
--

CREATE TABLE `wp8p_woocommerce_log` (
  `log_id` bigint(20) unsigned NOT NULL AUTO_INCREMENT,
  `timestamp` datetime NOT NULL,
  `level` smallint(4) NOT NULL,
  `source` varchar(200) NOT NULL,
  `message` longtext NOT NULL,
  `context` longtext DEFAULT NULL,
  PRIMARY KEY (`log_id`),
  KEY `level` (`level`)
) ENGINE=InnoDB DEFAULT CHARSET=utf8mb4 COLLATE=utf8mb4_unicode_ci;

--
-- Dumping data for table `wp8p_woocommerce_log`
--


--
-- Table structure for table `wp8p_woocommerce_order_itemmeta`
--

CREATE TABLE `wp8p_woocommerce_order_itemmeta` (
  `meta_id` bigint(20) unsigned NOT NULL AUTO_INCREMENT,
  `order_item_id` bigint(20) unsigned NOT NULL,
  `meta_key` varchar(255) DEFAULT NULL,
  `meta_value` longtext DEFAULT NULL,
  PRIMARY KEY (`meta_id`),
  KEY `order_item_id` (`order_item_id`),
  KEY `meta_key` (`meta_key`(32))
) ENGINE=InnoDB AUTO_INCREMENT=299 DEFAULT CHARSET=utf8mb4 COLLATE=utf8mb4_unicode_ci;

--
-- Dumping data for table `wp8p_woocommerce_order_itemmeta`
--

INSERT INTO `wp8p_woocommerce_order_itemmeta` VALUES
(1,1,'_product_id','1591'),
(2,1,'_variation_id','1594'),
(3,1,'_qty','2'),
(4,1,'_tax_class',''),
(5,1,'_line_subtotal','110.76'),
(6,1,'_line_subtotal_tax','0'),
(7,1,'_line_total','110.76'),
(8,1,'_line_tax','0'),
(9,1,'_line_tax_data','a:2:{s:5:\"total\";a:0:{}s:8:\"subtotal\";a:0:{}}'),
(10,1,'size','5\"'),
(11,1,'grit','100'),
(12,2,'method_id','local_pickup'),
(13,2,'instance_id','20'),
(14,2,'cost','0.00'),
(15,2,'total_tax','0'),
(16,2,'taxes','a:1:{s:5:\"total\";a:0:{}}'),
(17,2,'Items','Diamond Products - Polishing Pad 5\" & 7\" - 5\", 100 &times; 2'),
(18,1,'_reduced_stock','0'),
(19,3,'_product_id','1591'),
(20,3,'_variation_id','1594'),
(21,3,'_qty','-2'),
(22,3,'_tax_class',''),
(23,3,'_line_subtotal','-110.76'),
(24,3,'_line_subtotal_tax','0'),
(25,3,'_line_total','-110.76'),
(26,3,'_line_tax','0'),
(27,3,'_line_tax_data','a:2:{s:5:\"total\";a:0:{}s:8:\"subtotal\";a:0:{}}'),
(28,3,'_refunded_item_id','1'),
(29,1,'_restock_refunded_items','2'),
(49,6,'_product_id','1591'),
(50,6,'_variation_id','1596'),
(51,6,'_qty','1'),
(52,6,'_tax_class',''),
(53,6,'_line_subtotal','43.27'),
(54,6,'_line_subtotal_tax','0'),
(55,6,'_line_total','43.27'),
(56,6,'_line_tax','0'),
(57,6,'_line_tax_data','a:2:{s:5:\"total\";a:0:{}s:8:\"subtotal\";a:0:{}}'),
(58,6,'size','7\"'),
(59,6,'grit','50'),
(60,7,'method_id','flexible_shipping_ups'),
(61,7,'instance_id','27'),
(62,7,'cost','22.20'),
(63,7,'total_tax','0'),
(64,7,'taxes','a:1:{s:5:\"total\";a:0:{}}'),
(65,7,'collection_point','no'),
(66,7,'service_type','03'),
(67,7,'ups_service_code','03'),
(68,6,'_reduced_stock','0'),
(69,8,'_product_id','1591'),
(70,8,'_variation_id','1596'),
(71,8,'_qty','-1'),
(72,8,'_tax_class',''),
(73,8,'_line_subtotal','-43.27'),
(74,8,'_line_subtotal_tax','0'),
(75,8,'_line_total','-43.27'),
(76,8,'_line_tax','0'),
(77,8,'_line_tax_data','a:2:{s:5:\"total\";a:0:{}s:8:\"subtotal\";a:0:{}}'),
(78,8,'_refunded_item_id','6'),
(79,9,'method_id','flexible_shipping_ups'),
(80,9,'instance_id','27'),
(81,9,'cost','-22.2'),
(82,9,'total_tax','0'),
(83,9,'taxes','a:1:{s:5:\"total\";a:0:{}}'),
(84,9,'_refunded_item_id','7'),
(85,6,'_restock_refunded_items','1'),
(86,10,'_product_id','1591'),
(87,10,'_variation_id','1594'),
(88,10,'_qty','1'),
(89,10,'_tax_class',''),
(90,10,'_line_subtotal','55.38'),
(91,10,'_line_subtotal_tax','0'),
(92,10,'_line_total','55.38'),
(93,10,'_line_tax','0'),
(94,10,'_line_tax_data','a:2:{s:5:\"total\";a:0:{}s:8:\"subtotal\";a:0:{}}'),
(95,10,'size','5\"'),
(96,10,'grit','100'),
(97,11,'method_id','flexible_shipping_ups'),
(98,11,'instance_id','27'),
(99,11,'cost','29.19'),
(100,11,'total_tax','0'),
(101,11,'taxes','a:1:{s:5:\"total\";a:0:{}}'),
(102,11,'collection_point','no'),
(103,11,'service_type','12'),
(104,11,'ups_service_code','12'),
(105,10,'_reduced_stock','0'),
(106,12,'_product_id','1591'),
(107,12,'_variation_id','1594'),
(108,12,'_qty','-1'),
(109,12,'_tax_class',''),
(110,12,'_line_subtotal','-55.38'),
(111,12,'_line_subtotal_tax','0'),
(112,12,'_line_total','-55.38'),
(113,12,'_line_tax','0'),
(114,12,'_line_tax_data','a:2:{s:5:\"total\";a:0:{}s:8:\"subtotal\";a:0:{}}'),
(115,12,'_refunded_item_id','10'),
(116,13,'method_id','flexible_shipping_ups'),
(117,13,'instance_id','27'),
(118,13,'cost','-29.19'),
(119,13,'total_tax','0'),
(120,13,'taxes','a:1:{s:5:\"total\";a:0:{}}'),
(121,13,'_refunded_item_id','11'),
(122,10,'_restock_refunded_items','1'),
(123,14,'_product_id','1591'),
(124,14,'_variation_id','1594'),
(125,14,'_qty','1'),
(126,14,'_tax_class',''),
(127,14,'_line_subtotal','55.38'),
(128,14,'_line_subtotal_tax','0'),
(129,14,'_line_total','55.38'),
(130,14,'_line_tax','0'),
(131,14,'_line_tax_data','a:2:{s:5:\"total\";a:0:{}s:8:\"subtotal\";a:0:{}}'),
(132,14,'size','5\"'),
(133,14,'grit','100'),
(134,15,'method_id','flexible_shipping_ups'),
(135,15,'instance_id','27'),
(136,15,'cost','22.20'),
(137,15,'total_tax','0'),
(138,15,'taxes','a:1:{s:5:\"total\";a:0:{}}'),
(139,15,'collection_point','no'),
(140,15,'service_type','03'),
(141,15,'ups_service_code','03'),
(142,14,'_reduced_stock','0'),
(143,16,'_product_id','1591'),
(144,16,'_variation_id','1594'),
(145,16,'_qty','-1'),
(146,16,'_tax_class',''),
(147,16,'_line_subtotal','-55.38'),
(148,16,'_line_subtotal_tax','0'),
(149,16,'_line_total','-55.38'),
(150,16,'_line_tax','0'),
(151,16,'_line_tax_data','a:2:{s:5:\"total\";a:0:{}s:8:\"subtotal\";a:0:{}}'),
(152,16,'_refunded_item_id','14'),
(153,17,'method_id','flexible_shipping_ups'),
(154,17,'instance_id','27'),
(155,17,'cost','-22.2'),
(156,17,'total_tax','0'),
(157,17,'taxes','a:1:{s:5:\"total\";a:0:{}}'),
(158,17,'_refunded_item_id','15'),
(159,14,'_restock_refunded_items','1'),
(160,18,'_product_id','1591'),
(161,18,'_variation_id','1594'),
(162,18,'_qty','1'),
(163,18,'_tax_class',''),
(164,18,'_line_subtotal','55.38'),
(165,18,'_line_subtotal_tax','0'),
(166,18,'_line_total','55.38'),
(167,18,'_line_tax','0'),
(168,18,'_line_tax_data','a:2:{s:5:\"total\";a:0:{}s:8:\"subtotal\";a:0:{}}'),
(169,18,'size','5\"'),
(170,18,'grit','100'),
(171,19,'method_id','usps'),
(172,19,'instance_id','36'),
(173,19,'cost','8.38'),
(174,19,'total_tax','0'),
(175,19,'taxes','a:1:{s:5:\"total\";a:0:{}}'),
(176,19,'Package 1','Priority Mail&#174; Regional Rate Box A - 10 × 7 × 4.75 (in) 1lbs'),
(177,19,'_package_length','{\"Package 1\":\"10\"}'),
(178,19,'_package_width','{\"Package 1\":\"7\"}'),
(179,19,'_package_height','{\"Package 1\":\"4.75\"}'),
(180,19,'_package_weight','{\"Package 1\":\"1\"}'),
(181,18,'_reduced_stock','1'),
(182,20,'_product_id','1591'),
(183,20,'_variation_id','1594'),
(184,20,'_qty','4'),
(185,20,'_tax_class',''),
(186,20,'_line_subtotal','221.52'),
(187,20,'_line_subtotal_tax','0'),
(188,20,'_line_total','221.52'),
(189,20,'_line_tax','0'),
(190,20,'_line_tax_data','a:2:{s:5:\"total\";a:0:{}s:8:\"subtotal\";a:0:{}}'),
(191,20,'size','5\"'),
(192,20,'grit','100'),
(193,21,'method_id','usps'),
(194,21,'instance_id','36'),
(195,21,'cost','17.26'),
(196,21,'total_tax','0'),
(197,21,'taxes','a:1:{s:5:\"total\";a:0:{}}'),
(198,21,'Package 1','Priority Mail&#174; Regional Rate Box B - 15.875 × 14.375 × 2.875 (in) 3lbs'),
(199,21,'_package_length','{\"Package 1\":\"15.875\",\"Package 2\":\"12.8125\"}'),
(200,21,'_package_width','{\"Package 1\":\"14.375\",\"Package 2\":\"10.9375\"}'),
(201,21,'_package_height','{\"Package 1\":\"2.875\",\"Package 2\":\"2.375\"}'),
(202,21,'_package_weight','{\"Package 1\":\"3.00269244\",\"Package 2\":\"1.00089748\"}'),
(203,21,'Package 2','Priority Mail&#174; Regional Rate Box A - 12.8125 × 10.9375 × 2.375 (in) 1lbs'),
(205,22,'_product_id','1120'),
(206,22,'_variation_id','0'),
(207,22,'_qty','1'),
(208,22,'_tax_class',''),
(209,22,'_line_subtotal','0.01'),
(210,22,'_line_subtotal_tax','0'),
(211,22,'_line_total','0.01'),
(212,22,'_line_tax','0'),
(213,22,'_line_tax_data','a:2:{s:5:\"total\";a:0:{}s:8:\"subtotal\";a:0:{}}'),
(214,23,'method_id','local_pickup'),
(215,23,'instance_id','20'),
(216,23,'cost','0.00'),
(217,23,'total_tax','0'),
(218,23,'taxes','a:1:{s:5:\"total\";a:0:{}}'),
(219,23,'Items','Diamond Products - Star Blue 4\" Tuck Point Blade &times; 1'),
(250,28,'_product_id','1120'),
(251,28,'_variation_id','0'),
(252,28,'_qty','1'),
(253,28,'_tax_class',''),
(254,28,'_line_subtotal','0.51'),
(255,28,'_line_subtotal_tax','0'),
(256,28,'_line_total','0.51'),
(257,28,'_line_tax','0'),
(258,28,'_line_tax_data','a:2:{s:5:\"total\";a:0:{}s:8:\"subtotal\";a:0:{}}'),
(259,29,'method_id','local_pickup'),
(260,29,'instance_id','20'),
(261,29,'cost','0.00'),
(262,29,'total_tax','0'),
(263,29,'taxes','a:1:{s:5:\"total\";a:0:{}}'),
(264,29,'Items','Diamond Products - Star Blue 4\" Tuck Point Blade &times; 1'),
(265,28,'_reduced_stock','1'),
(266,30,'method_id','usps'),
(267,30,'instance_id','36'),
(268,30,'cost','-63.76'),
(269,30,'total_tax','0'),
(270,30,'taxes','a:1:{s:5:\"total\";a:0:{}}'),
(271,30,'_refunded_item_id','19'),
(272,31,'_product_id','1591'),
(273,31,'_variation_id','1594'),
(274,31,'_qty','1'),
(275,31,'_tax_class',''),
(276,31,'_line_subtotal','55.38'),
(277,31,'_line_subtotal_tax','0'),
(278,31,'_line_total','55.38'),
(279,31,'_line_tax','0'),
(280,31,'_line_tax_data','a:2:{s:5:\"total\";a:0:{}s:8:\"subtotal\";a:0:{}}'),
(281,31,'size','5\"'),
(282,31,'grit','100'),
(283,32,'method_id','local_pickup'),
(284,32,'instance_id','20'),
(285,32,'cost','0.00'),
(286,32,'total_tax','0'),
(287,32,'taxes','a:1:{s:5:\"total\";a:0:{}}'),
(288,32,'Items','Diamond Products - Polishing Pad 5\" & 7\" - 5\", 100 &times; 1'),
(289,31,'_reduced_stock','1');

--
-- Table structure for table `wp8p_woocommerce_order_items`
--

CREATE TABLE `wp8p_woocommerce_order_items` (
  `order_item_id` bigint(20) unsigned NOT NULL AUTO_INCREMENT,
  `order_item_name` text NOT NULL,
  `order_item_type` varchar(200) NOT NULL DEFAULT '',
  `order_id` bigint(20) unsigned NOT NULL,
  PRIMARY KEY (`order_item_id`),
  KEY `order_id` (`order_id`)
) ENGINE=InnoDB AUTO_INCREMENT=34 DEFAULT CHARSET=utf8mb4 COLLATE=utf8mb4_unicode_ci;

--
-- Dumping data for table `wp8p_woocommerce_order_items`
--

INSERT INTO `wp8p_woocommerce_order_items` VALUES
(1,'Diamond Products - Polishing Pad 5\" & 7\" - 5\", 100','line_item',1605),
(2,'Local pickup','shipping',1605),
(3,'Diamond Products - Polishing Pad 5\" & 7\" - 5\", 100','line_item',1606),
(6,'Diamond Products - Polishing Pad 5\" & 7\" - 7\", 50','line_item',1607),
(7,'UPS Ground','shipping',1607),
(8,'Diamond Products - Polishing Pad 5\" & 7\" - 7\", 50','line_item',1608),
(9,'UPS Ground','shipping',1608),
(10,'Diamond Products - Polishing Pad 5\" & 7\" - 5\", 100','line_item',1609),
(11,'UPS 3 Day Select','shipping',1609),
(12,'Diamond Products - Polishing Pad 5\" & 7\" - 5\", 100','line_item',1610),
(13,'UPS 3 Day Select','shipping',1610),
(14,'Diamond Products - Polishing Pad 5\" & 7\" - 5\", 100','line_item',1614),
(15,'UPS Ground','shipping',1614),
(16,'Diamond Products - Polishing Pad 5\" & 7\" - 5\", 100','line_item',1615),
(17,'UPS Ground','shipping',1615),
(18,'Diamond Products - Polishing Pad 5\" & 7\" - 5\", 100','line_item',1617),
(19,'Priority Mail&#0174;','shipping',1617),
(20,'Diamond Products - Polishing Pad 5\" & 7\" - 5\", 100','line_item',1618),
(21,'Priority Mail®','shipping',1618),
(22,'Diamond Products - Star Blue 4\" Tuck Point Blade','line_item',1620),
(23,'Local pickup','shipping',1620),
(28,'Diamond Products - Star Blue 4\" Tuck Point Blade','line_item',1621),
(29,'Local pickup','shipping',1621),
(30,'Priority Mail&#0174;','shipping',1626),
(31,'Diamond Products - Polishing Pad 5\" & 7\" - 5\", 100','line_item',1627),
(32,'Local pickup','shipping',1627);

--
-- Table structure for table `wp8p_woocommerce_payment_tokenmeta`
--

CREATE TABLE `wp8p_woocommerce_payment_tokenmeta` (
  `meta_id` bigint(20) unsigned NOT NULL AUTO_INCREMENT,
  `payment_token_id` bigint(20) unsigned NOT NULL,
  `meta_key` varchar(255) DEFAULT NULL,
  `meta_value` longtext DEFAULT NULL,
  PRIMARY KEY (`meta_id`),
  KEY `payment_token_id` (`payment_token_id`),
  KEY `meta_key` (`meta_key`(32))
) ENGINE=InnoDB AUTO_INCREMENT=9 DEFAULT CHARSET=utf8mb4 COLLATE=utf8mb4_unicode_ci;

--
-- Dumping data for table `wp8p_woocommerce_payment_tokenmeta`
--


--
-- Table structure for table `wp8p_woocommerce_payment_tokens`
--

CREATE TABLE `wp8p_woocommerce_payment_tokens` (
  `token_id` bigint(20) unsigned NOT NULL AUTO_INCREMENT,
  `gateway_id` varchar(200) NOT NULL,
  `token` text NOT NULL,
  `user_id` bigint(20) unsigned NOT NULL DEFAULT 0,
  `type` varchar(200) NOT NULL,
  `is_default` tinyint(1) NOT NULL DEFAULT 0,
  PRIMARY KEY (`token_id`),
  KEY `user_id` (`user_id`)
) ENGINE=InnoDB AUTO_INCREMENT=3 DEFAULT CHARSET=utf8mb4 COLLATE=utf8mb4_unicode_ci;

--
-- Dumping data for table `wp8p_woocommerce_payment_tokens`
--


--
-- Table structure for table `wp8p_woocommerce_shipping_quotes`
--

CREATE TABLE `wp8p_woocommerce_shipping_quotes` (
  `id` bigint(20) unsigned NOT NULL AUTO_INCREMENT,
  `customer_id` int(11) NOT NULL,
  `customer_name` varchar(100) NOT NULL DEFAULT '',
  `customer_email` varchar(255) DEFAULT '',
  `customer_phone` varchar(255) DEFAULT '',
  `address_hash` varchar(60) NOT NULL,
  `address` longtext NOT NULL,
  `cart_hash` varchar(60) NOT NULL DEFAULT '',
  `cart_contents` longtext NOT NULL,
  `status` varchar(25) NOT NULL DEFAULT '',
  `quote_amount` double DEFAULT NULL,
  `order_id` bigint(20) DEFAULT NULL,
  `created_gmt` datetime DEFAULT NULL,
  PRIMARY KEY (`id`),
  KEY `customer_id` (`customer_id`),
  KEY `cart_hash` (`cart_hash`),
  KEY `status` (`status`),
  KEY `address_hash` (`address_hash`)
) ENGINE=InnoDB AUTO_INCREMENT=2 DEFAULT CHARSET=utf8mb4 COLLATE=utf8mb4_unicode_ci;

--
-- Dumping data for table `wp8p_woocommerce_shipping_quotes`
--

INSERT INTO `wp8p_woocommerce_shipping_quotes` VALUES
(1,1,'Tiana Burt','tiana@burtmg.com','541-505-2259','c916b5bcf2e54333c9278c85cdc274d1','a:6:{s:7:\"country\";s:2:\"US\";s:5:\"state\";s:2:\"OR\";s:8:\"postcode\";s:5:\"97471\";s:4:\"city\";s:8:\"Roseburg\";s:9:\"address_1\";s:23:\"2853 West Sherwood Ave.\";s:9:\"address_2\";s:0:\"\";}','480aee649d8a7628479bc3f0a33929bb','a:1:{i:0;a:7:{s:10:\"product_id\";i:1571;s:12:\"variation_id\";i:1572;s:9:\"variation\";a:2:{s:15:\"attribute_depth\";s:4:\"1/4\"\";s:14:\"attribute_size\";s:8:\"1 Gallon\";}s:8:\"quantity\";i:1;s:10:\"line_total\";s:5:\"41.54\";s:8:\"line_tax\";i:0;s:4:\"name\";s:33:\"Golden Pacific - Surface Retarder\";}}','expired',NULL,NULL,'2022-09-08 20:23:28');

--
-- Table structure for table `wp8p_woocommerce_shipping_zone_locations`
--

CREATE TABLE `wp8p_woocommerce_shipping_zone_locations` (
  `location_id` bigint(20) unsigned NOT NULL AUTO_INCREMENT,
  `zone_id` bigint(20) unsigned NOT NULL,
  `location_code` varchar(200) NOT NULL,
  `location_type` varchar(40) NOT NULL,
  PRIMARY KEY (`location_id`),
  KEY `location_id` (`location_id`),
  KEY `location_type_code` (`location_type`(10),`location_code`(20)),
  KEY `zone_id` (`zone_id`)
) ENGINE=InnoDB AUTO_INCREMENT=41 DEFAULT CHARSET=utf8mb4 COLLATE=utf8mb4_unicode_ci;

--
-- Dumping data for table `wp8p_woocommerce_shipping_zone_locations`
--

INSERT INTO `wp8p_woocommerce_shipping_zone_locations` VALUES
(5,1,'US','country'),
(35,3,'US:OR','state'),
(36,3,'97471','postcode'),
(37,3,'97470','postcode'),
(38,9,'US:OR','state'),
(40,11,'US','country');

--
-- Table structure for table `wp8p_woocommerce_shipping_zone_methods`
--

CREATE TABLE `wp8p_woocommerce_shipping_zone_methods` (
  `zone_id` bigint(20) unsigned NOT NULL,
  `instance_id` bigint(20) unsigned NOT NULL AUTO_INCREMENT,
  `method_id` varchar(200) NOT NULL,
  `method_order` bigint(20) unsigned NOT NULL,
  `is_enabled` tinyint(1) NOT NULL DEFAULT 1,
  PRIMARY KEY (`instance_id`)
) ENGINE=InnoDB AUTO_INCREMENT=39 DEFAULT CHARSET=utf8mb4 COLLATE=utf8mb4_unicode_ci;

--
-- Dumping data for table `wp8p_woocommerce_shipping_zone_methods`
--

INSERT INTO `wp8p_woocommerce_shipping_zone_methods` VALUES
(1,1,'flat_rate',1,0),
(3,14,'free_shipping',2,1),
(1,15,'free_shipping',5,0),
(1,16,'local_pickup',6,0),
(3,17,'flat_rate',2,0),
(3,20,'local_pickup',4,1),
(9,21,'flat_rate',1,0),
(9,22,'local_pickup',2,1),
(9,24,'flat_rate',4,0),
(0,25,'flat_rate',1,1),
(0,26,'local_pickup',2,1),
(3,27,'flexible_shipping_ups',4,0),
(1,28,'flexible_shipping_ups',4,0),
(9,29,'flexible_shipping_ups',4,0),
(11,31,'custom_shipping_quote',1,1),
(1,32,'custom_shipping_quote',5,1),
(3,33,'custom_shipping_quote',5,1),
(9,34,'custom_shipping_quote',5,1),
(3,36,'usps',6,1),
(9,37,'usps',7,1),
(1,38,'usps',6,1);

--
-- Table structure for table `wp8p_woocommerce_shipping_zones`
--

CREATE TABLE `wp8p_woocommerce_shipping_zones` (
  `zone_id` bigint(20) unsigned NOT NULL AUTO_INCREMENT,
  `zone_name` varchar(200) NOT NULL,
  `zone_order` bigint(20) unsigned NOT NULL,
  PRIMARY KEY (`zone_id`)
) ENGINE=InnoDB AUTO_INCREMENT=12 DEFAULT CHARSET=utf8mb4 COLLATE=utf8mb4_unicode_ci;

--
-- Dumping data for table `wp8p_woocommerce_shipping_zones`
--

INSERT INTO `wp8p_woocommerce_shipping_zones` VALUES
(1,'USA',1),
(3,'Local',0),
(9,'Oregon Resident',0),
(11,'Email Or Call For Shipping Quote',0);

--
-- Table structure for table `wp8p_woocommerce_square_customers`
--

CREATE TABLE `wp8p_woocommerce_square_customers` (
  `square_id` varchar(191) NOT NULL,
  `email_address` varchar(200) NOT NULL,
  `user_id` bigint(20) unsigned NOT NULL,
  PRIMARY KEY (`square_id`)
) ENGINE=InnoDB DEFAULT CHARSET=utf8mb4 COLLATE=utf8mb4_unicode_ci;

--
-- Dumping data for table `wp8p_woocommerce_square_customers`
--


--
-- Table structure for table `wp8p_woocommerce_tax_rate_locations`
--

CREATE TABLE `wp8p_woocommerce_tax_rate_locations` (
  `location_id` bigint(20) unsigned NOT NULL AUTO_INCREMENT,
  `location_code` varchar(200) NOT NULL,
  `tax_rate_id` bigint(20) unsigned NOT NULL,
  `location_type` varchar(40) NOT NULL,
  PRIMARY KEY (`location_id`),
  KEY `tax_rate_id` (`tax_rate_id`),
  KEY `location_type_code` (`location_type`(10),`location_code`(20))
) ENGINE=InnoDB AUTO_INCREMENT=7 DEFAULT CHARSET=utf8mb4 COLLATE=utf8mb4_unicode_ci;

--
-- Dumping data for table `wp8p_woocommerce_tax_rate_locations`
--

INSERT INTO `wp8p_woocommerce_tax_rate_locations` VALUES
(1,'97471',1,'postcode'),
(2,'ROSEBURG',1,'city'),
(3,'97470',2,'postcode'),
(4,'ROSEBURG',2,'city'),
(5,'97440',3,'postcode'),
(6,'EUGENE',3,'city');

--
-- Table structure for table `wp8p_woocommerce_tax_rates`
--

CREATE TABLE `wp8p_woocommerce_tax_rates` (
  `tax_rate_id` bigint(20) unsigned NOT NULL AUTO_INCREMENT,
  `tax_rate_country` varchar(2) NOT NULL DEFAULT '',
  `tax_rate_state` varchar(200) NOT NULL DEFAULT '',
  `tax_rate` varchar(8) NOT NULL DEFAULT '',
  `tax_rate_name` varchar(200) NOT NULL DEFAULT '',
  `tax_rate_priority` bigint(20) unsigned NOT NULL,
  `tax_rate_compound` int(1) NOT NULL DEFAULT 0,
  `tax_rate_shipping` int(1) NOT NULL DEFAULT 1,
  `tax_rate_order` bigint(20) unsigned NOT NULL,
  `tax_rate_class` varchar(200) NOT NULL DEFAULT '',
  PRIMARY KEY (`tax_rate_id`),
  KEY `tax_rate_country` (`tax_rate_country`),
  KEY `tax_rate_state` (`tax_rate_state`(2)),
  KEY `tax_rate_class` (`tax_rate_class`(10)),
  KEY `tax_rate_priority` (`tax_rate_priority`)
) ENGINE=InnoDB AUTO_INCREMENT=4 DEFAULT CHARSET=utf8mb4 COLLATE=utf8mb4_unicode_ci;

--
-- Dumping data for table `wp8p_woocommerce_tax_rates`
--

INSERT INTO `wp8p_woocommerce_tax_rates` VALUES
(1,'US','OR','0.0000','US-OR Tax',1,0,0,0,''),
(2,'US','OR','0.0000','US-OR Tax',1,0,0,0,''),
(3,'US','OR','0.0000','US-OR Tax',1,0,0,0,'');

--
-- Table structure for table `wp8p_wpml_mails`
--

CREATE TABLE `wp8p_wpml_mails` (
  `mail_id` int(11) NOT NULL AUTO_INCREMENT,
  `timestamp` timestamp NOT NULL DEFAULT current_timestamp() ON UPDATE current_timestamp(),
  `host` varchar(200) NOT NULL DEFAULT '0',
  `receiver` varchar(200) NOT NULL DEFAULT '0',
  `subject` varchar(200) NOT NULL DEFAULT '0',
  `message` text DEFAULT NULL,
  `headers` text DEFAULT NULL,
  `attachments` varchar(800) NOT NULL DEFAULT '0',
  `error` varchar(400) DEFAULT '',
  `plugin_version` varchar(200) NOT NULL DEFAULT '0',
  PRIMARY KEY (`mail_id`)
) ENGINE=InnoDB AUTO_INCREMENT=130 DEFAULT CHARSET=utf8mb3 COLLATE=utf8mb3_general_ci;

--
-- Dumping data for table `wp8p_wpml_mails`
--

INSERT INTO `wp8p_wpml_mails` VALUES
(1,'2022-09-15 03:34:51','162.213.251.177','info@concretebuilderssupply.com','[Concrete Builders Supply]: Order #1620 has failed','<!DOCTYPE html>\n<html lang=\"en-US\">\n	<head>\n		<meta http-equiv=\"Content-Type\" content=\"text/html; charset=UTF-8\">\n		<title>Concrete Builders Supply</title>\n	</head>\n	<body leftmargin=\"0\" marginwidth=\"0\" topmargin=\"0\" marginheight=\"0\" offset=\"0\" style=\"padding: 0;\">\n		<div id=\"wrapper\" dir=\"ltr\" style=\"background-color: #f7f7f7; margin: 0; padding: 70px 0; width: 100%; -webkit-text-size-adjust: none;\" bgcolor=\"#f7f7f7\" width=\"100%\">\n			<table border=\"0\" cellpadding=\"0\" cellspacing=\"0\" height=\"100%\" width=\"100%\">\n				<tr>\n					<td align=\"center\" valign=\"top\">\n						<div id=\"template_header_image\">\n													</div>\n						<table border=\"0\" cellpadding=\"0\" cellspacing=\"0\" width=\"600\" id=\"template_container\" style=\"background-color: #fff; border: 1px solid #dedede; box-shadow: 0 1px 4px rgba(0,0,0,.1); border-radius: 3px;\" bgcolor=\"#fff\">\n							<tr>\n								<td align=\"center\" valign=\"top\">\n									<!-- Header -->\n									<table border=\"0\" cellpadding=\"0\" cellspacing=\"0\" width=\"100%\" id=\"template_header\" style=\'background-color: #96588a; color: #fff; border-bottom: 0; font-weight: bold; line-height: 100%; vertical-align: middle; font-family: \"Helvetica Neue\",Helvetica,Roboto,Arial,sans-serif; border-radius: 3px 3px 0 0;\' bgcolor=\"#96588a\">\n										<tr>\n											<td id=\"header_wrapper\" style=\"padding: 36px 48px; display: block;\">\n												<h1 style=\'font-family: \"Helvetica Neue\",Helvetica,Roboto,Arial,sans-serif; font-size: 30px; font-weight: 300; line-height: 150%; margin: 0; text-align: left; text-shadow: 0 1px 0 #ab79a1; color: #fff; background-color: inherit;\' bgcolor=\"inherit\">Order Failed: #1620</h1>\n											</td>\n										</tr>\n									</table>\n									<!-- End Header -->\n								</td>\n							</tr>\n							<tr>\n								<td align=\"center\" valign=\"top\">\n									<!-- Body -->\n									<table border=\"0\" cellpadding=\"0\" cellspacing=\"0\" width=\"600\" id=\"template_body\">\n										<tr>\n											<td valign=\"top\" id=\"body_content\" style=\"background-color: #fff;\" bgcolor=\"#fff\">\n												<!-- Content -->\n												<table border=\"0\" cellpadding=\"20\" cellspacing=\"0\" width=\"100%\">\n													<tr>\n														<td valign=\"top\" style=\"padding: 48px 48px 32px;\">\n															<div id=\"body_content_inner\" style=\'color: #636363; font-family: \"Helvetica Neue\",Helvetica,Roboto,Arial,sans-serif; font-size: 14px; line-height: 150%; text-align: left;\' align=\"left\">\n\n<p style=\"margin: 0 0 16px;\">Payment for order #1620 from Tiana Burt has failed. The order was as follows:</p>\n\n\n<h2 style=\'color: #96588a; display: block; font-family: \"Helvetica Neue\",Helvetica,Roboto,Arial,sans-serif; font-size: 18px; font-weight: bold; line-height: 130%; margin: 0 0 18px; text-align: left;\'>\n	<a class=\"link\" href=\"https://concretebuilderssupply.com/wp-admin/post.php?post=1620&amp;action=edit\" style=\"font-weight: normal; text-decoration: underline; color: #96588a;\">[Order #1620]</a> (September 14, 2022)</h2>\n\n<div style=\"margin-bottom: 40px;\">\n	<table class=\"td\" cellspacing=\"0\" cellpadding=\"6\" border=\"1\" style=\"color: #636363; border: 1px solid #e5e5e5; vertical-align: middle; width: 100%; font-family: \'Helvetica Neue\', Helvetica, Roboto, Arial, sans-serif;\" width=\"100%\">\n		<thead>\n			<tr>\n				<th class=\"td\" scope=\"col\" style=\"color: #636363; border: 1px solid #e5e5e5; vertical-align: middle; padding: 12px; text-align: left;\" align=\"left\">Product</th>\n				<th class=\"td\" scope=\"col\" style=\"color: #636363; border: 1px solid #e5e5e5; vertical-align: middle; padding: 12px; text-align: left;\" align=\"left\">Quantity</th>\n				<th class=\"td\" scope=\"col\" style=\"color: #636363; border: 1px solid #e5e5e5; vertical-align: middle; padding: 12px; text-align: left;\" align=\"left\">Price</th>\n			</tr>\n		</thead>\n		<tbody>\n				<tr class=\"order_item\">\n		<td class=\"td\" style=\"color: #636363; border: 1px solid #e5e5e5; padding: 12px; text-align: left; vertical-align: middle; font-family: \'Helvetica Neue\', Helvetica, Roboto, Arial, sans-serif; word-wrap: break-word;\" align=\"left\">\n		Diamond Products - Star Blue 4\" Tuck Point Blade (#108)		</td>\n		<td class=\"td\" style=\"color: #636363; border: 1px solid #e5e5e5; padding: 12px; text-align: left; vertical-align: middle; font-family: \'Helvetica Neue\', Helvetica, Roboto, Arial, sans-serif;\" align=\"left\">\n			1		</td>\n		<td class=\"td\" style=\"color: #636363; border: 1px solid #e5e5e5; padding: 12px; text-align: left; vertical-align: middle; font-family: \'Helvetica Neue\', Helvetica, Roboto, Arial, sans-serif;\" align=\"left\">\n			<span class=\"woocommerce-Price-amount amount\"><span class=\"woocommerce-Price-currencySymbol\">$</span>0.01</span>		</td>\n	</tr>\n	\n		</tbody>\n		<tfoot>\n								<tr>\n						<th class=\"td\" scope=\"row\" colspan=\"2\" style=\"color: #636363; border: 1px solid #e5e5e5; vertical-align: middle; padding: 12px; text-align: left; border-top-width: 4px;\" align=\"left\">Subtotal:</th>\n						<td class=\"td\" style=\"color: #636363; border: 1px solid #e5e5e5; vertical-align: middle; padding: 12px; text-align: left; border-top-width: 4px;\" align=\"left\"><span class=\"woocommerce-Price-amount amount\"><span class=\"woocommerce-Price-currencySymbol\">$</span>0.01</span></td>\n					</tr>\n										<tr>\n						<th class=\"td\" scope=\"row\" colspan=\"2\" style=\"color: #636363; border: 1px solid #e5e5e5; vertical-align: middle; padding: 12px; text-align: left;\" align=\"left\">Shipping:</th>\n						<td class=\"td\" style=\"color: #636363; border: 1px solid #e5e5e5; vertical-align: middle; padding: 12px; text-align: left;\" align=\"left\">Local pickup</td>\n					</tr>\n										<tr>\n						<th class=\"td\" scope=\"row\" colspan=\"2\" style=\"color: #636363; border: 1px solid #e5e5e5; vertical-align: middle; padding: 12px; text-align: left;\" align=\"left\">Tax:</th>\n						<td class=\"td\" style=\"color: #636363; border: 1px solid #e5e5e5; vertical-align: middle; padding: 12px; text-align: left;\" align=\"left\"><span class=\"woocommerce-Price-amount amount\"><span class=\"woocommerce-Price-currencySymbol\">$</span>0.00</span></td>\n					</tr>\n										<tr>\n						<th class=\"td\" scope=\"row\" colspan=\"2\" style=\"color: #636363; border: 1px solid #e5e5e5; vertical-align: middle; padding: 12px; text-align: left;\" align=\"left\">Payment method:</th>\n						<td class=\"td\" style=\"color: #636363; border: 1px solid #e5e5e5; vertical-align: middle; padding: 12px; text-align: left;\" align=\"left\">Credit card / debit card</td>\n					</tr>\n										<tr>\n						<th class=\"td\" scope=\"row\" colspan=\"2\" style=\"color: #636363; border: 1px solid #e5e5e5; vertical-align: middle; padding: 12px; text-align: left;\" align=\"left\">Total:</th>\n						<td class=\"td\" style=\"color: #636363; border: 1px solid #e5e5e5; vertical-align: middle; padding: 12px; text-align: left;\" align=\"left\"><span class=\"woocommerce-Price-amount amount\"><span class=\"woocommerce-Price-currencySymbol\">$</span>0.01</span></td>\n					</tr>\n									<tr>\n					<th class=\"td\" scope=\"row\" colspan=\"2\" style=\"color: #636363; border: 1px solid #e5e5e5; vertical-align: middle; padding: 12px; text-align: left;\" align=\"left\">Note:</th>\n					<td class=\"td\" style=\"color: #636363; border: 1px solid #e5e5e5; vertical-align: middle; padding: 12px; text-align: left;\" align=\"left\">TEST 34343433</td>\n				</tr>\n						</tfoot>\n	</table>\n</div>\n\n<table id=\"addresses\" cellspacing=\"0\" cellpadding=\"0\" border=\"0\" style=\"width: 100%; vertical-align: top; margin-bottom: 40px; padding: 0;\" width=\"100%\">\n	<tr>\n		<td valign=\"top\" width=\"50%\" style=\"text-align: left; font-family: \'Helvetica Neue\', Helvetica, Roboto, Arial, sans-serif; border: 0; padding: 0;\" align=\"left\">\n			<h2 style=\'color: #96588a; display: block; font-family: \"Helvetica Neue\",Helvetica,Roboto,Arial,sans-serif; font-size: 18px; font-weight: bold; line-height: 130%; margin: 0 0 18px; text-align: left;\'>Billing address</h2>\n\n			<address class=\"address\" style=\"padding: 12px; color: #636363; border: 1px solid #e5e5e5;\">\n				Tiana Burt<br>BMG<br>2853 West Sherwood Ave.<br>Roseburg, OR 97471									<br><a href=\"tel:5415052259\" style=\"color: #96588a; font-weight: normal; text-decoration: underline;\">541-505-2259</a>													<br>tiana@burtmg.com							</address>\n		</td>\n			</tr>\n</table>\n<p style=\"margin: 0 0 16px;\">Hopefully they’ll be back. Read more about <a href=\"https://docs.woocommerce.com/document/managing-orders/\" style=\"color: #96588a; font-weight: normal; text-decoration: underline;\">troubleshooting failed payments</a>.</p>\n															</div>\n														</td>\n													</tr>\n												</table>\n												<!-- End Content -->\n											</td>\n										</tr>\n									</table>\n									<!-- End Body -->\n								</td>\n							</tr>\n						</table>\n					</td>\n				</tr>\n				<tr>\n					<td align=\"center\" valign=\"top\">\n						<!-- Footer -->\n						<table border=\"0\" cellpadding=\"10\" cellspacing=\"0\" width=\"600\" id=\"template_footer\">\n							<tr>\n								<td valign=\"top\" style=\"padding: 0; border-radius: 6px;\">\n									<table border=\"0\" cellpadding=\"10\" cellspacing=\"0\" width=\"100%\">\n										<tr>\n											<td colspan=\"2\" valign=\"middle\" id=\"credit\" style=\'border-radius: 6px; border: 0; color: #8a8a8a; font-family: \"Helvetica Neue\",Helvetica,Roboto,Arial,sans-serif; font-size: 12px; line-height: 150%; text-align: center; padding: 24px 0;\' align=\"center\">\n																							</td>\n										</tr>\n									</table>\n								</td>\n							</tr>\n						</table>\n						<!-- End Footer -->\n					</td>\n				</tr>\n			</table>\n		</div>\n	</body>\n</html>\n','Content-Type: text/html\r\nReply-to: Tiana Burt <tiana@burtmg.com>\r\n','',NULL,'1.10.4'),
(2,'2022-09-15 03:36:20','162.213.251.177','info@concretebuilderssupply.com','[Concrete Builders Supply]: Order #1621 has failed','<!DOCTYPE html>\n<html lang=\"en-US\">\n	<head>\n		<meta http-equiv=\"Content-Type\" content=\"text/html; charset=UTF-8\">\n		<title>Concrete Builders Supply</title>\n	</head>\n	<body leftmargin=\"0\" marginwidth=\"0\" topmargin=\"0\" marginheight=\"0\" offset=\"0\" style=\"padding: 0;\">\n		<div id=\"wrapper\" dir=\"ltr\" style=\"background-color: #f7f7f7; margin: 0; padding: 70px 0; width: 100%; -webkit-text-size-adjust: none;\" bgcolor=\"#f7f7f7\" width=\"100%\">\n			<table border=\"0\" cellpadding=\"0\" cellspacing=\"0\" height=\"100%\" width=\"100%\">\n				<tr>\n					<td align=\"center\" valign=\"top\">\n						<div id=\"template_header_image\">\n													</div>\n						<table border=\"0\" cellpadding=\"0\" cellspacing=\"0\" width=\"600\" id=\"template_container\" style=\"background-color: #fff; border: 1px solid #dedede; box-shadow: 0 1px 4px rgba(0,0,0,.1); border-radius: 3px;\" bgcolor=\"#fff\">\n							<tr>\n								<td align=\"center\" valign=\"top\">\n									<!-- Header -->\n									<table border=\"0\" cellpadding=\"0\" cellspacing=\"0\" width=\"100%\" id=\"template_header\" style=\'background-color: #96588a; color: #fff; border-bottom: 0; font-weight: bold; line-height: 100%; vertical-align: middle; font-family: \"Helvetica Neue\",Helvetica,Roboto,Arial,sans-serif; border-radius: 3px 3px 0 0;\' bgcolor=\"#96588a\">\n										<tr>\n											<td id=\"header_wrapper\" style=\"padding: 36px 48px; display: block;\">\n												<h1 style=\'font-family: \"Helvetica Neue\",Helvetica,Roboto,Arial,sans-serif; font-size: 30px; font-weight: 300; line-height: 150%; margin: 0; text-align: left; text-shadow: 0 1px 0 #ab79a1; color: #fff; background-color: inherit;\' bgcolor=\"inherit\">Order Failed: #1621</h1>\n											</td>\n										</tr>\n									</table>\n									<!-- End Header -->\n								</td>\n							</tr>\n							<tr>\n								<td align=\"center\" valign=\"top\">\n									<!-- Body -->\n									<table border=\"0\" cellpadding=\"0\" cellspacing=\"0\" width=\"600\" id=\"template_body\">\n										<tr>\n											<td valign=\"top\" id=\"body_content\" style=\"background-color: #fff;\" bgcolor=\"#fff\">\n												<!-- Content -->\n												<table border=\"0\" cellpadding=\"20\" cellspacing=\"0\" width=\"100%\">\n													<tr>\n														<td valign=\"top\" style=\"padding: 48px 48px 32px;\">\n															<div id=\"body_content_inner\" style=\'color: #636363; font-family: \"Helvetica Neue\",Helvetica,Roboto,Arial,sans-serif; font-size: 14px; line-height: 150%; text-align: left;\' align=\"left\">\n\n<p style=\"margin: 0 0 16px;\">Payment for order #1621 from Tiana Burt has failed. The order was as follows:</p>\n\n\n<h2 style=\'color: #96588a; display: block; font-family: \"Helvetica Neue\",Helvetica,Roboto,Arial,sans-serif; font-size: 18px; font-weight: bold; line-height: 130%; margin: 0 0 18px; text-align: left;\'>\n	<a class=\"link\" href=\"https://concretebuilderssupply.com/wp-admin/post.php?post=1621&amp;action=edit\" style=\"font-weight: normal; text-decoration: underline; color: #96588a;\">[Order #1621]</a> (September 14, 2022)</h2>\n\n<div style=\"margin-bottom: 40px;\">\n	<table class=\"td\" cellspacing=\"0\" cellpadding=\"6\" border=\"1\" style=\"color: #636363; border: 1px solid #e5e5e5; vertical-align: middle; width: 100%; font-family: \'Helvetica Neue\', Helvetica, Roboto, Arial, sans-serif;\" width=\"100%\">\n		<thead>\n			<tr>\n				<th class=\"td\" scope=\"col\" style=\"color: #636363; border: 1px solid #e5e5e5; vertical-align: middle; padding: 12px; text-align: left;\" align=\"left\">Product</th>\n				<th class=\"td\" scope=\"col\" style=\"color: #636363; border: 1px solid #e5e5e5; vertical-align: middle; padding: 12px; text-align: left;\" align=\"left\">Quantity</th>\n				<th class=\"td\" scope=\"col\" style=\"color: #636363; border: 1px solid #e5e5e5; vertical-align: middle; padding: 12px; text-align: left;\" align=\"left\">Price</th>\n			</tr>\n		</thead>\n		<tbody>\n				<tr class=\"order_item\">\n		<td class=\"td\" style=\"color: #636363; border: 1px solid #e5e5e5; padding: 12px; text-align: left; vertical-align: middle; font-family: \'Helvetica Neue\', Helvetica, Roboto, Arial, sans-serif; word-wrap: break-word;\" align=\"left\">\n		Diamond Products - Star Blue 4\" Tuck Point Blade (#108)		</td>\n		<td class=\"td\" style=\"color: #636363; border: 1px solid #e5e5e5; padding: 12px; text-align: left; vertical-align: middle; font-family: \'Helvetica Neue\', Helvetica, Roboto, Arial, sans-serif;\" align=\"left\">\n			1		</td>\n		<td class=\"td\" style=\"color: #636363; border: 1px solid #e5e5e5; padding: 12px; text-align: left; vertical-align: middle; font-family: \'Helvetica Neue\', Helvetica, Roboto, Arial, sans-serif;\" align=\"left\">\n			<span class=\"woocommerce-Price-amount amount\"><span class=\"woocommerce-Price-currencySymbol\">$</span>0.51</span>		</td>\n	</tr>\n	\n		</tbody>\n		<tfoot>\n								<tr>\n						<th class=\"td\" scope=\"row\" colspan=\"2\" style=\"color: #636363; border: 1px solid #e5e5e5; vertical-align: middle; padding: 12px; text-align: left; border-top-width: 4px;\" align=\"left\">Subtotal:</th>\n						<td class=\"td\" style=\"color: #636363; border: 1px solid #e5e5e5; vertical-align: middle; padding: 12px; text-align: left; border-top-width: 4px;\" align=\"left\"><span class=\"woocommerce-Price-amount amount\"><span class=\"woocommerce-Price-currencySymbol\">$</span>0.51</span></td>\n					</tr>\n										<tr>\n						<th class=\"td\" scope=\"row\" colspan=\"2\" style=\"color: #636363; border: 1px solid #e5e5e5; vertical-align: middle; padding: 12px; text-align: left;\" align=\"left\">Shipping:</th>\n						<td class=\"td\" style=\"color: #636363; border: 1px solid #e5e5e5; vertical-align: middle; padding: 12px; text-align: left;\" align=\"left\">Local pickup</td>\n					</tr>\n										<tr>\n						<th class=\"td\" scope=\"row\" colspan=\"2\" style=\"color: #636363; border: 1px solid #e5e5e5; vertical-align: middle; padding: 12px; text-align: left;\" align=\"left\">Tax:</th>\n						<td class=\"td\" style=\"color: #636363; border: 1px solid #e5e5e5; vertical-align: middle; padding: 12px; text-align: left;\" align=\"left\"><span class=\"woocommerce-Price-amount amount\"><span class=\"woocommerce-Price-currencySymbol\">$</span>0.00</span></td>\n					</tr>\n										<tr>\n						<th class=\"td\" scope=\"row\" colspan=\"2\" style=\"color: #636363; border: 1px solid #e5e5e5; vertical-align: middle; padding: 12px; text-align: left;\" align=\"left\">Payment method:</th>\n						<td class=\"td\" style=\"color: #636363; border: 1px solid #e5e5e5; vertical-align: middle; padding: 12px; text-align: left;\" align=\"left\">Credit card / debit card</td>\n					</tr>\n										<tr>\n						<th class=\"td\" scope=\"row\" colspan=\"2\" style=\"color: #636363; border: 1px solid #e5e5e5; vertical-align: middle; padding: 12px; text-align: left;\" align=\"left\">Total:</th>\n						<td class=\"td\" style=\"color: #636363; border: 1px solid #e5e5e5; vertical-align: middle; padding: 12px; text-align: left;\" align=\"left\"><span class=\"woocommerce-Price-amount amount\"><span class=\"woocommerce-Price-currencySymbol\">$</span>0.51</span></td>\n					</tr>\n									<tr>\n					<th class=\"td\" scope=\"row\" colspan=\"2\" style=\"color: #636363; border: 1px solid #e5e5e5; vertical-align: middle; padding: 12px; text-align: left;\" align=\"left\">Note:</th>\n					<td class=\"td\" style=\"color: #636363; border: 1px solid #e5e5e5; vertical-align: middle; padding: 12px; text-align: left;\" align=\"left\">Testingggg</td>\n				</tr>\n						</tfoot>\n	</table>\n</div>\n\n<table id=\"addresses\" cellspacing=\"0\" cellpadding=\"0\" border=\"0\" style=\"width: 100%; vertical-align: top; margin-bottom: 40px; padding: 0;\" width=\"100%\">\n	<tr>\n		<td valign=\"top\" width=\"50%\" style=\"text-align: left; font-family: \'Helvetica Neue\', Helvetica, Roboto, Arial, sans-serif; border: 0; padding: 0;\" align=\"left\">\n			<h2 style=\'color: #96588a; display: block; font-family: \"Helvetica Neue\",Helvetica,Roboto,Arial,sans-serif; font-size: 18px; font-weight: bold; line-height: 130%; margin: 0 0 18px; text-align: left;\'>Billing address</h2>\n\n			<address class=\"address\" style=\"padding: 12px; color: #636363; border: 1px solid #e5e5e5;\">\n				Tiana Burt<br>BMG<br>2853 West Sherwood Ave.<br>Roseburg, OR 97471									<br><a href=\"tel:5415052259\" style=\"color: #96588a; font-weight: normal; text-decoration: underline;\">541-505-2259</a>													<br>tiana@burtmg.com							</address>\n		</td>\n			</tr>\n</table>\n<p style=\"margin: 0 0 16px;\">Hopefully they’ll be back. Read more about <a href=\"https://docs.woocommerce.com/document/managing-orders/\" style=\"color: #96588a; font-weight: normal; text-decoration: underline;\">troubleshooting failed payments</a>.</p>\n															</div>\n														</td>\n													</tr>\n												</table>\n												<!-- End Content -->\n											</td>\n										</tr>\n									</table>\n									<!-- End Body -->\n								</td>\n							</tr>\n						</table>\n					</td>\n				</tr>\n				<tr>\n					<td align=\"center\" valign=\"top\">\n						<!-- Footer -->\n						<table border=\"0\" cellpadding=\"10\" cellspacing=\"0\" width=\"600\" id=\"template_footer\">\n							<tr>\n								<td valign=\"top\" style=\"padding: 0; border-radius: 6px;\">\n									<table border=\"0\" cellpadding=\"10\" cellspacing=\"0\" width=\"100%\">\n										<tr>\n											<td colspan=\"2\" valign=\"middle\" id=\"credit\" style=\'border-radius: 6px; border: 0; color: #8a8a8a; font-family: \"Helvetica Neue\",Helvetica,Roboto,Arial,sans-serif; font-size: 12px; line-height: 150%; text-align: center; padding: 24px 0;\' align=\"center\">\n																							</td>\n										</tr>\n									</table>\n								</td>\n							</tr>\n						</table>\n						<!-- End Footer -->\n					</td>\n				</tr>\n			</table>\n		</div>\n	</body>\n</html>\n','Content-Type: text/html\r\nReply-to: Tiana Burt <tiana@burtmg.com>\r\n','',NULL,'1.10.4'),
(3,'2022-09-15 03:38:47','162.213.251.177','info@concretebuilderssupply.com','[Concrete Builders Supply]: New order #1621','<!DOCTYPE html>\n<html lang=\"en-US\">\n	<head>\n		<meta http-equiv=\"Content-Type\" content=\"text/html; charset=UTF-8\">\n		<title>Concrete Builders Supply</title>\n	</head>\n	<body leftmargin=\"0\" marginwidth=\"0\" topmargin=\"0\" marginheight=\"0\" offset=\"0\" style=\"padding: 0;\">\n		<div id=\"wrapper\" dir=\"ltr\" style=\"background-color: #f7f7f7; margin: 0; padding: 70px 0; width: 100%; -webkit-text-size-adjust: none;\" bgcolor=\"#f7f7f7\" width=\"100%\">\n			<table border=\"0\" cellpadding=\"0\" cellspacing=\"0\" height=\"100%\" width=\"100%\">\n				<tr>\n					<td align=\"center\" valign=\"top\">\n						<div id=\"template_header_image\">\n													</div>\n						<table border=\"0\" cellpadding=\"0\" cellspacing=\"0\" width=\"600\" id=\"template_container\" style=\"background-color: #fff; border: 1px solid #dedede; box-shadow: 0 1px 4px rgba(0,0,0,.1); border-radius: 3px;\" bgcolor=\"#fff\">\n							<tr>\n								<td align=\"center\" valign=\"top\">\n									<!-- Header -->\n									<table border=\"0\" cellpadding=\"0\" cellspacing=\"0\" width=\"100%\" id=\"template_header\" style=\'background-color: #96588a; color: #fff; border-bottom: 0; font-weight: bold; line-height: 100%; vertical-align: middle; font-family: \"Helvetica Neue\",Helvetica,Roboto,Arial,sans-serif; border-radius: 3px 3px 0 0;\' bgcolor=\"#96588a\">\n										<tr>\n											<td id=\"header_wrapper\" style=\"padding: 36px 48px; display: block;\">\n												<h1 style=\'font-family: \"Helvetica Neue\",Helvetica,Roboto,Arial,sans-serif; font-size: 30px; font-weight: 300; line-height: 150%; margin: 0; text-align: left; text-shadow: 0 1px 0 #ab79a1; color: #fff; background-color: inherit;\' bgcolor=\"inherit\">New Order: #1621</h1>\n											</td>\n										</tr>\n									</table>\n									<!-- End Header -->\n								</td>\n							</tr>\n							<tr>\n								<td align=\"center\" valign=\"top\">\n									<!-- Body -->\n									<table border=\"0\" cellpadding=\"0\" cellspacing=\"0\" width=\"600\" id=\"template_body\">\n										<tr>\n											<td valign=\"top\" id=\"body_content\" style=\"background-color: #fff;\" bgcolor=\"#fff\">\n												<!-- Content -->\n												<table border=\"0\" cellpadding=\"20\" cellspacing=\"0\" width=\"100%\">\n													<tr>\n														<td valign=\"top\" style=\"padding: 48px 48px 32px;\">\n															<div id=\"body_content_inner\" style=\'color: #636363; font-family: \"Helvetica Neue\",Helvetica,Roboto,Arial,sans-serif; font-size: 14px; line-height: 150%; text-align: left;\' align=\"left\">\n\n<p style=\"margin: 0 0 16px;\">You’ve received the following order from Tiana Burt:</p>\n\n<h2 style=\'color: #96588a; display: block; font-family: \"Helvetica Neue\",Helvetica,Roboto,Arial,sans-serif; font-size: 18px; font-weight: bold; line-height: 130%; margin: 0 0 18px; text-align: left;\'>\n	<a class=\"link\" href=\"https://concretebuilderssupply.com/wp-admin/post.php?post=1621&amp;action=edit\" style=\"font-weight: normal; text-decoration: underline; color: #96588a;\">[Order #1621]</a> (September 14, 2022)</h2>\n\n<div style=\"margin-bottom: 40px;\">\n	<table class=\"td\" cellspacing=\"0\" cellpadding=\"6\" border=\"1\" style=\"color: #636363; border: 1px solid #e5e5e5; vertical-align: middle; width: 100%; font-family: \'Helvetica Neue\', Helvetica, Roboto, Arial, sans-serif;\" width=\"100%\">\n		<thead>\n			<tr>\n				<th class=\"td\" scope=\"col\" style=\"color: #636363; border: 1px solid #e5e5e5; vertical-align: middle; padding: 12px; text-align: left;\" align=\"left\">Product</th>\n				<th class=\"td\" scope=\"col\" style=\"color: #636363; border: 1px solid #e5e5e5; vertical-align: middle; padding: 12px; text-align: left;\" align=\"left\">Quantity</th>\n				<th class=\"td\" scope=\"col\" style=\"color: #636363; border: 1px solid #e5e5e5; vertical-align: middle; padding: 12px; text-align: left;\" align=\"left\">Price</th>\n			</tr>\n		</thead>\n		<tbody>\n				<tr class=\"order_item\">\n		<td class=\"td\" style=\"color: #636363; border: 1px solid #e5e5e5; padding: 12px; text-align: left; vertical-align: middle; font-family: \'Helvetica Neue\', Helvetica, Roboto, Arial, sans-serif; word-wrap: break-word;\" align=\"left\">\n		Diamond Products - Star Blue 4\" Tuck Point Blade (#108)		</td>\n		<td class=\"td\" style=\"color: #636363; border: 1px solid #e5e5e5; padding: 12px; text-align: left; vertical-align: middle; font-family: \'Helvetica Neue\', Helvetica, Roboto, Arial, sans-serif;\" align=\"left\">\n			1		</td>\n		<td class=\"td\" style=\"color: #636363; border: 1px solid #e5e5e5; padding: 12px; text-align: left; vertical-align: middle; font-family: \'Helvetica Neue\', Helvetica, Roboto, Arial, sans-serif;\" align=\"left\">\n			<span class=\"woocommerce-Price-amount amount\"><span class=\"woocommerce-Price-currencySymbol\">$</span>0.51</span>		</td>\n	</tr>\n	\n		</tbody>\n		<tfoot>\n								<tr>\n						<th class=\"td\" scope=\"row\" colspan=\"2\" style=\"color: #636363; border: 1px solid #e5e5e5; vertical-align: middle; padding: 12px; text-align: left; border-top-width: 4px;\" align=\"left\">Subtotal:</th>\n						<td class=\"td\" style=\"color: #636363; border: 1px solid #e5e5e5; vertical-align: middle; padding: 12px; text-align: left; border-top-width: 4px;\" align=\"left\"><span class=\"woocommerce-Price-amount amount\"><span class=\"woocommerce-Price-currencySymbol\">$</span>0.51</span></td>\n					</tr>\n										<tr>\n						<th class=\"td\" scope=\"row\" colspan=\"2\" style=\"color: #636363; border: 1px solid #e5e5e5; vertical-align: middle; padding: 12px; text-align: left;\" align=\"left\">Shipping:</th>\n						<td class=\"td\" style=\"color: #636363; border: 1px solid #e5e5e5; vertical-align: middle; padding: 12px; text-align: left;\" align=\"left\">Local pickup</td>\n					</tr>\n										<tr>\n						<th class=\"td\" scope=\"row\" colspan=\"2\" style=\"color: #636363; border: 1px solid #e5e5e5; vertical-align: middle; padding: 12px; text-align: left;\" align=\"left\">Tax:</th>\n						<td class=\"td\" style=\"color: #636363; border: 1px solid #e5e5e5; vertical-align: middle; padding: 12px; text-align: left;\" align=\"left\"><span class=\"woocommerce-Price-amount amount\"><span class=\"woocommerce-Price-currencySymbol\">$</span>0.00</span></td>\n					</tr>\n										<tr>\n						<th class=\"td\" scope=\"row\" colspan=\"2\" style=\"color: #636363; border: 1px solid #e5e5e5; vertical-align: middle; padding: 12px; text-align: left;\" align=\"left\">Payment method:</th>\n						<td class=\"td\" style=\"color: #636363; border: 1px solid #e5e5e5; vertical-align: middle; padding: 12px; text-align: left;\" align=\"left\">Credit card / debit card</td>\n					</tr>\n										<tr>\n						<th class=\"td\" scope=\"row\" colspan=\"2\" style=\"color: #636363; border: 1px solid #e5e5e5; vertical-align: middle; padding: 12px; text-align: left;\" align=\"left\">Total:</th>\n						<td class=\"td\" style=\"color: #636363; border: 1px solid #e5e5e5; vertical-align: middle; padding: 12px; text-align: left;\" align=\"left\"><span class=\"woocommerce-Price-amount amount\"><span class=\"woocommerce-Price-currencySymbol\">$</span>0.51</span></td>\n					</tr>\n									<tr>\n					<th class=\"td\" scope=\"row\" colspan=\"2\" style=\"color: #636363; border: 1px solid #e5e5e5; vertical-align: middle; padding: 12px; text-align: left;\" align=\"left\">Note:</th>\n					<td class=\"td\" style=\"color: #636363; border: 1px solid #e5e5e5; vertical-align: middle; padding: 12px; text-align: left;\" align=\"left\">Testing</td>\n				</tr>\n						</tfoot>\n	</table>\n</div>\n\n<table id=\"addresses\" cellspacing=\"0\" cellpadding=\"0\" border=\"0\" style=\"width: 100%; vertical-align: top; margin-bottom: 40px; padding: 0;\" width=\"100%\">\n	<tr>\n		<td valign=\"top\" width=\"50%\" style=\"text-align: left; font-family: \'Helvetica Neue\', Helvetica, Roboto, Arial, sans-serif; border: 0; padding: 0;\" align=\"left\">\n			<h2 style=\'color: #96588a; display: block; font-family: \"Helvetica Neue\",Helvetica,Roboto,Arial,sans-serif; font-size: 18px; font-weight: bold; line-height: 130%; margin: 0 0 18px; text-align: left;\'>Billing address</h2>\n\n			<address class=\"address\" style=\"padding: 12px; color: #636363; border: 1px solid #e5e5e5;\">\n				Tiana Burt<br>BMG<br>2853 West Sherwood Ave.<br>Roseburg, OR 97471									<br><a href=\"tel:5415052259\" style=\"color: #96588a; font-weight: normal; text-decoration: underline;\">541-505-2259</a>													<br>tiana@burtmg.com							</address>\n		</td>\n			</tr>\n</table>\n<p style=\"margin: 0 0 16px;\">Congratulations on the sale.</p>\n															</div>\n														</td>\n													</tr>\n												</table>\n												<!-- End Content -->\n											</td>\n										</tr>\n									</table>\n									<!-- End Body -->\n								</td>\n							</tr>\n						</table>\n					</td>\n				</tr>\n				<tr>\n					<td align=\"center\" valign=\"top\">\n						<!-- Footer -->\n						<table border=\"0\" cellpadding=\"10\" cellspacing=\"0\" width=\"600\" id=\"template_footer\">\n							<tr>\n								<td valign=\"top\" style=\"padding: 0; border-radius: 6px;\">\n									<table border=\"0\" cellpadding=\"10\" cellspacing=\"0\" width=\"100%\">\n										<tr>\n											<td colspan=\"2\" valign=\"middle\" id=\"credit\" style=\'border-radius: 6px; border: 0; color: #8a8a8a; font-family: \"Helvetica Neue\",Helvetica,Roboto,Arial,sans-serif; font-size: 12px; line-height: 150%; text-align: center; padding: 24px 0;\' align=\"center\">\n																							</td>\n										</tr>\n									</table>\n								</td>\n							</tr>\n						</table>\n						<!-- End Footer -->\n					</td>\n				</tr>\n			</table>\n		</div>\n	</body>\n</html>\n','Content-Type: text/html\r\nReply-to: Tiana Burt <tiana@burtmg.com>\r\n','',NULL,'1.10.4'),
(4,'2022-09-15 03:38:48','162.213.251.177','tiana@burtmg.com','Your Concrete Builders Supply order has been received!','<!DOCTYPE html>\n<html lang=\"en-US\">\n	<head>\n		<meta http-equiv=\"Content-Type\" content=\"text/html; charset=UTF-8\">\n		<title>Concrete Builders Supply</title>\n	</head>\n	<body leftmargin=\"0\" marginwidth=\"0\" topmargin=\"0\" marginheight=\"0\" offset=\"0\" style=\"padding: 0;\">\n		<div id=\"wrapper\" dir=\"ltr\" style=\"background-color: #f7f7f7; margin: 0; padding: 70px 0; width: 100%; -webkit-text-size-adjust: none;\" bgcolor=\"#f7f7f7\" width=\"100%\">\n			<table border=\"0\" cellpadding=\"0\" cellspacing=\"0\" height=\"100%\" width=\"100%\">\n				<tr>\n					<td align=\"center\" valign=\"top\">\n						<div id=\"template_header_image\">\n													</div>\n						<table border=\"0\" cellpadding=\"0\" cellspacing=\"0\" width=\"600\" id=\"template_container\" style=\"background-color: #fff; border: 1px solid #dedede; box-shadow: 0 1px 4px rgba(0,0,0,.1); border-radius: 3px;\" bgcolor=\"#fff\">\n							<tr>\n								<td align=\"center\" valign=\"top\">\n									<!-- Header -->\n									<table border=\"0\" cellpadding=\"0\" cellspacing=\"0\" width=\"100%\" id=\"template_header\" style=\'background-color: #96588a; color: #fff; border-bottom: 0; font-weight: bold; line-height: 100%; vertical-align: middle; font-family: \"Helvetica Neue\",Helvetica,Roboto,Arial,sans-serif; border-radius: 3px 3px 0 0;\' bgcolor=\"#96588a\">\n										<tr>\n											<td id=\"header_wrapper\" style=\"padding: 36px 48px; display: block;\">\n												<h1 style=\'font-family: \"Helvetica Neue\",Helvetica,Roboto,Arial,sans-serif; font-size: 30px; font-weight: 300; line-height: 150%; margin: 0; text-align: left; text-shadow: 0 1px 0 #ab79a1; color: #fff; background-color: inherit;\' bgcolor=\"inherit\">Thank you for your order</h1>\n											</td>\n										</tr>\n									</table>\n									<!-- End Header -->\n								</td>\n							</tr>\n							<tr>\n								<td align=\"center\" valign=\"top\">\n									<!-- Body -->\n									<table border=\"0\" cellpadding=\"0\" cellspacing=\"0\" width=\"600\" id=\"template_body\">\n										<tr>\n											<td valign=\"top\" id=\"body_content\" style=\"background-color: #fff;\" bgcolor=\"#fff\">\n												<!-- Content -->\n												<table border=\"0\" cellpadding=\"20\" cellspacing=\"0\" width=\"100%\">\n													<tr>\n														<td valign=\"top\" style=\"padding: 48px 48px 32px;\">\n															<div id=\"body_content_inner\" style=\'color: #636363; font-family: \"Helvetica Neue\",Helvetica,Roboto,Arial,sans-serif; font-size: 14px; line-height: 150%; text-align: left;\' align=\"left\">\n\n<p style=\"margin: 0 0 16px;\">Hi Tiana,</p>\n<p style=\"margin: 0 0 16px;\">Just to let you know — we\'ve received your order #1621, and it is now being processed:</p>\n\n\n<h2 style=\'color: #96588a; display: block; font-family: \"Helvetica Neue\",Helvetica,Roboto,Arial,sans-serif; font-size: 18px; font-weight: bold; line-height: 130%; margin: 0 0 18px; text-align: left;\'>\n	[Order #1621] (September 14, 2022)</h2>\n\n<div style=\"margin-bottom: 40px;\">\n	<table class=\"td\" cellspacing=\"0\" cellpadding=\"6\" border=\"1\" style=\"color: #636363; border: 1px solid #e5e5e5; vertical-align: middle; width: 100%; font-family: \'Helvetica Neue\', Helvetica, Roboto, Arial, sans-serif;\" width=\"100%\">\n		<thead>\n			<tr>\n				<th class=\"td\" scope=\"col\" style=\"color: #636363; border: 1px solid #e5e5e5; vertical-align: middle; padding: 12px; text-align: left;\" align=\"left\">Product</th>\n				<th class=\"td\" scope=\"col\" style=\"color: #636363; border: 1px solid #e5e5e5; vertical-align: middle; padding: 12px; text-align: left;\" align=\"left\">Quantity</th>\n				<th class=\"td\" scope=\"col\" style=\"color: #636363; border: 1px solid #e5e5e5; vertical-align: middle; padding: 12px; text-align: left;\" align=\"left\">Price</th>\n			</tr>\n		</thead>\n		<tbody>\n				<tr class=\"order_item\">\n		<td class=\"td\" style=\"color: #636363; border: 1px solid #e5e5e5; padding: 12px; text-align: left; vertical-align: middle; font-family: \'Helvetica Neue\', Helvetica, Roboto, Arial, sans-serif; word-wrap: break-word;\" align=\"left\">\n		Diamond Products - Star Blue 4\" Tuck Point Blade		</td>\n		<td class=\"td\" style=\"color: #636363; border: 1px solid #e5e5e5; padding: 12px; text-align: left; vertical-align: middle; font-family: \'Helvetica Neue\', Helvetica, Roboto, Arial, sans-serif;\" align=\"left\">\n			1		</td>\n		<td class=\"td\" style=\"color: #636363; border: 1px solid #e5e5e5; padding: 12px; text-align: left; vertical-align: middle; font-family: \'Helvetica Neue\', Helvetica, Roboto, Arial, sans-serif;\" align=\"left\">\n			<span class=\"woocommerce-Price-amount amount\"><span class=\"woocommerce-Price-currencySymbol\">$</span>0.51</span>		</td>\n	</tr>\n	\n		</tbody>\n		<tfoot>\n								<tr>\n						<th class=\"td\" scope=\"row\" colspan=\"2\" style=\"color: #636363; border: 1px solid #e5e5e5; vertical-align: middle; padding: 12px; text-align: left; border-top-width: 4px;\" align=\"left\">Subtotal:</th>\n						<td class=\"td\" style=\"color: #636363; border: 1px solid #e5e5e5; vertical-align: middle; padding: 12px; text-align: left; border-top-width: 4px;\" align=\"left\"><span class=\"woocommerce-Price-amount amount\"><span class=\"woocommerce-Price-currencySymbol\">$</span>0.51</span></td>\n					</tr>\n										<tr>\n						<th class=\"td\" scope=\"row\" colspan=\"2\" style=\"color: #636363; border: 1px solid #e5e5e5; vertical-align: middle; padding: 12px; text-align: left;\" align=\"left\">Shipping:</th>\n						<td class=\"td\" style=\"color: #636363; border: 1px solid #e5e5e5; vertical-align: middle; padding: 12px; text-align: left;\" align=\"left\">Local pickup</td>\n					</tr>\n										<tr>\n						<th class=\"td\" scope=\"row\" colspan=\"2\" style=\"color: #636363; border: 1px solid #e5e5e5; vertical-align: middle; padding: 12px; text-align: left;\" align=\"left\">Tax:</th>\n						<td class=\"td\" style=\"color: #636363; border: 1px solid #e5e5e5; vertical-align: middle; padding: 12px; text-align: left;\" align=\"left\"><span class=\"woocommerce-Price-amount amount\"><span class=\"woocommerce-Price-currencySymbol\">$</span>0.00</span></td>\n					</tr>\n										<tr>\n						<th class=\"td\" scope=\"row\" colspan=\"2\" style=\"color: #636363; border: 1px solid #e5e5e5; vertical-align: middle; padding: 12px; text-align: left;\" align=\"left\">Payment method:</th>\n						<td class=\"td\" style=\"color: #636363; border: 1px solid #e5e5e5; vertical-align: middle; padding: 12px; text-align: left;\" align=\"left\">Credit card / debit card</td>\n					</tr>\n										<tr>\n						<th class=\"td\" scope=\"row\" colspan=\"2\" style=\"color: #636363; border: 1px solid #e5e5e5; vertical-align: middle; padding: 12px; text-align: left;\" align=\"left\">Total:</th>\n						<td class=\"td\" style=\"color: #636363; border: 1px solid #e5e5e5; vertical-align: middle; padding: 12px; text-align: left;\" align=\"left\"><span class=\"woocommerce-Price-amount amount\"><span class=\"woocommerce-Price-currencySymbol\">$</span>0.51</span></td>\n					</tr>\n									<tr>\n					<th class=\"td\" scope=\"row\" colspan=\"2\" style=\"color: #636363; border: 1px solid #e5e5e5; vertical-align: middle; padding: 12px; text-align: left;\" align=\"left\">Note:</th>\n					<td class=\"td\" style=\"color: #636363; border: 1px solid #e5e5e5; vertical-align: middle; padding: 12px; text-align: left;\" align=\"left\">Testing</td>\n				</tr>\n						</tfoot>\n	</table>\n</div>\n\n<table id=\"addresses\" cellspacing=\"0\" cellpadding=\"0\" border=\"0\" style=\"width: 100%; vertical-align: top; margin-bottom: 40px; padding: 0;\" width=\"100%\">\n	<tr>\n		<td valign=\"top\" width=\"50%\" style=\"text-align: left; font-family: \'Helvetica Neue\', Helvetica, Roboto, Arial, sans-serif; border: 0; padding: 0;\" align=\"left\">\n			<h2 style=\'color: #96588a; display: block; font-family: \"Helvetica Neue\",Helvetica,Roboto,Arial,sans-serif; font-size: 18px; font-weight: bold; line-height: 130%; margin: 0 0 18px; text-align: left;\'>Billing address</h2>\n\n			<address class=\"address\" style=\"padding: 12px; color: #636363; border: 1px solid #e5e5e5;\">\n				Tiana Burt<br>BMG<br>2853 West Sherwood Ave.<br>Roseburg, OR 97471									<br><a href=\"tel:5415052259\" style=\"color: #96588a; font-weight: normal; text-decoration: underline;\">541-505-2259</a>													<br>tiana@burtmg.com							</address>\n		</td>\n			</tr>\n</table>\n<p style=\"margin: 0 0 16px;\">Thanks for using concretebuilderssupply.com!</p>\n															</div>\n														</td>\n													</tr>\n												</table>\n												<!-- End Content -->\n											</td>\n										</tr>\n									</table>\n									<!-- End Body -->\n								</td>\n							</tr>\n						</table>\n					</td>\n				</tr>\n				<tr>\n					<td align=\"center\" valign=\"top\">\n						<!-- Footer -->\n						<table border=\"0\" cellpadding=\"10\" cellspacing=\"0\" width=\"600\" id=\"template_footer\">\n							<tr>\n								<td valign=\"top\" style=\"padding: 0; border-radius: 6px;\">\n									<table border=\"0\" cellpadding=\"10\" cellspacing=\"0\" width=\"100%\">\n										<tr>\n											<td colspan=\"2\" valign=\"middle\" id=\"credit\" style=\'border-radius: 6px; border: 0; color: #8a8a8a; font-family: \"Helvetica Neue\",Helvetica,Roboto,Arial,sans-serif; font-size: 12px; line-height: 150%; text-align: center; padding: 24px 0;\' align=\"center\">\n																							</td>\n										</tr>\n									</table>\n								</td>\n							</tr>\n						</table>\n						<!-- End Footer -->\n					</td>\n				</tr>\n			</table>\n		</div>\n	</body>\n</html>\n','Content-Type: text/html\r\nReply-to: Concrete Builders Supply, INC. <info@concretebuilderssupply.com>\r\n','',NULL,'1.10.4'),
(5,'2022-09-16 23:35:00','162.213.251.177','test-yrwn0o84u@srv1.mail-tester.com','Test email from https://concretebuilderssupply.com ','This test email proves that your WordPress installation at https://concretebuilderssupply.com can send emails.\\n\\nSent: Fri, 16 Sep 2022 19:35:00 +0000','MIME-Version: 1.0\r\nFrom: tiana@burtmg.com\r\nContent-Type: text/plain; charset=\"UTF-8\"\r\n','',NULL,'1.10.4'),
(6,'2022-09-16 23:38:58','162.213.251.177','','Test email from https://concretebuilderssupply.com ','This test email proves that your WordPress installation at https://concretebuilderssupply.com can send emails.\\n\\nSent: Fri, 16 Sep 2022 19:38:58 +0000','MIME-Version: 1.0\nFrom: info@concretebuilderssupply.com\nCc: \nContent-Type: text/html; charset=iso-8859-1\n','','You must provide at least one recipient email address.','1.10.4'),
(7,'2022-09-16 23:39:45','162.213.251.177','test-yrwn0o84u@srv1.mail-tester.com','Test email from https://concretebuilderssupply.com ','This test email proves that your WordPress installation at https://concretebuilderssupply.com can send emails.\\n\\nSent: Fri, 16 Sep 2022 19:39:45 +0000','MIME-Version: 1.0\nFrom: info@concretebuilderssupply.com\nCc: \nContent-Type: text/html; charset=iso-8859-1\n','','Could not instantiate mail function.','1.10.4'),
(8,'2022-09-16 23:43:24','162.213.251.177','test-yrwn0o84u@srv1.mail-tester.com','Test email from https://concretebuilderssupply.com ','This test email proves that your WordPress installation at https://concretebuilderssupply.com can send emails.\\n\\nSent: Fri, 16 Sep 2022 19:43:24 +0000','MIME-Version: 1.0\r\nFrom: info@concretebuilderssupply.com\r\nCc: \r\nContent-Type: text/html; charset=iso-8859-1\r\n','','Could not instantiate mail function.','1.10.4'),
(9,'2022-09-16 23:44:19','162.213.251.177','test-6u3v8rtgc@srv1.mail-tester.com','Test email from https://concretebuilderssupply.com ','This test email proves that your WordPress installation at https://concretebuilderssupply.com can send emails.\\n\\nSent: Fri, 16 Sep 2022 19:44:19 +0000','MIME-Version: 1.0\r\nFrom: info@concretebuilderssupply.com\r\nCc: \r\nContent-Type: text/html; charset=iso-8859-1\r\n','','Could not instantiate mail function.','1.10.4'),
(10,'2022-09-16 23:50:33','162.213.251.177','test-c4hh6lj5q@srv1.mail-tester.com','Test email from https://concretebuilderssupply.com ','This test email proves that your WordPress installation at https://concretebuilderssupply.com can send emails.\\n\\nSent: Fri, 16 Sep 2022 19:50:33 +0000','MIME-Version: 1.0\r\nFrom: info@concretebuilderssupply.com\r\nCc: \r\nContent-Type: text/html; charset=iso-8859-1\r\n','','Could not instantiate mail function.','1.10.4'),
(11,'2022-09-16 23:58:45','162.213.251.177','test-c4hh6lj5q@srv1.mail-tester.com','Test email from https://concretebuilderssupply.com ','This test email proves that your WordPress installation at https://concretebuilderssupply.com can send emails.\\n\\nSent: Fri, 16 Sep 2022 19:58:45 +0000','MIME-Version: 1.0\r\nFrom: tiana@burtmg.com\r\nContent-Type: text/plain; charset=\"UTF-8\"\r\n','',NULL,'1.10.4'),
(12,'2022-09-20 00:01:47','162.213.251.177','tiana@burtmg.com','Your Concrete Builders Supply order #1621 has been refunded','<!DOCTYPE html>\n<html lang=\"en\" style=\"margin: 0; padding: 0;\">\n<head>\n    <meta http-equiv=\"Content-Type\" content=\"text/html; charset=UTF-8\">\n    <meta name=\"viewport\" content=\"width=device-width, initial-scale=1\">\n    <meta http-equiv=\"X-UA-Compatible\" content=\"IE=edge\">\n    <meta name=\"format-detection\" content=\"telephone=no\">\n    <meta name=\"robots\" content=\"noindex, nofollow\">\n    <title>Order Refunded: 1621</title>\n    \n    <!--[if !mso]><!-- --><link href=\"https://fonts.googleapis.com/css?family=Source+Sans+Pro:400,400i,700,700i\" rel=\"stylesheet\">\n<!--<![endif]-->\n<style type=\"text/css\">@media screen and (max-width: 599px){div{max-width: 100% !important;}}</style>\n</head>\n<body leftmargin=\"0\" topmargin=\"0\" marginwidth=\"0\" marginheight=\"0\" style=\"margin: 0; padding: 0; background-color: #f7f7f7;\" bgcolor=\"#f7f7f7\">\n    <table class=\"mailpoet_template\" border=\"0\" width=\"100%\" cellpadding=\"0\" cellspacing=\"0\" style=\"border-collapse: collapse; border-spacing: 0; mso-table-lspace: 0; mso-table-rspace: 0;\">\n        <tbody>\n        <tr>\n            \n        </tr>\n        <tr>\n            <td align=\"center\" class=\"mailpoet-wrapper\" valign=\"top\" style=\"border-collapse: collapse; background-color: #f7f7f7;\" bgcolor=\"#f7f7f7\">\n<!--[if mso]>\n                <table align=\"center\" border=\"0\" cellspacing=\"0\" cellpadding=\"0\"\n                       width=\"660\">\n                    <tr>\n                        <td class=\"mailpoet_content-wrapper\" align=\"center\" valign=\"top\" width=\"660\">\n                <![endif]--><table class=\"mailpoet_content-wrapper\" border=\"0\" width=\"100%\" cellpadding=\"0\" cellspacing=\"0\" style=\"border-collapse: collapse; background-color: #f7f7f7; border-spacing: 0; mso-table-lspace: 0; mso-table-rspace: 0; max-width: 660px; width: 100%;\" bgcolor=\"#f7f7f7\">\n                    <tbody>\n                    \n      <tr>\n        <td class=\"mailpoet_content\" align=\"center\" style=\"border-collapse: collapse;\">\n          <table width=\"100%\" border=\"0\" cellpadding=\"0\" cellspacing=\"0\" style=\"border-collapse: collapse; border-spacing: 0; mso-table-lspace: 0; mso-table-rspace: 0;\">\n            <tbody>\n              <tr>\n                <td style=\"border-collapse: collapse; padding-left: 0; padding-right: 0;\">\n                  <table width=\"100%\" border=\"0\" cellpadding=\"0\" cellspacing=\"0\" class=\"mailpoet_cols-one\" style=\"border-collapse: collapse; border-spacing: 0; mso-table-lspace: 0; mso-table-rspace: 0; table-layout: fixed; margin-left: auto; margin-right: auto; padding-left: 0; padding-right: 0;\">\n                    <tbody>\n      <tr>\n        <td class=\"mailpoet_spacer\" height=\"20\" valign=\"top\" style=\"border-collapse: collapse;\"></td>\n      </tr>\n      <tr>\n        <td class=\"mailpoet_image \" align=\"center\" valign=\"top\" style=\"border-collapse: collapse;\">\n          <img src=\"https://concretebuilderssupply.com/wp-content/uploads/2021/05/cropped-Concrete-Builders-Logo.jpg\" width=\"236\" alt=\"cropped-Concrete-Builders-Logo.jpg\" style=\"height: auto; max-width: 100%; -ms-interpolation-mode: bicubic; border: 0; display: block; outline: none; text-align: center;\" border=\"0\">\n        </td>\n      </tr>\n      <tr>\n        <td class=\"mailpoet_spacer\" height=\"20\" valign=\"top\" style=\"border-collapse: collapse;\"></td>\n      </tr>\n                    </tbody>\n                  </table>\n                </td>\n              </tr>\n            </tbody>\n          </table>\n        </td>\n      </tr>\n      <tr>\n        <td class=\"mailpoet_content\" align=\"center\" bgcolor=\"#1e94d7\" style=\"border-collapse: collapse; background-color: #1e94d7;\">\n          <table width=\"100%\" border=\"0\" cellpadding=\"0\" cellspacing=\"0\" style=\"border-collapse: collapse; border-spacing: 0; mso-table-lspace: 0; mso-table-rspace: 0;\">\n            <tbody>\n              <tr>\n                <td style=\"border-collapse: collapse; padding-left: 0; padding-right: 0;\">\n                  <table width=\"100%\" border=\"0\" cellpadding=\"0\" cellspacing=\"0\" class=\"mailpoet_cols-one\" style=\"border-collapse: collapse; border-spacing: 0; mso-table-lspace: 0; mso-table-rspace: 0; table-layout: fixed; margin-left: auto; margin-right: auto; padding-left: 0; padding-right: 0;\">\n                    <tbody>\n      <tr>\n        <td class=\"mailpoet_text mailpoet_padded_vertical mailpoet_padded_side\" valign=\"top\" style=\"border-collapse: collapse; padding-top: 10px; padding-bottom: 10px; padding-left: 20px; padding-right: 20px; word-break: break-word; word-wrap: break-word;\">\n          \n    <table width=\"100%\" border=\"0\" cellpadding=\"0\" cellspacing=\"0\" style=\"border-collapse: collapse; border-spacing: 0; mso-table-lspace: 0; mso-table-rspace: 0;\">\n            <tr>\n              <td class=\"mailpoet_text\" valign=\"top\" style=\"border-collapse: collapse; padding-top: 20px; padding-bottom: 20px; word-break: break-word; word-wrap: break-word;\">\n<h1 style=\"margin: 0 0 10.8px; mso-ansi-font-size: 36px; color: #ffffff; font-family: \'source sans pro\',\'helvetica neue\',helvetica,arial,sans-serif; font-size: 36px; line-height: 57.6px; mso-line-height-alt: 58px; margin-bottom: 0; text-align: left; padding: 0; font-style: normal; font-weight: normal;\">Order Refunded: 1621</h1>\n        </td>\n      </tr>\n    </table>\n        </td>\n      </tr>\n                    </tbody>\n                  </table>\n                </td>\n              </tr>\n            </tbody>\n          </table>\n        </td>\n      </tr>\n      <tr>\n        <td class=\"mailpoet_content\" align=\"center\" style=\"border-collapse: collapse;\">\n          <table width=\"100%\" border=\"0\" cellpadding=\"0\" cellspacing=\"0\" style=\"border-collapse: collapse; border-spacing: 0; mso-table-lspace: 0; mso-table-rspace: 0;\">\n            <tbody>\n              <tr>\n                <td style=\"border-collapse: collapse; padding-left: 0; padding-right: 0;\">\n                  <table width=\"100%\" border=\"0\" cellpadding=\"0\" cellspacing=\"0\" class=\"mailpoet_cols-one\" style=\"border-collapse: collapse; border-spacing: 0; mso-table-lspace: 0; mso-table-rspace: 0; table-layout: fixed; margin-left: auto; margin-right: auto; padding-left: 0; padding-right: 0;\">\n                    <tbody>\n      <tr>\n        <td class=\"mailpoet_spacer\" height=\"20\" valign=\"top\" style=\"border-collapse: collapse;\"></td>\n      </tr>\n                    </tbody>\n                  </table>\n                </td>\n              </tr>\n            </tbody>\n          </table>\n        </td>\n      </tr>\n      <tr>\n        <td class=\"mailpoet_content\" align=\"center\" style=\"border-collapse: collapse;\">\n          <table width=\"100%\" border=\"0\" cellpadding=\"0\" cellspacing=\"0\" style=\"border-collapse: collapse; border-spacing: 0; mso-table-lspace: 0; mso-table-rspace: 0;\">\n            <tbody>\n              <tr>\n                <td style=\"border-collapse: collapse; padding-left: 0; padding-right: 0;\">\n                  <table width=\"100%\" border=\"0\" cellpadding=\"0\" cellspacing=\"0\" class=\"mailpoet_cols-one\" style=\"border-collapse: collapse; border-spacing: 0; mso-table-lspace: 0; mso-table-rspace: 0; table-layout: fixed; margin-left: auto; margin-right: auto; padding-left: 0; padding-right: 0;\">\n                    <tbody>\n      <tr>\n        <td class=\"\" style=\"border-collapse: collapse;\">\n          <div id=\"mailpoet_woocommerce_container\"><div id=\"body_content\" style=\"background-color: #f7f7f7;\" bgcolor=\"#f7f7f7\"><div id=\"body_content_inner\" style=\'color: #636363; font-family: \"Helvetica Neue\",Helvetica,Roboto,Arial,sans-serif; font-size: 14px; line-height: 150%; text-align: left;\' align=\"left\"><table style=\"width: 100%;\" width=\"100%\"><tr><td style=\"padding: 10px 20px;\">\n<p style=\"margin: 0 0 16px;\">Hi Tiana,</p>\n\n<p style=\"margin: 0 0 16px;\">\nYour order on Concrete Builders Supply has been refunded. There are more details below for your reference:</p>\n\n<h2 style=\'color: #1e94d7; display: block; font-family: \"Helvetica Neue\",Helvetica,Roboto,Arial,sans-serif; font-size: 18px; font-weight: 700; line-height: 130%; margin: 0 0 18px; text-align: left;\'>\n	[Order #1621] (September 14, 2022)</h2>\n\n<div style=\"margin-bottom: 40px;\">\n	<table class=\"td\" cellspacing=\"0\" cellpadding=\"6\" border=\"1\" style=\"color: #636363; border: 1px solid #dedede; vertical-align: middle; width: 100%; font-family: \'Helvetica Neue\', Helvetica, Roboto, Arial, sans-serif;\" width=\"100%\">\n		<thead>\n			<tr>\n				<th class=\"td\" scope=\"col\" style=\"color: #636363; border: 1px solid #dedede; vertical-align: middle; padding: 12px; text-align: left;\" align=\"left\">Product</th>\n				<th class=\"td\" scope=\"col\" style=\"color: #636363; border: 1px solid #dedede; vertical-align: middle; padding: 12px; text-align: left;\" align=\"left\">Quantity</th>\n				<th class=\"td\" scope=\"col\" style=\"color: #636363; border: 1px solid #dedede; vertical-align: middle; padding: 12px; text-align: left;\" align=\"left\">Price</th>\n			</tr>\n		</thead>\n		<tbody>\n				<tr class=\"order_item\">\n		<td class=\"td\" style=\"color: #636363; border: 1px solid #dedede; padding: 12px; text-align: left; vertical-align: middle; font-family: \'Helvetica Neue\', Helvetica, Roboto, Arial, sans-serif; word-wrap: break-word;\" align=\"left\">\n		Diamond Products - Star Blue 4\" Tuck Point Blade		</td>\n		<td class=\"td\" style=\"color: #636363; border: 1px solid #dedede; padding: 12px; text-align: left; vertical-align: middle; font-family: \'Helvetica Neue\', Helvetica, Roboto, Arial, sans-serif;\" align=\"left\">\n			1		</td>\n		<td class=\"td\" style=\"color: #636363; border: 1px solid #dedede; padding: 12px; text-align: left; vertical-align: middle; font-family: \'Helvetica Neue\', Helvetica, Roboto, Arial, sans-serif;\" align=\"left\">\n			<span class=\"woocommerce-Price-amount amount\"><span class=\"woocommerce-Price-currencySymbol\">$</span>0.51</span>		</td>\n	</tr>\n	\n		</tbody>\n		<tfoot>\n								<tr>\n						<th class=\"td\" scope=\"row\" colspan=\"2\" style=\"color: #636363; border: 1px solid #dedede; vertical-align: middle; padding: 12px; text-align: left; border-top-width: 4px;\" align=\"left\">Subtotal:</th>\n						<td class=\"td\" style=\"color: #636363; border: 1px solid #dedede; vertical-align: middle; padding: 12px; text-align: left; border-top-width: 4px;\" align=\"left\"><span class=\"woocommerce-Price-amount amount\"><span class=\"woocommerce-Price-currencySymbol\">$</span>0.51</span></td>\n					</tr>\n										<tr>\n						<th class=\"td\" scope=\"row\" colspan=\"2\" style=\"color: #636363; border: 1px solid #dedede; vertical-align: middle; padding: 12px; text-align: left;\" align=\"left\">Shipping:</th>\n						<td class=\"td\" style=\"color: #636363; border: 1px solid #dedede; vertical-align: middle; padding: 12px; text-align: left;\" align=\"left\">Local pickup</td>\n					</tr>\n										<tr>\n						<th class=\"td\" scope=\"row\" colspan=\"2\" style=\"color: #636363; border: 1px solid #dedede; vertical-align: middle; padding: 12px; text-align: left;\" align=\"left\">Tax:</th>\n						<td class=\"td\" style=\"color: #636363; border: 1px solid #dedede; vertical-align: middle; padding: 12px; text-align: left;\" align=\"left\"><span class=\"woocommerce-Price-amount amount\"><span class=\"woocommerce-Price-currencySymbol\">$</span>0.00</span></td>\n					</tr>\n										<tr>\n						<th class=\"td\" scope=\"row\" colspan=\"2\" style=\"color: #636363; border: 1px solid #dedede; vertical-align: middle; padding: 12px; text-align: left;\" align=\"left\">Payment method:</th>\n						<td class=\"td\" style=\"color: #636363; border: 1px solid #dedede; vertical-align: middle; padding: 12px; text-align: left;\" align=\"left\">Credit card / debit card</td>\n					</tr>\n										<tr>\n						<th class=\"td\" scope=\"row\" colspan=\"2\" style=\"color: #636363; border: 1px solid #dedede; vertical-align: middle; padding: 12px; text-align: left;\" align=\"left\">Order fully refunded.</th>\n						<td class=\"td\" style=\"color: #636363; border: 1px solid #dedede; vertical-align: middle; padding: 12px; text-align: left;\" align=\"left\"><span class=\"woocommerce-Price-amount amount\">-<span class=\"woocommerce-Price-currencySymbol\">$</span>0.51</span></td>\n					</tr>\n										<tr>\n						<th class=\"td\" scope=\"row\" colspan=\"2\" style=\"color: #636363; border: 1px solid #dedede; vertical-align: middle; padding: 12px; text-align: left;\" align=\"left\">Total:</th>\n						<td class=\"td\" style=\"color: #636363; border: 1px solid #dedede; vertical-align: middle; padding: 12px; text-align: left;\" align=\"left\">\n<del aria-hidden=\"true\">$0.51</del> <ins><span class=\"woocommerce-Price-amount amount\"><span class=\"woocommerce-Price-currencySymbol\">$</span>0.00</span></ins>\n</td>\n					</tr>\n									<tr>\n					<th class=\"td\" scope=\"row\" colspan=\"2\" style=\"color: #636363; border: 1px solid #dedede; vertical-align: middle; padding: 12px; text-align: left;\" align=\"left\">Note:</th>\n					<td class=\"td\" style=\"color: #636363; border: 1px solid #dedede; vertical-align: middle; padding: 12px; text-align: left;\" align=\"left\">Testing</td>\n				</tr>\n						</tfoot>\n	</table>\n</div>\n\n<table id=\"addresses\" cellspacing=\"0\" cellpadding=\"0\" border=\"0\" style=\"width: 100%; vertical-align: top; margin-bottom: 40px; padding: 0;\" width=\"100%\">\n	<tr>\n		<td valign=\"top\" width=\"50%\" style=\"text-align: left; font-family: \'Helvetica Neue\', Helvetica, Roboto, Arial, sans-serif; border: 0; padding: 0;\" align=\"left\">\n			<h2 style=\'color: #1e94d7; display: block; font-family: \"Helvetica Neue\",Helvetica,Roboto,Arial,sans-serif; font-size: 18px; font-weight: 700; line-height: 130%; margin: 0 0 18px; text-align: left;\'>Billing address</h2>\n\n			<address class=\"address\" style=\"padding: 12px; color: #636363; border: 1px solid #dedede;\">\n				Tiana Burt<br>BMG<br>2853 West Sherwood Ave.<br>Roseburg, OR 97471									<br><a href=\"tel:5415052259\" style=\"color: #1e94d7; font-weight: 400; text-decoration: underline;\">541-505-2259</a>													<br>tiana@burtmg.com							</address>\n		</td>\n			</tr>\n</table>\n<p style=\"margin: 0 0 16px;\">We hope to see you again soon.</p>\n</td></tr></table></div></div></div>\n        </td>\n      </tr>\n                    </tbody>\n                  </table>\n                </td>\n              </tr>\n            </tbody>\n          </table>\n        </td>\n      </tr>\n      <tr>\n        <td class=\"mailpoet_content\" align=\"center\" style=\"border-collapse: collapse;\">\n          <table width=\"100%\" border=\"0\" cellpadding=\"0\" cellspacing=\"0\" style=\"border-collapse: collapse; border-spacing: 0; mso-table-lspace: 0; mso-table-rspace: 0;\">\n            <tbody>\n              <tr>\n                <td style=\"border-collapse: collapse; padding-left: 0; padding-right: 0;\">\n                  <table width=\"100%\" border=\"0\" cellpadding=\"0\" cellspacing=\"0\" class=\"mailpoet_cols-one\" style=\"border-collapse: collapse; border-spacing: 0; mso-table-lspace: 0; mso-table-rspace: 0; table-layout: fixed; margin-left: auto; margin-right: auto; padding-left: 0; padding-right: 0;\">\n                    <tbody>\n      <tr>\n        <td class=\"mailpoet_spacer\" height=\"20\" valign=\"top\" style=\"border-collapse: collapse;\"></td>\n      </tr>\n                    </tbody>\n                  </table>\n                </td>\n              </tr>\n            </tbody>\n          </table>\n        </td>\n      </tr>\n      <tr>\n        <td class=\"mailpoet_content\" align=\"center\" style=\"border-collapse: collapse;\">\n          <table width=\"100%\" border=\"0\" cellpadding=\"0\" cellspacing=\"0\" style=\"border-collapse: collapse; border-spacing: 0; mso-table-lspace: 0; mso-table-rspace: 0;\">\n            <tbody>\n              <tr>\n                <td style=\"border-collapse: collapse; padding-left: 0; padding-right: 0;\">\n                  <table width=\"100%\" border=\"0\" cellpadding=\"0\" cellspacing=\"0\" class=\"mailpoet_cols-one\" style=\"border-collapse: collapse; border-spacing: 0; mso-table-lspace: 0; mso-table-rspace: 0; table-layout: fixed; margin-left: auto; margin-right: auto; padding-left: 0; padding-right: 0;\">\n                    <tbody>\n      <tr>\n        <td class=\"mailpoet_spacer\" height=\"20\" valign=\"top\" style=\"border-collapse: collapse;\"></td>\n      </tr>\n      <tr>\n        <td class=\"mailpoet_text mailpoet_padded_vertical mailpoet_padded_side\" valign=\"top\" style=\"border-collapse: collapse; padding-top: 10px; padding-bottom: 10px; padding-left: 20px; padding-right: 20px; word-break: break-word; word-wrap: break-word;\">\n          <table width=\"100%\" cellpadding=\"0\" style=\"border-collapse: collapse; border-spacing: 0; mso-table-lspace: 0; mso-table-rspace: 0;\" cellspacing=\"0\">\n        <tr>\n          <td class=\"mailpoet_paragraph\" style=\"border-collapse: collapse; mso-ansi-font-size: 14px; color: #3c3c3c; font-family: Arial,\'Helvetica Neue\',Helvetica,sans-serif; font-size: 14px; line-height: 22.4px; mso-line-height-alt: 22px; word-break: break-word; word-wrap: break-word; text-align: center;\" align=\"center\">\n            We appreciate your business!\n          </td>\n        </tr>\n</table>\n        </td>\n      </tr>\n                    </tbody>\n                  </table>\n                </td>\n              </tr>\n            </tbody>\n          </table>\n        </td>\n      </tr>\n                    </tbody>\n                </table>\n<!--[if mso]>\n                </td>\n                </tr>\n                </table>\n                <![endif]-->\n</td>\n        </tr>\n        </tbody>\n    </table>\n</body>\n</html>\n','Content-Type: text/html\r\nReply-to: Concrete Builders Supply, INC. <info@concretebuilderssupply.com>\r\n','',NULL,'1.10.4'),
(13,'2022-09-20 01:49:11','162.213.251.177','test-k3qewygmb@srv1.mail-tester.com','Test email from https://concretebuilderssupply.com ','This test email proves that your WordPress installation at https://concretebuilderssupply.com can send emails.\\n\\nSent: Mon, 19 Sep 2022 21:49:11 +0000','MIME-Version: 1.0\r\nFrom: info@concretebuilderssupply.com\r\nCc: \r\nContent-Type: text/html; charset=iso-8859-1\r\n','','Could not instantiate mail function.','1.10.4'),
(14,'2022-09-20 01:49:29','162.213.251.177','test-k3qewygmb@srv1.mail-tester.com','Test email from https://concretebuilderssupply.com ','This test email proves that your WordPress installation at https://concretebuilderssupply.com can send emails.\\n\\nSent: Mon, 19 Sep 2022 21:49:29 +0000','MIME-Version: 1.0\r\nFrom: info@concretebuilderssupply.com\r\nCc: \r\nContent-Type: text/html; charset=iso-8859-1\r\n','','Could not instantiate mail function.','1.10.4'),
(15,'2022-09-20 01:54:26','162.213.251.177','test-k3qewygmb@srv1.mail-tester.com','Test email from https://concretebuilderssupply.com ','This test email proves that your WordPress installation at https://concretebuilderssupply.com can send emails.\\n\\nSent: Mon, 19 Sep 2022 21:54:26 +0000','MIME-Version: 1.0\r\nFrom: tiana@burtmg.com\r\nContent-Type: text/plain; charset=\"UTF-8\"\r\n','',NULL,'1.10.4'),
(16,'2022-09-20 04:31:14','162.213.251.177','','Test email from https://concretebuilderssupply.com ','This test email proves that your WordPress installation at https://concretebuilderssupply.com can send emails.\\n\\nSent: Tue, 20 Sep 2022 00:31:14 +0000','MIME-Version: 1.0\r\nFrom: tiana@burtmg.com\r\nContent-Type: text/plain; charset=\"UTF-8\"\r\n','','You must provide at least one recipient email address.','1.10.4'),
(17,'2022-09-20 04:31:57','162.213.251.177','test-5398k94tu@srv1.mail-tester.com','Test email from https://concretebuilderssupply.com ','This test email proves that your WordPress installation at https://concretebuilderssupply.com can send emails.\\n\\nSent: Tue, 20 Sep 2022 00:31:57 +0000','MIME-Version: 1.0\r\nFrom: tiana@burtmg.com\r\nContent-Type: text/plain; charset=\"UTF-8\"\r\n','',NULL,'1.10.4'),
(18,'2022-09-20 04:55:56','162.213.251.177','info@concretebuilderssupply.com','[Concrete Builders Supply]: Order #1618 has been cancelled','<!DOCTYPE html>\n<html lang=\"en\" style=\"margin: 0; padding: 0;\">\n<head>\n    <meta http-equiv=\"Content-Type\" content=\"text/html; charset=UTF-8\">\n    <meta name=\"viewport\" content=\"width=device-width, initial-scale=1\">\n    <meta http-equiv=\"X-UA-Compatible\" content=\"IE=edge\">\n    <meta name=\"format-detection\" content=\"telephone=no\">\n    <meta name=\"robots\" content=\"noindex, nofollow\">\n    <title>Order Cancelled: #1618</title>\n    \n    <!--[if !mso]><!-- --><link href=\"https://fonts.googleapis.com/css?family=Source+Sans+Pro:400,400i,700,700i\" rel=\"stylesheet\">\n<!--<![endif]-->\n<style type=\"text/css\">@media screen and (max-width: 599px){div{max-width: 100% !important;}}</style>\n</head>\n<body leftmargin=\"0\" topmargin=\"0\" marginwidth=\"0\" marginheight=\"0\" style=\"margin: 0; padding: 0; background-color: #f7f7f7;\" bgcolor=\"#f7f7f7\">\n    <table class=\"mailpoet_template\" border=\"0\" width=\"100%\" cellpadding=\"0\" cellspacing=\"0\" style=\"border-collapse: collapse; border-spacing: 0; mso-table-lspace: 0; mso-table-rspace: 0;\">\n        <tbody>\n        <tr>\n            \n        </tr>\n        <tr>\n            <td align=\"center\" class=\"mailpoet-wrapper\" valign=\"top\" style=\"border-collapse: collapse; background-color: #f7f7f7;\" bgcolor=\"#f7f7f7\">\n<!--[if mso]>\n                <table align=\"center\" border=\"0\" cellspacing=\"0\" cellpadding=\"0\"\n                       width=\"660\">\n                    <tr>\n                        <td class=\"mailpoet_content-wrapper\" align=\"center\" valign=\"top\" width=\"660\">\n                <![endif]--><table class=\"mailpoet_content-wrapper\" border=\"0\" width=\"100%\" cellpadding=\"0\" cellspacing=\"0\" style=\"border-collapse: collapse; background-color: #f7f7f7; border-spacing: 0; mso-table-lspace: 0; mso-table-rspace: 0; max-width: 660px; width: 100%;\" bgcolor=\"#f7f7f7\">\n                    <tbody>\n                    \n      <tr>\n        <td class=\"mailpoet_content\" align=\"center\" style=\"border-collapse: collapse;\">\n          <table width=\"100%\" border=\"0\" cellpadding=\"0\" cellspacing=\"0\" style=\"border-collapse: collapse; border-spacing: 0; mso-table-lspace: 0; mso-table-rspace: 0;\">\n            <tbody>\n              <tr>\n                <td style=\"border-collapse: collapse; padding-left: 0; padding-right: 0;\">\n                  <table width=\"100%\" border=\"0\" cellpadding=\"0\" cellspacing=\"0\" class=\"mailpoet_cols-one\" style=\"border-collapse: collapse; border-spacing: 0; mso-table-lspace: 0; mso-table-rspace: 0; table-layout: fixed; margin-left: auto; margin-right: auto; padding-left: 0; padding-right: 0;\">\n                    <tbody>\n      <tr>\n        <td class=\"mailpoet_text mailpoet_padded_vertical mailpoet_padded_side\" valign=\"top\" style=\"border-collapse: collapse; padding-top: 10px; padding-bottom: 10px; padding-left: 20px; padding-right: 20px; word-break: break-word; word-wrap: break-word;\">\n          \n        </td>\n      </tr>\n      <tr>\n        <td class=\"mailpoet_spacer\" height=\"20\" valign=\"top\" style=\"border-collapse: collapse;\"></td>\n      </tr>\n      <tr>\n        <td class=\"mailpoet_image \" align=\"center\" valign=\"top\" style=\"border-collapse: collapse;\">\n          <img src=\"https://concretebuilderssupply.com/wp-content/uploads/2021/05/cropped-Concrete-Builders-Logo.jpg\" width=\"236\" alt=\"cropped-Concrete-Builders-Logo.jpg\" style=\"height: auto; max-width: 100%; -ms-interpolation-mode: bicubic; border: 0; display: block; outline: none; text-align: center;\" border=\"0\">\n        </td>\n      </tr>\n      <tr>\n        <td class=\"mailpoet_spacer\" height=\"20\" valign=\"top\" style=\"border-collapse: collapse;\"></td>\n      </tr>\n                    </tbody>\n                  </table>\n                </td>\n              </tr>\n            </tbody>\n          </table>\n        </td>\n      </tr>\n      <tr>\n        <td class=\"mailpoet_content\" align=\"center\" bgcolor=\"#1e94d7\" style=\"border-collapse: collapse; background-color: #1e94d7;\">\n          <table width=\"100%\" border=\"0\" cellpadding=\"0\" cellspacing=\"0\" style=\"border-collapse: collapse; border-spacing: 0; mso-table-lspace: 0; mso-table-rspace: 0;\">\n            <tbody>\n              <tr>\n                <td style=\"border-collapse: collapse; padding-left: 0; padding-right: 0;\">\n                  <table width=\"100%\" border=\"0\" cellpadding=\"0\" cellspacing=\"0\" class=\"mailpoet_cols-one\" style=\"border-collapse: collapse; border-spacing: 0; mso-table-lspace: 0; mso-table-rspace: 0; table-layout: fixed; margin-left: auto; margin-right: auto; padding-left: 0; padding-right: 0;\">\n                    <tbody>\n      <tr>\n        <td class=\"mailpoet_text mailpoet_padded_vertical mailpoet_padded_side\" valign=\"top\" style=\"border-collapse: collapse; padding-top: 10px; padding-bottom: 10px; padding-left: 20px; padding-right: 20px; word-break: break-word; word-wrap: break-word;\">\n          \n    <table width=\"100%\" border=\"0\" cellpadding=\"0\" cellspacing=\"0\" style=\"border-collapse: collapse; border-spacing: 0; mso-table-lspace: 0; mso-table-rspace: 0;\">\n            <tr>\n              <td class=\"mailpoet_text\" valign=\"top\" style=\"border-collapse: collapse; padding-top: 20px; padding-bottom: 20px; word-break: break-word; word-wrap: break-word;\">\n<h1 style=\"margin: 0 0 10.8px; mso-ansi-font-size: 36px; color: #ffffff; font-family: \'source sans pro\',\'helvetica neue\',helvetica,arial,sans-serif; font-size: 36px; line-height: 57.6px; mso-line-height-alt: 58px; margin-bottom: 0; text-align: left; padding: 0; font-style: normal; font-weight: normal;\">Order Cancelled: #1618</h1>\n        </td>\n      </tr>\n    </table>\n        </td>\n      </tr>\n                    </tbody>\n                  </table>\n                </td>\n              </tr>\n            </tbody>\n          </table>\n        </td>\n      </tr>\n      <tr>\n        <td class=\"mailpoet_content\" align=\"center\" style=\"border-collapse: collapse;\">\n          <table width=\"100%\" border=\"0\" cellpadding=\"0\" cellspacing=\"0\" style=\"border-collapse: collapse; border-spacing: 0; mso-table-lspace: 0; mso-table-rspace: 0;\">\n            <tbody>\n              <tr>\n                <td style=\"border-collapse: collapse; padding-left: 0; padding-right: 0;\">\n                  <table width=\"100%\" border=\"0\" cellpadding=\"0\" cellspacing=\"0\" class=\"mailpoet_cols-one\" style=\"border-collapse: collapse; border-spacing: 0; mso-table-lspace: 0; mso-table-rspace: 0; table-layout: fixed; margin-left: auto; margin-right: auto; padding-left: 0; padding-right: 0;\">\n                    <tbody>\n      <tr>\n        <td class=\"mailpoet_spacer\" height=\"20\" valign=\"top\" style=\"border-collapse: collapse;\"></td>\n      </tr>\n                    </tbody>\n                  </table>\n                </td>\n              </tr>\n            </tbody>\n          </table>\n        </td>\n      </tr>\n      <tr>\n        <td class=\"mailpoet_content\" align=\"center\" style=\"border-collapse: collapse;\">\n          <table width=\"100%\" border=\"0\" cellpadding=\"0\" cellspacing=\"0\" style=\"border-collapse: collapse; border-spacing: 0; mso-table-lspace: 0; mso-table-rspace: 0;\">\n            <tbody>\n              <tr>\n                <td style=\"border-collapse: collapse; padding-left: 0; padding-right: 0;\">\n                  <table width=\"100%\" border=\"0\" cellpadding=\"0\" cellspacing=\"0\" class=\"mailpoet_cols-one\" style=\"border-collapse: collapse; border-spacing: 0; mso-table-lspace: 0; mso-table-rspace: 0; table-layout: fixed; margin-left: auto; margin-right: auto; padding-left: 0; padding-right: 0;\">\n                    <tbody>\n      <tr>\n        <td class=\"\" style=\"border-collapse: collapse;\">\n          <div id=\"mailpoet_woocommerce_container\"><div id=\"body_content\" style=\"background-color: #f7f7f7;\" bgcolor=\"#f7f7f7\"><div id=\"body_content_inner\" style=\'color: #636363; font-family: \"Helvetica Neue\",Helvetica,Roboto,Arial,sans-serif; font-size: 14px; line-height: 150%; text-align: left;\' align=\"left\"><table style=\"width: 100%;\" width=\"100%\"><tr><td style=\"padding: 10px 20px;\">\n<p style=\"margin: 0 0 16px;\">Notification to let you know — order #1618 belonging to Tiana Burt has been cancelled:</p>\n\n\n<h2 style=\'color: #1e94d7; display: block; font-family: \"Helvetica Neue\",Helvetica,Roboto,Arial,sans-serif; font-size: 18px; font-weight: 700; line-height: 130%; margin: 0 0 18px; text-align: left;\'>\n	<a class=\"link\" href=\"https://concretebuilderssupply.com/wp-admin/post.php?post=1618&amp;action=edit\" style=\"font-weight: 400; text-decoration: underline; color: #1e94d7;\">[Order #1618]</a> (September 14, 2022)</h2>\n\n<div style=\"margin-bottom: 40px;\">\n	<table class=\"td\" cellspacing=\"0\" cellpadding=\"6\" border=\"1\" style=\"color: #636363; border: 1px solid #dedede; vertical-align: middle; width: 100%; font-family: \'Helvetica Neue\', Helvetica, Roboto, Arial, sans-serif;\" width=\"100%\">\n		<thead>\n			<tr>\n				<th class=\"td\" scope=\"col\" style=\"color: #636363; border: 1px solid #dedede; vertical-align: middle; padding: 12px; text-align: left;\" align=\"left\">Product</th>\n				<th class=\"td\" scope=\"col\" style=\"color: #636363; border: 1px solid #dedede; vertical-align: middle; padding: 12px; text-align: left;\" align=\"left\">Quantity</th>\n				<th class=\"td\" scope=\"col\" style=\"color: #636363; border: 1px solid #dedede; vertical-align: middle; padding: 12px; text-align: left;\" align=\"left\">Price</th>\n			</tr>\n		</thead>\n		<tbody>\n				<tr class=\"order_item\">\n		<td class=\"td\" style=\"color: #636363; border: 1px solid #dedede; padding: 12px; text-align: left; vertical-align: middle; font-family: \'Helvetica Neue\', Helvetica, Roboto, Arial, sans-serif; word-wrap: break-word;\" align=\"left\">\n		Diamond Products - Polishing Pad 5\" &amp; 7\" - 5\", 100 (#199)<ul class=\"wc-item-meta\" style=\"font-size: small; margin: 1em 0 0; padding: 0; list-style: none;\">\n<li style=\"margin: .5em 0 0; padding: 0;\">\n<strong class=\"wc-item-meta-label\" style=\"float: left; margin-right: .25em; clear: both;\">Size:</strong> <p style=\"margin: 0;\">5\"</p>\n</li>\n<li style=\"margin: .5em 0 0; padding: 0;\">\n<strong class=\"wc-item-meta-label\" style=\"float: left; margin-right: .25em; clear: both;\">Grit:</strong> <p style=\"margin: 0;\">100</p>\n</li>\n</ul>		</td>\n		<td class=\"td\" style=\"color: #636363; border: 1px solid #dedede; padding: 12px; text-align: left; vertical-align: middle; font-family: \'Helvetica Neue\', Helvetica, Roboto, Arial, sans-serif;\" align=\"left\">\n			4		</td>\n		<td class=\"td\" style=\"color: #636363; border: 1px solid #dedede; padding: 12px; text-align: left; vertical-align: middle; font-family: \'Helvetica Neue\', Helvetica, Roboto, Arial, sans-serif;\" align=\"left\">\n			<span class=\"woocommerce-Price-amount amount\"><span class=\"woocommerce-Price-currencySymbol\">$</span>221.52</span>		</td>\n	</tr>\n	\n		</tbody>\n		<tfoot>\n								<tr>\n						<th class=\"td\" scope=\"row\" colspan=\"2\" style=\"color: #636363; border: 1px solid #dedede; vertical-align: middle; padding: 12px; text-align: left; border-top-width: 4px;\" align=\"left\">Subtotal:</th>\n						<td class=\"td\" style=\"color: #636363; border: 1px solid #dedede; vertical-align: middle; padding: 12px; text-align: left; border-top-width: 4px;\" align=\"left\"><span class=\"woocommerce-Price-amount amount\"><span class=\"woocommerce-Price-currencySymbol\">$</span>221.52</span></td>\n					</tr>\n										<tr>\n						<th class=\"td\" scope=\"row\" colspan=\"2\" style=\"color: #636363; border: 1px solid #dedede; vertical-align: middle; padding: 12px; text-align: left;\" align=\"left\">Shipping:</th>\n						<td class=\"td\" style=\"color: #636363; border: 1px solid #dedede; vertical-align: middle; padding: 12px; text-align: left;\" align=\"left\">\n<span class=\"woocommerce-Price-amount amount\"><span class=\"woocommerce-Price-currencySymbol\">$</span>17.26</span> <small class=\"shipped_via\">via Priority Mail®</small>\n</td>\n					</tr>\n										<tr>\n						<th class=\"td\" scope=\"row\" colspan=\"2\" style=\"color: #636363; border: 1px solid #dedede; vertical-align: middle; padding: 12px; text-align: left;\" align=\"left\">Tax:</th>\n						<td class=\"td\" style=\"color: #636363; border: 1px solid #dedede; vertical-align: middle; padding: 12px; text-align: left;\" align=\"left\"><span class=\"woocommerce-Price-amount amount\"><span class=\"woocommerce-Price-currencySymbol\">$</span>0.00</span></td>\n					</tr>\n										<tr>\n						<th class=\"td\" scope=\"row\" colspan=\"2\" style=\"color: #636363; border: 1px solid #dedede; vertical-align: middle; padding: 12px; text-align: left;\" align=\"left\">Payment method:</th>\n						<td class=\"td\" style=\"color: #636363; border: 1px solid #dedede; vertical-align: middle; padding: 12px; text-align: left;\" align=\"left\">Credit card / debit card</td>\n					</tr>\n										<tr>\n						<th class=\"td\" scope=\"row\" colspan=\"2\" style=\"color: #636363; border: 1px solid #dedede; vertical-align: middle; padding: 12px; text-align: left;\" align=\"left\">Total:</th>\n						<td class=\"td\" style=\"color: #636363; border: 1px solid #dedede; vertical-align: middle; padding: 12px; text-align: left;\" align=\"left\"><span class=\"woocommerce-Price-amount amount\"><span class=\"woocommerce-Price-currencySymbol\">$</span>238.78</span></td>\n					</tr>\n									<tr>\n					<th class=\"td\" scope=\"row\" colspan=\"2\" style=\"color: #636363; border: 1px solid #dedede; vertical-align: middle; padding: 12px; text-align: left;\" align=\"left\">Note:</th>\n					<td class=\"td\" style=\"color: #636363; border: 1px solid #dedede; vertical-align: middle; padding: 12px; text-align: left;\" align=\"left\">TESTINGGG</td>\n				</tr>\n						</tfoot>\n	</table>\n</div>\n\n<table id=\"addresses\" cellspacing=\"0\" cellpadding=\"0\" border=\"0\" style=\"width: 100%; vertical-align: top; margin-bottom: 40px; padding: 0;\" width=\"100%\">\n	<tr>\n		<td valign=\"top\" width=\"50%\" style=\"text-align: left; font-family: \'Helvetica Neue\', Helvetica, Roboto, Arial, sans-serif; border: 0; padding: 0;\" align=\"left\">\n			<h2 style=\'color: #1e94d7; display: block; font-family: \"Helvetica Neue\",Helvetica,Roboto,Arial,sans-serif; font-size: 18px; font-weight: 700; line-height: 130%; margin: 0 0 18px; text-align: left;\'>Billing address</h2>\n\n			<address class=\"address\" style=\"padding: 12px; color: #636363; border: 1px solid #dedede;\">\n				Tiana Burt<br>BMG<br>2853 West Sherwood Ave.<br>Roseburg, OR 97471									<br><a href=\"tel:5415052259\" style=\"color: #1e94d7; font-weight: 400; text-decoration: underline;\">541-505-2259</a>													<br>tiana@burtmg.com							</address>\n		</td>\n					<td valign=\"top\" width=\"50%\" style=\"text-align: left; font-family: \'Helvetica Neue\', Helvetica, Roboto, Arial, sans-serif; padding: 0;\" align=\"left\">\n				<h2 style=\'color: #1e94d7; display: block; font-family: \"Helvetica Neue\",Helvetica,Roboto,Arial,sans-serif; font-size: 18px; font-weight: 700; line-height: 130%; margin: 0 0 18px; text-align: left;\'>Shipping address</h2>\n\n				<address class=\"address\" style=\"padding: 12px; color: #636363; border: 1px solid #dedede;\">\n					Tiana Burt<br>BMG<br>2853 W SHERWOOD AVE<br>ROSEBURG, OR 97471-2690											<br><a href=\"tel:5415052259\" style=\"color: #1e94d7; font-weight: 400; text-decoration: underline;\">541-505-2259</a>									</address>\n			</td>\n			</tr>\n</table>\n<p style=\"margin: 0 0 16px;\">Thanks for reading.</p>\n</td></tr></table></div></div></div>\n        </td>\n      </tr>\n                    </tbody>\n                  </table>\n                </td>\n              </tr>\n            </tbody>\n          </table>\n        </td>\n      </tr>\n      <tr>\n        <td class=\"mailpoet_content\" align=\"center\" style=\"border-collapse: collapse;\">\n          <table width=\"100%\" border=\"0\" cellpadding=\"0\" cellspacing=\"0\" style=\"border-collapse: collapse; border-spacing: 0; mso-table-lspace: 0; mso-table-rspace: 0;\">\n            <tbody>\n              <tr>\n                <td style=\"border-collapse: collapse; padding-left: 0; padding-right: 0;\">\n                  <table width=\"100%\" border=\"0\" cellpadding=\"0\" cellspacing=\"0\" class=\"mailpoet_cols-one\" style=\"border-collapse: collapse; border-spacing: 0; mso-table-lspace: 0; mso-table-rspace: 0; table-layout: fixed; margin-left: auto; margin-right: auto; padding-left: 0; padding-right: 0;\">\n                    <tbody>\n      <tr>\n        <td class=\"mailpoet_spacer\" height=\"20\" valign=\"top\" style=\"border-collapse: collapse;\"></td>\n      </tr>\n                    </tbody>\n                  </table>\n                </td>\n              </tr>\n            </tbody>\n          </table>\n        </td>\n      </tr>\n      <tr>\n        <td class=\"mailpoet_content\" align=\"center\" style=\"border-collapse: collapse;\">\n          <table width=\"100%\" border=\"0\" cellpadding=\"0\" cellspacing=\"0\" style=\"border-collapse: collapse; border-spacing: 0; mso-table-lspace: 0; mso-table-rspace: 0;\">\n            <tbody>\n              <tr>\n                <td style=\"border-collapse: collapse; padding-left: 0; padding-right: 0;\">\n                  <table width=\"100%\" border=\"0\" cellpadding=\"0\" cellspacing=\"0\" class=\"mailpoet_cols-one\" style=\"border-collapse: collapse; border-spacing: 0; mso-table-lspace: 0; mso-table-rspace: 0; table-layout: fixed; margin-left: auto; margin-right: auto; padding-left: 0; padding-right: 0;\">\n                    <tbody>\n      <tr>\n        <td class=\"mailpoet_spacer\" height=\"20\" valign=\"top\" style=\"border-collapse: collapse;\"></td>\n      </tr>\n      <tr>\n        <td class=\"mailpoet_text mailpoet_padded_vertical mailpoet_padded_side\" valign=\"top\" style=\"border-collapse: collapse; padding-top: 10px; padding-bottom: 10px; padding-left: 20px; padding-right: 20px; word-break: break-word; word-wrap: break-word;\">\n          <table width=\"100%\" cellpadding=\"0\" style=\"border-collapse: collapse; border-spacing: 0; mso-table-lspace: 0; mso-table-rspace: 0;\" cellspacing=\"0\">\n        <tr>\n          <td class=\"mailpoet_paragraph\" style=\"border-collapse: collapse; mso-ansi-font-size: 14px; color: #3c3c3c; font-family: Arial,\'Helvetica Neue\',Helvetica,sans-serif; font-size: 14px; line-height: 22.4px; mso-line-height-alt: 22px; word-break: break-word; word-wrap: break-word; text-align: center;\" align=\"center\">\n            We appreciate your business!\n          </td>\n        </tr>\n</table>\n        </td>\n      </tr>\n                    </tbody>\n                  </table>\n                </td>\n              </tr>\n            </tbody>\n          </table>\n        </td>\n      </tr>\n      <tr>\n        <td class=\"mailpoet_content\" align=\"center\" style=\"border-collapse: collapse;\">\n          <table width=\"100%\" border=\"0\" cellpadding=\"0\" cellspacing=\"0\" style=\"border-collapse: collapse; border-spacing: 0; mso-table-lspace: 0; mso-table-rspace: 0;\">\n            <tbody>\n              <tr>\n                <td style=\"border-collapse: collapse; padding-left: 0; padding-right: 0;\">\n                  <table width=\"100%\" border=\"0\" cellpadding=\"0\" cellspacing=\"0\" class=\"mailpoet_cols-one\" style=\"border-collapse: collapse; border-spacing: 0; mso-table-lspace: 0; mso-table-rspace: 0; table-layout: fixed; margin-left: auto; margin-right: auto; padding-left: 0; padding-right: 0;\">\n                    <tbody>\n      <tr>\n        <td class=\"mailpoet_spacer\" height=\"20\" valign=\"top\" style=\"border-collapse: collapse;\"></td>\n      </tr>\n      <tr>\n        <td class=\"mailpoet_text mailpoet_padded_vertical mailpoet_padded_side\" valign=\"top\" style=\"border-collapse: collapse; padding-top: 10px; padding-bottom: 10px; padding-left: 20px; padding-right: 20px; word-break: break-word; word-wrap: break-word;\">\n          <table width=\"100%\" cellpadding=\"0\" style=\"border-collapse: collapse; border-spacing: 0; mso-table-lspace: 0; mso-table-rspace: 0;\" cellspacing=\"0\">\n        <tr>\n          <td class=\"mailpoet_paragraph\" style=\"border-collapse: collapse; mso-ansi-font-size: 14px; color: #3c3c3c; font-family: Arial,\'Helvetica Neue\',Helvetica,sans-serif; font-size: 14px; line-height: 22.4px; mso-line-height-alt: 22px; word-break: break-word; word-wrap: break-word; text-align: center;\" align=\"center\">\n            Click HERE to unsubscribe.\n          </td>\n        </tr>\n</table>\n        </td>\n      </tr>\n                    </tbody>\n                  </table>\n                </td>\n              </tr>\n            </tbody>\n          </table>\n        </td>\n      </tr>\n                    </tbody>\n                </table>\n<!--[if mso]>\n                </td>\n                </tr>\n                </table>\n                <![endif]-->\n</td>\n        </tr>\n        </tbody>\n    </table>\n</body>\n</html>\n','Content-Type: text/html\r\nReply-to: Tiana Burt <tiana@burtmg.com>\r\n','',NULL,'1.10.4'),
(19,'2022-09-20 04:58:03','162.213.251.177','tiana@burtmg.com','Your Concrete Builders Supply order #1617 has been refunded','<!DOCTYPE html>\n<html lang=\"en\" style=\"margin: 0; padding: 0;\">\n<head>\n    <meta http-equiv=\"Content-Type\" content=\"text/html; charset=UTF-8\">\n    <meta name=\"viewport\" content=\"width=device-width, initial-scale=1\">\n    <meta http-equiv=\"X-UA-Compatible\" content=\"IE=edge\">\n    <meta name=\"format-detection\" content=\"telephone=no\">\n    <meta name=\"robots\" content=\"noindex, nofollow\">\n    <title>Order Refunded: 1617</title>\n    \n    <!--[if !mso]><!-- --><link href=\"https://fonts.googleapis.com/css?family=Source+Sans+Pro:400,400i,700,700i\" rel=\"stylesheet\">\n<!--<![endif]-->\n<style type=\"text/css\">@media screen and (max-width: 599px){div{max-width: 100% !important;}}</style>\n</head>\n<body leftmargin=\"0\" topmargin=\"0\" marginwidth=\"0\" marginheight=\"0\" style=\"margin: 0; padding: 0; background-color: #f7f7f7;\" bgcolor=\"#f7f7f7\">\n    <table class=\"mailpoet_template\" border=\"0\" width=\"100%\" cellpadding=\"0\" cellspacing=\"0\" style=\"border-collapse: collapse; border-spacing: 0; mso-table-lspace: 0; mso-table-rspace: 0;\">\n        <tbody>\n        <tr>\n            \n        </tr>\n        <tr>\n            <td align=\"center\" class=\"mailpoet-wrapper\" valign=\"top\" style=\"border-collapse: collapse; background-color: #f7f7f7;\" bgcolor=\"#f7f7f7\">\n<!--[if mso]>\n                <table align=\"center\" border=\"0\" cellspacing=\"0\" cellpadding=\"0\"\n                       width=\"660\">\n                    <tr>\n                        <td class=\"mailpoet_content-wrapper\" align=\"center\" valign=\"top\" width=\"660\">\n                <![endif]--><table class=\"mailpoet_content-wrapper\" border=\"0\" width=\"100%\" cellpadding=\"0\" cellspacing=\"0\" style=\"border-collapse: collapse; background-color: #f7f7f7; border-spacing: 0; mso-table-lspace: 0; mso-table-rspace: 0; max-width: 660px; width: 100%;\" bgcolor=\"#f7f7f7\">\n                    <tbody>\n                    \n      <tr>\n        <td class=\"mailpoet_content\" align=\"center\" style=\"border-collapse: collapse;\">\n          <table width=\"100%\" border=\"0\" cellpadding=\"0\" cellspacing=\"0\" style=\"border-collapse: collapse; border-spacing: 0; mso-table-lspace: 0; mso-table-rspace: 0;\">\n            <tbody>\n              <tr>\n                <td style=\"border-collapse: collapse; padding-left: 0; padding-right: 0;\">\n                  <table width=\"100%\" border=\"0\" cellpadding=\"0\" cellspacing=\"0\" class=\"mailpoet_cols-one\" style=\"border-collapse: collapse; border-spacing: 0; mso-table-lspace: 0; mso-table-rspace: 0; table-layout: fixed; margin-left: auto; margin-right: auto; padding-left: 0; padding-right: 0;\">\n                    <tbody>\n      <tr>\n        <td class=\"mailpoet_text mailpoet_padded_vertical mailpoet_padded_side\" valign=\"top\" style=\"border-collapse: collapse; padding-top: 10px; padding-bottom: 10px; padding-left: 20px; padding-right: 20px; word-break: break-word; word-wrap: break-word;\">\n          \n        </td>\n      </tr>\n      <tr>\n        <td class=\"mailpoet_spacer\" height=\"20\" valign=\"top\" style=\"border-collapse: collapse;\"></td>\n      </tr>\n      <tr>\n        <td class=\"mailpoet_image \" align=\"center\" valign=\"top\" style=\"border-collapse: collapse;\">\n          <img src=\"https://concretebuilderssupply.com/wp-content/uploads/2021/05/cropped-Concrete-Builders-Logo.jpg\" width=\"236\" alt=\"cropped-Concrete-Builders-Logo.jpg\" style=\"height: auto; max-width: 100%; -ms-interpolation-mode: bicubic; border: 0; display: block; outline: none; text-align: center;\" border=\"0\">\n        </td>\n      </tr>\n      <tr>\n        <td class=\"mailpoet_spacer\" height=\"20\" valign=\"top\" style=\"border-collapse: collapse;\"></td>\n      </tr>\n                    </tbody>\n                  </table>\n                </td>\n              </tr>\n            </tbody>\n          </table>\n        </td>\n      </tr>\n      <tr>\n        <td class=\"mailpoet_content\" align=\"center\" bgcolor=\"#1e94d7\" style=\"border-collapse: collapse; background-color: #1e94d7;\">\n          <table width=\"100%\" border=\"0\" cellpadding=\"0\" cellspacing=\"0\" style=\"border-collapse: collapse; border-spacing: 0; mso-table-lspace: 0; mso-table-rspace: 0;\">\n            <tbody>\n              <tr>\n                <td style=\"border-collapse: collapse; padding-left: 0; padding-right: 0;\">\n                  <table width=\"100%\" border=\"0\" cellpadding=\"0\" cellspacing=\"0\" class=\"mailpoet_cols-one\" style=\"border-collapse: collapse; border-spacing: 0; mso-table-lspace: 0; mso-table-rspace: 0; table-layout: fixed; margin-left: auto; margin-right: auto; padding-left: 0; padding-right: 0;\">\n                    <tbody>\n      <tr>\n        <td class=\"mailpoet_text mailpoet_padded_vertical mailpoet_padded_side\" valign=\"top\" style=\"border-collapse: collapse; padding-top: 10px; padding-bottom: 10px; padding-left: 20px; padding-right: 20px; word-break: break-word; word-wrap: break-word;\">\n          \n    <table width=\"100%\" border=\"0\" cellpadding=\"0\" cellspacing=\"0\" style=\"border-collapse: collapse; border-spacing: 0; mso-table-lspace: 0; mso-table-rspace: 0;\">\n            <tr>\n              <td class=\"mailpoet_text\" valign=\"top\" style=\"border-collapse: collapse; padding-top: 20px; padding-bottom: 20px; word-break: break-word; word-wrap: break-word;\">\n<h1 style=\"margin: 0 0 10.8px; mso-ansi-font-size: 36px; color: #ffffff; font-family: \'source sans pro\',\'helvetica neue\',helvetica,arial,sans-serif; font-size: 36px; line-height: 57.6px; mso-line-height-alt: 58px; margin-bottom: 0; text-align: left; padding: 0; font-style: normal; font-weight: normal;\">Order Refunded: 1617</h1>\n        </td>\n      </tr>\n    </table>\n        </td>\n      </tr>\n                    </tbody>\n                  </table>\n                </td>\n              </tr>\n            </tbody>\n          </table>\n        </td>\n      </tr>\n      <tr>\n        <td class=\"mailpoet_content\" align=\"center\" style=\"border-collapse: collapse;\">\n          <table width=\"100%\" border=\"0\" cellpadding=\"0\" cellspacing=\"0\" style=\"border-collapse: collapse; border-spacing: 0; mso-table-lspace: 0; mso-table-rspace: 0;\">\n            <tbody>\n              <tr>\n                <td style=\"border-collapse: collapse; padding-left: 0; padding-right: 0;\">\n                  <table width=\"100%\" border=\"0\" cellpadding=\"0\" cellspacing=\"0\" class=\"mailpoet_cols-one\" style=\"border-collapse: collapse; border-spacing: 0; mso-table-lspace: 0; mso-table-rspace: 0; table-layout: fixed; margin-left: auto; margin-right: auto; padding-left: 0; padding-right: 0;\">\n                    <tbody>\n      <tr>\n        <td class=\"mailpoet_spacer\" height=\"20\" valign=\"top\" style=\"border-collapse: collapse;\"></td>\n      </tr>\n                    </tbody>\n                  </table>\n                </td>\n              </tr>\n            </tbody>\n          </table>\n        </td>\n      </tr>\n      <tr>\n        <td class=\"mailpoet_content\" align=\"center\" style=\"border-collapse: collapse;\">\n          <table width=\"100%\" border=\"0\" cellpadding=\"0\" cellspacing=\"0\" style=\"border-collapse: collapse; border-spacing: 0; mso-table-lspace: 0; mso-table-rspace: 0;\">\n            <tbody>\n              <tr>\n                <td style=\"border-collapse: collapse; padding-left: 0; padding-right: 0;\">\n                  <table width=\"100%\" border=\"0\" cellpadding=\"0\" cellspacing=\"0\" class=\"mailpoet_cols-one\" style=\"border-collapse: collapse; border-spacing: 0; mso-table-lspace: 0; mso-table-rspace: 0; table-layout: fixed; margin-left: auto; margin-right: auto; padding-left: 0; padding-right: 0;\">\n                    <tbody>\n      <tr>\n        <td class=\"\" style=\"border-collapse: collapse;\">\n          <div id=\"mailpoet_woocommerce_container\"><div id=\"body_content\" style=\"background-color: #f7f7f7;\" bgcolor=\"#f7f7f7\"><div id=\"body_content_inner\" style=\'color: #636363; font-family: \"Helvetica Neue\",Helvetica,Roboto,Arial,sans-serif; font-size: 14px; line-height: 150%; text-align: left;\' align=\"left\"><table style=\"width: 100%;\" width=\"100%\"><tr><td style=\"padding: 10px 20px;\">\n<p style=\"margin: 0 0 16px;\">Hi Tiana,</p>\n\n<p style=\"margin: 0 0 16px;\">\nYour order on Concrete Builders Supply has been refunded. There are more details below for your reference:</p>\n\n<h2 style=\'color: #1e94d7; display: block; font-family: \"Helvetica Neue\",Helvetica,Roboto,Arial,sans-serif; font-size: 18px; font-weight: 700; line-height: 130%; margin: 0 0 18px; text-align: left;\'>\n	[Order #1617] (September 13, 2022)</h2>\n\n<div style=\"margin-bottom: 40px;\">\n	<table class=\"td\" cellspacing=\"0\" cellpadding=\"6\" border=\"1\" style=\"color: #636363; border: 1px solid #dedede; vertical-align: middle; width: 100%; font-family: \'Helvetica Neue\', Helvetica, Roboto, Arial, sans-serif;\" width=\"100%\">\n		<thead>\n			<tr>\n				<th class=\"td\" scope=\"col\" style=\"color: #636363; border: 1px solid #dedede; vertical-align: middle; padding: 12px; text-align: left;\" align=\"left\">Product</th>\n				<th class=\"td\" scope=\"col\" style=\"color: #636363; border: 1px solid #dedede; vertical-align: middle; padding: 12px; text-align: left;\" align=\"left\">Quantity</th>\n				<th class=\"td\" scope=\"col\" style=\"color: #636363; border: 1px solid #dedede; vertical-align: middle; padding: 12px; text-align: left;\" align=\"left\">Price</th>\n			</tr>\n		</thead>\n		<tbody>\n				<tr class=\"order_item\">\n		<td class=\"td\" style=\"color: #636363; border: 1px solid #dedede; padding: 12px; text-align: left; vertical-align: middle; font-family: \'Helvetica Neue\', Helvetica, Roboto, Arial, sans-serif; word-wrap: break-word;\" align=\"left\">\n		Diamond Products - Polishing Pad 5\" &amp; 7\" - 5\", 100<ul class=\"wc-item-meta\" style=\"font-size: small; margin: 1em 0 0; padding: 0; list-style: none;\">\n<li style=\"margin: .5em 0 0; padding: 0;\">\n<strong class=\"wc-item-meta-label\" style=\"float: left; margin-right: .25em; clear: both;\">Size:</strong> <p style=\"margin: 0;\">5\"</p>\n</li>\n<li style=\"margin: .5em 0 0; padding: 0;\">\n<strong class=\"wc-item-meta-label\" style=\"float: left; margin-right: .25em; clear: both;\">Grit:</strong> <p style=\"margin: 0;\">100</p>\n</li>\n</ul>		</td>\n		<td class=\"td\" style=\"color: #636363; border: 1px solid #dedede; padding: 12px; text-align: left; vertical-align: middle; font-family: \'Helvetica Neue\', Helvetica, Roboto, Arial, sans-serif;\" align=\"left\">\n			1		</td>\n		<td class=\"td\" style=\"color: #636363; border: 1px solid #dedede; padding: 12px; text-align: left; vertical-align: middle; font-family: \'Helvetica Neue\', Helvetica, Roboto, Arial, sans-serif;\" align=\"left\">\n			<span class=\"woocommerce-Price-amount amount\"><span class=\"woocommerce-Price-currencySymbol\">$</span>55.38</span>		</td>\n	</tr>\n	\n		</tbody>\n		<tfoot>\n								<tr>\n						<th class=\"td\" scope=\"row\" colspan=\"2\" style=\"color: #636363; border: 1px solid #dedede; vertical-align: middle; padding: 12px; text-align: left; border-top-width: 4px;\" align=\"left\">Subtotal:</th>\n						<td class=\"td\" style=\"color: #636363; border: 1px solid #dedede; vertical-align: middle; padding: 12px; text-align: left; border-top-width: 4px;\" align=\"left\"><span class=\"woocommerce-Price-amount amount\"><span class=\"woocommerce-Price-currencySymbol\">$</span>55.38</span></td>\n					</tr>\n										<tr>\n						<th class=\"td\" scope=\"row\" colspan=\"2\" style=\"color: #636363; border: 1px solid #dedede; vertical-align: middle; padding: 12px; text-align: left;\" align=\"left\">Shipping:</th>\n						<td class=\"td\" style=\"color: #636363; border: 1px solid #dedede; vertical-align: middle; padding: 12px; text-align: left;\" align=\"left\">\n<span class=\"woocommerce-Price-amount amount\"><span class=\"woocommerce-Price-currencySymbol\">$</span>8.38</span> <small class=\"shipped_via\">via Priority Mail®</small>\n</td>\n					</tr>\n										<tr>\n						<th class=\"td\" scope=\"row\" colspan=\"2\" style=\"color: #636363; border: 1px solid #dedede; vertical-align: middle; padding: 12px; text-align: left;\" align=\"left\">Tax:</th>\n						<td class=\"td\" style=\"color: #636363; border: 1px solid #dedede; vertical-align: middle; padding: 12px; text-align: left;\" align=\"left\"><span class=\"woocommerce-Price-amount amount\"><span class=\"woocommerce-Price-currencySymbol\">$</span>0.00</span></td>\n					</tr>\n										<tr>\n						<th class=\"td\" scope=\"row\" colspan=\"2\" style=\"color: #636363; border: 1px solid #dedede; vertical-align: middle; padding: 12px; text-align: left;\" align=\"left\">Payment method:</th>\n						<td class=\"td\" style=\"color: #636363; border: 1px solid #dedede; vertical-align: middle; padding: 12px; text-align: left;\" align=\"left\">Credit card / debit card</td>\n					</tr>\n										<tr>\n						<th class=\"td\" scope=\"row\" colspan=\"2\" style=\"color: #636363; border: 1px solid #dedede; vertical-align: middle; padding: 12px; text-align: left;\" align=\"left\">test</th>\n						<td class=\"td\" style=\"color: #636363; border: 1px solid #dedede; vertical-align: middle; padding: 12px; text-align: left;\" align=\"left\"><span class=\"woocommerce-Price-amount amount\">-<span class=\"woocommerce-Price-currencySymbol\">$</span>63.76</span></td>\n					</tr>\n										<tr>\n						<th class=\"td\" scope=\"row\" colspan=\"2\" style=\"color: #636363; border: 1px solid #dedede; vertical-align: middle; padding: 12px; text-align: left;\" align=\"left\">Total:</th>\n						<td class=\"td\" style=\"color: #636363; border: 1px solid #dedede; vertical-align: middle; padding: 12px; text-align: left;\" align=\"left\">\n<del aria-hidden=\"true\">$63.76</del> <ins><span class=\"woocommerce-Price-amount amount\"><span class=\"woocommerce-Price-currencySymbol\">$</span>0.00</span></ins>\n</td>\n					</tr>\n							</tfoot>\n	</table>\n</div>\n\n<table id=\"addresses\" cellspacing=\"0\" cellpadding=\"0\" border=\"0\" style=\"width: 100%; vertical-align: top; margin-bottom: 40px; padding: 0;\" width=\"100%\">\n	<tr>\n		<td valign=\"top\" width=\"50%\" style=\"text-align: left; font-family: \'Helvetica Neue\', Helvetica, Roboto, Arial, sans-serif; border: 0; padding: 0;\" align=\"left\">\n			<h2 style=\'color: #1e94d7; display: block; font-family: \"Helvetica Neue\",Helvetica,Roboto,Arial,sans-serif; font-size: 18px; font-weight: 700; line-height: 130%; margin: 0 0 18px; text-align: left;\'>Billing address</h2>\n\n			<address class=\"address\" style=\"padding: 12px; color: #636363; border: 1px solid #dedede;\">\n				Tiana Burt<br>BMG<br>2853 West Sherwood Ave.<br>Roseburg, OR 97471									<br><a href=\"tel:5415052259\" style=\"color: #1e94d7; font-weight: 400; text-decoration: underline;\">541-505-2259</a>													<br>tiana@burtmg.com							</address>\n		</td>\n					<td valign=\"top\" width=\"50%\" style=\"text-align: left; font-family: \'Helvetica Neue\', Helvetica, Roboto, Arial, sans-serif; padding: 0;\" align=\"left\">\n				<h2 style=\'color: #1e94d7; display: block; font-family: \"Helvetica Neue\",Helvetica,Roboto,Arial,sans-serif; font-size: 18px; font-weight: 700; line-height: 130%; margin: 0 0 18px; text-align: left;\'>Shipping address</h2>\n\n				<address class=\"address\" style=\"padding: 12px; color: #636363; border: 1px solid #dedede;\">\n					Tiana Burt<br>BMG<br>2853 W SHERWOOD AVE<br>ROSEBURG, OR 97471-2690											<br><a href=\"tel:5415052259\" style=\"color: #1e94d7; font-weight: 400; text-decoration: underline;\">541-505-2259</a>									</address>\n			</td>\n			</tr>\n</table>\n<p style=\"margin: 0 0 16px;\">We hope to see you again soon.</p>\n</td></tr></table></div></div></div>\n        </td>\n      </tr>\n                    </tbody>\n                  </table>\n                </td>\n              </tr>\n            </tbody>\n          </table>\n        </td>\n      </tr>\n      <tr>\n        <td class=\"mailpoet_content\" align=\"center\" style=\"border-collapse: collapse;\">\n          <table width=\"100%\" border=\"0\" cellpadding=\"0\" cellspacing=\"0\" style=\"border-collapse: collapse; border-spacing: 0; mso-table-lspace: 0; mso-table-rspace: 0;\">\n            <tbody>\n              <tr>\n                <td style=\"border-collapse: collapse; padding-left: 0; padding-right: 0;\">\n                  <table width=\"100%\" border=\"0\" cellpadding=\"0\" cellspacing=\"0\" class=\"mailpoet_cols-one\" style=\"border-collapse: collapse; border-spacing: 0; mso-table-lspace: 0; mso-table-rspace: 0; table-layout: fixed; margin-left: auto; margin-right: auto; padding-left: 0; padding-right: 0;\">\n                    <tbody>\n      <tr>\n        <td class=\"mailpoet_spacer\" height=\"20\" valign=\"top\" style=\"border-collapse: collapse;\"></td>\n      </tr>\n                    </tbody>\n                  </table>\n                </td>\n              </tr>\n            </tbody>\n          </table>\n        </td>\n      </tr>\n      <tr>\n        <td class=\"mailpoet_content\" align=\"center\" style=\"border-collapse: collapse;\">\n          <table width=\"100%\" border=\"0\" cellpadding=\"0\" cellspacing=\"0\" style=\"border-collapse: collapse; border-spacing: 0; mso-table-lspace: 0; mso-table-rspace: 0;\">\n            <tbody>\n              <tr>\n                <td style=\"border-collapse: collapse; padding-left: 0; padding-right: 0;\">\n                  <table width=\"100%\" border=\"0\" cellpadding=\"0\" cellspacing=\"0\" class=\"mailpoet_cols-one\" style=\"border-collapse: collapse; border-spacing: 0; mso-table-lspace: 0; mso-table-rspace: 0; table-layout: fixed; margin-left: auto; margin-right: auto; padding-left: 0; padding-right: 0;\">\n                    <tbody>\n      <tr>\n        <td class=\"mailpoet_spacer\" height=\"20\" valign=\"top\" style=\"border-collapse: collapse;\"></td>\n      </tr>\n      <tr>\n        <td class=\"mailpoet_text mailpoet_padded_vertical mailpoet_padded_side\" valign=\"top\" style=\"border-collapse: collapse; padding-top: 10px; padding-bottom: 10px; padding-left: 20px; padding-right: 20px; word-break: break-word; word-wrap: break-word;\">\n          <table width=\"100%\" cellpadding=\"0\" style=\"border-collapse: collapse; border-spacing: 0; mso-table-lspace: 0; mso-table-rspace: 0;\" cellspacing=\"0\">\n        <tr>\n          <td class=\"mailpoet_paragraph\" style=\"border-collapse: collapse; mso-ansi-font-size: 14px; color: #3c3c3c; font-family: Arial,\'Helvetica Neue\',Helvetica,sans-serif; font-size: 14px; line-height: 22.4px; mso-line-height-alt: 22px; word-break: break-word; word-wrap: break-word; text-align: center;\" align=\"center\">\n            We appreciate your business!\n          </td>\n        </tr>\n</table>\n        </td>\n      </tr>\n                    </tbody>\n                  </table>\n                </td>\n              </tr>\n            </tbody>\n          </table>\n        </td>\n      </tr>\n      <tr>\n        <td class=\"mailpoet_content\" align=\"center\" style=\"border-collapse: collapse;\">\n          <table width=\"100%\" border=\"0\" cellpadding=\"0\" cellspacing=\"0\" style=\"border-collapse: collapse; border-spacing: 0; mso-table-lspace: 0; mso-table-rspace: 0;\">\n            <tbody>\n              <tr>\n                <td style=\"border-collapse: collapse; padding-left: 0; padding-right: 0;\">\n                  <table width=\"100%\" border=\"0\" cellpadding=\"0\" cellspacing=\"0\" class=\"mailpoet_cols-one\" style=\"border-collapse: collapse; border-spacing: 0; mso-table-lspace: 0; mso-table-rspace: 0; table-layout: fixed; margin-left: auto; margin-right: auto; padding-left: 0; padding-right: 0;\">\n                    <tbody>\n      <tr>\n        <td class=\"mailpoet_spacer\" height=\"20\" valign=\"top\" style=\"border-collapse: collapse;\"></td>\n      </tr>\n      <tr>\n        <td class=\"mailpoet_text mailpoet_padded_vertical mailpoet_padded_side\" valign=\"top\" style=\"border-collapse: collapse; padding-top: 10px; padding-bottom: 10px; padding-left: 20px; padding-right: 20px; word-break: break-word; word-wrap: break-word;\">\n          <table width=\"100%\" cellpadding=\"0\" style=\"border-collapse: collapse; border-spacing: 0; mso-table-lspace: 0; mso-table-rspace: 0;\" cellspacing=\"0\">\n        <tr>\n          <td class=\"mailpoet_paragraph\" style=\"border-collapse: collapse; mso-ansi-font-size: 14px; color: #3c3c3c; font-family: Arial,\'Helvetica Neue\',Helvetica,sans-serif; font-size: 14px; line-height: 22.4px; mso-line-height-alt: 22px; word-break: break-word; word-wrap: break-word; text-align: center;\" align=\"center\">\n            Click HERE to unsubscribe.\n          </td>\n        </tr>\n</table>\n        </td>\n      </tr>\n                    </tbody>\n                  </table>\n                </td>\n              </tr>\n            </tbody>\n          </table>\n        </td>\n      </tr>\n                    </tbody>\n                </table>\n<!--[if mso]>\n                </td>\n                </tr>\n                </table>\n                <![endif]-->\n</td>\n        </tr>\n        </tbody>\n    </table>\n</body>\n</html>\n','Content-Type: text/html\r\nReply-to: Concrete Builders Supply, INC. <info@concretebuilderssupply.com>\r\n','',NULL,'1.10.4'),
(20,'2022-09-20 19:11:40','162.213.251.177','info@concretebuilderssupply.com','[Concrete Builders Supply]: New order #1627','<!DOCTYPE html>\n<html lang=\"en\" style=\"margin: 0; padding: 0;\">\n<head>\n    <meta http-equiv=\"Content-Type\" content=\"text/html; charset=UTF-8\">\n    <meta name=\"viewport\" content=\"width=device-width, initial-scale=1\">\n    <meta http-equiv=\"X-UA-Compatible\" content=\"IE=edge\">\n    <meta name=\"format-detection\" content=\"telephone=no\">\n    <meta name=\"robots\" content=\"noindex, nofollow\">\n    <title>New Order: #1627</title>\n    \n    <!--[if !mso]><!-- --><link href=\"https://fonts.googleapis.com/css?family=Source+Sans+Pro:400,400i,700,700i\" rel=\"stylesheet\">\n<!--<![endif]-->\n<style type=\"text/css\">@media screen and (max-width: 599px){div{max-width: 100% !important;}}</style>\n</head>\n<body leftmargin=\"0\" topmargin=\"0\" marginwidth=\"0\" marginheight=\"0\" style=\"margin: 0; padding: 0; background-color: #f7f7f7;\" bgcolor=\"#f7f7f7\">\n    <table class=\"mailpoet_template\" border=\"0\" width=\"100%\" cellpadding=\"0\" cellspacing=\"0\" style=\"border-collapse: collapse; border-spacing: 0; mso-table-lspace: 0; mso-table-rspace: 0;\">\n        <tbody>\n        <tr>\n            \n        </tr>\n        <tr>\n            <td align=\"center\" class=\"mailpoet-wrapper\" valign=\"top\" style=\"border-collapse: collapse; background-color: #f7f7f7;\" bgcolor=\"#f7f7f7\">\n<!--[if mso]>\n                <table align=\"center\" border=\"0\" cellspacing=\"0\" cellpadding=\"0\"\n                       width=\"660\">\n                    <tr>\n                        <td class=\"mailpoet_content-wrapper\" align=\"center\" valign=\"top\" width=\"660\">\n                <![endif]--><table class=\"mailpoet_content-wrapper\" border=\"0\" width=\"100%\" cellpadding=\"0\" cellspacing=\"0\" style=\"border-collapse: collapse; background-color: #f7f7f7; border-spacing: 0; mso-table-lspace: 0; mso-table-rspace: 0; max-width: 660px; width: 100%;\" bgcolor=\"#f7f7f7\">\n                    <tbody>\n                    \n      <tr>\n        <td class=\"mailpoet_content\" align=\"center\" style=\"border-collapse: collapse;\">\n          <table width=\"100%\" border=\"0\" cellpadding=\"0\" cellspacing=\"0\" style=\"border-collapse: collapse; border-spacing: 0; mso-table-lspace: 0; mso-table-rspace: 0;\">\n            <tbody>\n              <tr>\n                <td style=\"border-collapse: collapse; padding-left: 0; padding-right: 0;\">\n                  <table width=\"100%\" border=\"0\" cellpadding=\"0\" cellspacing=\"0\" class=\"mailpoet_cols-one\" style=\"border-collapse: collapse; border-spacing: 0; mso-table-lspace: 0; mso-table-rspace: 0; table-layout: fixed; margin-left: auto; margin-right: auto; padding-left: 0; padding-right: 0;\">\n                    <tbody>\n      <tr>\n        <td class=\"mailpoet_text mailpoet_padded_vertical mailpoet_padded_side\" valign=\"top\" style=\"border-collapse: collapse; padding-top: 10px; padding-bottom: 10px; padding-left: 20px; padding-right: 20px; word-break: break-word; word-wrap: break-word;\">\n          \n        </td>\n      </tr>\n      <tr>\n        <td class=\"mailpoet_spacer\" height=\"20\" valign=\"top\" style=\"border-collapse: collapse;\"></td>\n      </tr>\n      <tr>\n        <td class=\"mailpoet_image \" align=\"center\" valign=\"top\" style=\"border-collapse: collapse;\">\n          <img src=\"https://concretebuilderssupply.com/wp-content/uploads/2021/05/cropped-Concrete-Builders-Logo.jpg\" width=\"236\" alt=\"cropped-Concrete-Builders-Logo.jpg\" style=\"height: auto; max-width: 100%; -ms-interpolation-mode: bicubic; border: 0; display: block; outline: none; text-align: center;\" border=\"0\">\n        </td>\n      </tr>\n      <tr>\n        <td class=\"mailpoet_spacer\" height=\"20\" valign=\"top\" style=\"border-collapse: collapse;\"></td>\n      </tr>\n                    </tbody>\n                  </table>\n                </td>\n              </tr>\n            </tbody>\n          </table>\n        </td>\n      </tr>\n      <tr>\n        <td class=\"mailpoet_content\" align=\"center\" bgcolor=\"#1e94d7\" style=\"border-collapse: collapse; background-color: #1e94d7;\">\n          <table width=\"100%\" border=\"0\" cellpadding=\"0\" cellspacing=\"0\" style=\"border-collapse: collapse; border-spacing: 0; mso-table-lspace: 0; mso-table-rspace: 0;\">\n            <tbody>\n              <tr>\n                <td style=\"border-collapse: collapse; padding-left: 0; padding-right: 0;\">\n                  <table width=\"100%\" border=\"0\" cellpadding=\"0\" cellspacing=\"0\" class=\"mailpoet_cols-one\" style=\"border-collapse: collapse; border-spacing: 0; mso-table-lspace: 0; mso-table-rspace: 0; table-layout: fixed; margin-left: auto; margin-right: auto; padding-left: 0; padding-right: 0;\">\n                    <tbody>\n      <tr>\n        <td class=\"mailpoet_text mailpoet_padded_vertical mailpoet_padded_side\" valign=\"top\" style=\"border-collapse: collapse; padding-top: 10px; padding-bottom: 10px; padding-left: 20px; padding-right: 20px; word-break: break-word; word-wrap: break-word;\">\n          \n    <table width=\"100%\" border=\"0\" cellpadding=\"0\" cellspacing=\"0\" style=\"border-collapse: collapse; border-spacing: 0; mso-table-lspace: 0; mso-table-rspace: 0;\">\n            <tr>\n              <td class=\"mailpoet_text\" valign=\"top\" style=\"border-collapse: collapse; padding-top: 20px; padding-bottom: 20px; word-break: break-word; word-wrap: break-word;\">\n<h1 style=\"margin: 0 0 10.8px; mso-ansi-font-size: 36px; color: #ffffff; font-family: \'source sans pro\',\'helvetica neue\',helvetica,arial,sans-serif; font-size: 36px; line-height: 57.6px; mso-line-height-alt: 58px; margin-bottom: 0; text-align: left; padding: 0; font-style: normal; font-weight: normal;\">New Order: #1627</h1>\n        </td>\n      </tr>\n    </table>\n        </td>\n      </tr>\n                    </tbody>\n                  </table>\n                </td>\n              </tr>\n            </tbody>\n          </table>\n        </td>\n      </tr>\n      <tr>\n        <td class=\"mailpoet_content\" align=\"center\" style=\"border-collapse: collapse;\">\n          <table width=\"100%\" border=\"0\" cellpadding=\"0\" cellspacing=\"0\" style=\"border-collapse: collapse; border-spacing: 0; mso-table-lspace: 0; mso-table-rspace: 0;\">\n            <tbody>\n              <tr>\n                <td style=\"border-collapse: collapse; padding-left: 0; padding-right: 0;\">\n                  <table width=\"100%\" border=\"0\" cellpadding=\"0\" cellspacing=\"0\" class=\"mailpoet_cols-one\" style=\"border-collapse: collapse; border-spacing: 0; mso-table-lspace: 0; mso-table-rspace: 0; table-layout: fixed; margin-left: auto; margin-right: auto; padding-left: 0; padding-right: 0;\">\n                    <tbody>\n      <tr>\n        <td class=\"mailpoet_spacer\" height=\"20\" valign=\"top\" style=\"border-collapse: collapse;\"></td>\n      </tr>\n                    </tbody>\n                  </table>\n                </td>\n              </tr>\n            </tbody>\n          </table>\n        </td>\n      </tr>\n      <tr>\n        <td class=\"mailpoet_content\" align=\"center\" style=\"border-collapse: collapse;\">\n          <table width=\"100%\" border=\"0\" cellpadding=\"0\" cellspacing=\"0\" style=\"border-collapse: collapse; border-spacing: 0; mso-table-lspace: 0; mso-table-rspace: 0;\">\n            <tbody>\n              <tr>\n                <td style=\"border-collapse: collapse; padding-left: 0; padding-right: 0;\">\n                  <table width=\"100%\" border=\"0\" cellpadding=\"0\" cellspacing=\"0\" class=\"mailpoet_cols-one\" style=\"border-collapse: collapse; border-spacing: 0; mso-table-lspace: 0; mso-table-rspace: 0; table-layout: fixed; margin-left: auto; margin-right: auto; padding-left: 0; padding-right: 0;\">\n                    <tbody>\n      <tr>\n        <td class=\"\" style=\"border-collapse: collapse;\">\n          <div id=\"mailpoet_woocommerce_container\"><div id=\"body_content\" style=\"background-color: #f7f7f7;\" bgcolor=\"#f7f7f7\"><div id=\"body_content_inner\" style=\'color: #636363; font-family: \"Helvetica Neue\",Helvetica,Roboto,Arial,sans-serif; font-size: 14px; line-height: 150%; text-align: left;\' align=\"left\"><table style=\"width: 100%;\" width=\"100%\"><tr><td style=\"padding: 10px 20px;\">\n<p style=\"margin: 0 0 16px;\">You’ve received the following order from Tiana Burt:</p>\n\n<h2 style=\'color: #1e94d7; display: block; font-family: \"Helvetica Neue\",Helvetica,Roboto,Arial,sans-serif; font-size: 18px; font-weight: 700; line-height: 130%; margin: 0 0 18px; text-align: left;\'>\n	<a class=\"link\" href=\"https://concretebuilderssupply.com/wp-admin/post.php?post=1627&amp;action=edit\" style=\"font-weight: 400; text-decoration: underline; color: #1e94d7;\">[Order #1627]</a> (September 20, 2022)</h2>\n\n<div style=\"margin-bottom: 40px;\">\n	<table class=\"td\" cellspacing=\"0\" cellpadding=\"6\" border=\"1\" style=\"color: #636363; border: 1px solid #dedede; vertical-align: middle; width: 100%; font-family: \'Helvetica Neue\', Helvetica, Roboto, Arial, sans-serif;\" width=\"100%\">\n		<thead>\n			<tr>\n				<th class=\"td\" scope=\"col\" style=\"color: #636363; border: 1px solid #dedede; vertical-align: middle; padding: 12px; text-align: left;\" align=\"left\">Product</th>\n				<th class=\"td\" scope=\"col\" style=\"color: #636363; border: 1px solid #dedede; vertical-align: middle; padding: 12px; text-align: left;\" align=\"left\">Quantity</th>\n				<th class=\"td\" scope=\"col\" style=\"color: #636363; border: 1px solid #dedede; vertical-align: middle; padding: 12px; text-align: left;\" align=\"left\">Price</th>\n			</tr>\n		</thead>\n		<tbody>\n				<tr class=\"order_item\">\n		<td class=\"td\" style=\"color: #636363; border: 1px solid #dedede; padding: 12px; text-align: left; vertical-align: middle; font-family: \'Helvetica Neue\', Helvetica, Roboto, Arial, sans-serif; word-wrap: break-word;\" align=\"left\">\n		Diamond Products - Polishing Pad 5\" &amp; 7\" - 5\", 100 (#199)<ul class=\"wc-item-meta\" style=\"font-size: small; margin: 1em 0 0; padding: 0; list-style: none;\">\n<li style=\"margin: .5em 0 0; padding: 0;\">\n<strong class=\"wc-item-meta-label\" style=\"float: left; margin-right: .25em; clear: both;\">Size:</strong> <p style=\"margin: 0;\">5\"</p>\n</li>\n<li style=\"margin: .5em 0 0; padding: 0;\">\n<strong class=\"wc-item-meta-label\" style=\"float: left; margin-right: .25em; clear: both;\">Grit:</strong> <p style=\"margin: 0;\">100</p>\n</li>\n</ul>		</td>\n		<td class=\"td\" style=\"color: #636363; border: 1px solid #dedede; padding: 12px; text-align: left; vertical-align: middle; font-family: \'Helvetica Neue\', Helvetica, Roboto, Arial, sans-serif;\" align=\"left\">\n			1		</td>\n		<td class=\"td\" style=\"color: #636363; border: 1px solid #dedede; padding: 12px; text-align: left; vertical-align: middle; font-family: \'Helvetica Neue\', Helvetica, Roboto, Arial, sans-serif;\" align=\"left\">\n			<span class=\"woocommerce-Price-amount amount\"><span class=\"woocommerce-Price-currencySymbol\">$</span>55.38</span>		</td>\n	</tr>\n	\n		</tbody>\n		<tfoot>\n								<tr>\n						<th class=\"td\" scope=\"row\" colspan=\"2\" style=\"color: #636363; border: 1px solid #dedede; vertical-align: middle; padding: 12px; text-align: left; border-top-width: 4px;\" align=\"left\">Subtotal:</th>\n						<td class=\"td\" style=\"color: #636363; border: 1px solid #dedede; vertical-align: middle; padding: 12px; text-align: left; border-top-width: 4px;\" align=\"left\"><span class=\"woocommerce-Price-amount amount\"><span class=\"woocommerce-Price-currencySymbol\">$</span>55.38</span></td>\n					</tr>\n										<tr>\n						<th class=\"td\" scope=\"row\" colspan=\"2\" style=\"color: #636363; border: 1px solid #dedede; vertical-align: middle; padding: 12px; text-align: left;\" align=\"left\">Shipping:</th>\n						<td class=\"td\" style=\"color: #636363; border: 1px solid #dedede; vertical-align: middle; padding: 12px; text-align: left;\" align=\"left\">Local pickup</td>\n					</tr>\n										<tr>\n						<th class=\"td\" scope=\"row\" colspan=\"2\" style=\"color: #636363; border: 1px solid #dedede; vertical-align: middle; padding: 12px; text-align: left;\" align=\"left\">Tax:</th>\n						<td class=\"td\" style=\"color: #636363; border: 1px solid #dedede; vertical-align: middle; padding: 12px; text-align: left;\" align=\"left\"><span class=\"woocommerce-Price-amount amount\"><span class=\"woocommerce-Price-currencySymbol\">$</span>0.00</span></td>\n					</tr>\n										<tr>\n						<th class=\"td\" scope=\"row\" colspan=\"2\" style=\"color: #636363; border: 1px solid #dedede; vertical-align: middle; padding: 12px; text-align: left;\" align=\"left\">Payment method:</th>\n						<td class=\"td\" style=\"color: #636363; border: 1px solid #dedede; vertical-align: middle; padding: 12px; text-align: left;\" align=\"left\">Credit card / debit card</td>\n					</tr>\n										<tr>\n						<th class=\"td\" scope=\"row\" colspan=\"2\" style=\"color: #636363; border: 1px solid #dedede; vertical-align: middle; padding: 12px; text-align: left;\" align=\"left\">Total:</th>\n						<td class=\"td\" style=\"color: #636363; border: 1px solid #dedede; vertical-align: middle; padding: 12px; text-align: left;\" align=\"left\"><span class=\"woocommerce-Price-amount amount\"><span class=\"woocommerce-Price-currencySymbol\">$</span>55.38</span></td>\n					</tr>\n									<tr>\n					<th class=\"td\" scope=\"row\" colspan=\"2\" style=\"color: #636363; border: 1px solid #dedede; vertical-align: middle; padding: 12px; text-align: left;\" align=\"left\">Note:</th>\n					<td class=\"td\" style=\"color: #636363; border: 1px solid #dedede; vertical-align: middle; padding: 12px; text-align: left;\" align=\"left\">FINAL TEST</td>\n				</tr>\n						</tfoot>\n	</table>\n</div>\n\n<table id=\"addresses\" cellspacing=\"0\" cellpadding=\"0\" border=\"0\" style=\"width: 100%; vertical-align: top; margin-bottom: 40px; padding: 0;\" width=\"100%\">\n	<tr>\n		<td valign=\"top\" width=\"50%\" style=\"text-align: left; font-family: \'Helvetica Neue\', Helvetica, Roboto, Arial, sans-serif; border: 0; padding: 0;\" align=\"left\">\n			<h2 style=\'color: #1e94d7; display: block; font-family: \"Helvetica Neue\",Helvetica,Roboto,Arial,sans-serif; font-size: 18px; font-weight: 700; line-height: 130%; margin: 0 0 18px; text-align: left;\'>Billing address</h2>\n\n			<address class=\"address\" style=\"padding: 12px; color: #636363; border: 1px solid #dedede;\">\n				Tiana Burt<br>BMG<br>2853 West Sherwood Ave.<br>Roseburg, OR 97471									<br><a href=\"tel:5415052259\" style=\"color: #1e94d7; font-weight: 400; text-decoration: underline;\">541-505-2259</a>													<br>tiana@burtmg.com							</address>\n		</td>\n			</tr>\n</table>\n<p style=\"margin: 0 0 16px;\">Congratulations on the sale.</p>\n</td></tr></table></div></div></div>\n        </td>\n      </tr>\n                    </tbody>\n                  </table>\n                </td>\n              </tr>\n            </tbody>\n          </table>\n        </td>\n      </tr>\n      <tr>\n        <td class=\"mailpoet_content\" align=\"center\" style=\"border-collapse: collapse;\">\n          <table width=\"100%\" border=\"0\" cellpadding=\"0\" cellspacing=\"0\" style=\"border-collapse: collapse; border-spacing: 0; mso-table-lspace: 0; mso-table-rspace: 0;\">\n            <tbody>\n              <tr>\n                <td style=\"border-collapse: collapse; padding-left: 0; padding-right: 0;\">\n                  <table width=\"100%\" border=\"0\" cellpadding=\"0\" cellspacing=\"0\" class=\"mailpoet_cols-one\" style=\"border-collapse: collapse; border-spacing: 0; mso-table-lspace: 0; mso-table-rspace: 0; table-layout: fixed; margin-left: auto; margin-right: auto; padding-left: 0; padding-right: 0;\">\n                    <tbody>\n      <tr>\n        <td class=\"mailpoet_spacer\" height=\"20\" valign=\"top\" style=\"border-collapse: collapse;\"></td>\n      </tr>\n                    </tbody>\n                  </table>\n                </td>\n              </tr>\n            </tbody>\n          </table>\n        </td>\n      </tr>\n      <tr>\n        <td class=\"mailpoet_content\" align=\"center\" style=\"border-collapse: collapse;\">\n          <table width=\"100%\" border=\"0\" cellpadding=\"0\" cellspacing=\"0\" style=\"border-collapse: collapse; border-spacing: 0; mso-table-lspace: 0; mso-table-rspace: 0;\">\n            <tbody>\n              <tr>\n                <td style=\"border-collapse: collapse; padding-left: 0; padding-right: 0;\">\n                  <table width=\"100%\" border=\"0\" cellpadding=\"0\" cellspacing=\"0\" class=\"mailpoet_cols-one\" style=\"border-collapse: collapse; border-spacing: 0; mso-table-lspace: 0; mso-table-rspace: 0; table-layout: fixed; margin-left: auto; margin-right: auto; padding-left: 0; padding-right: 0;\">\n                    <tbody>\n      <tr>\n        <td class=\"mailpoet_spacer\" height=\"20\" valign=\"top\" style=\"border-collapse: collapse;\"></td>\n      </tr>\n      <tr>\n        <td class=\"mailpoet_text mailpoet_padded_vertical mailpoet_padded_side\" valign=\"top\" style=\"border-collapse: collapse; padding-top: 10px; padding-bottom: 10px; padding-left: 20px; padding-right: 20px; word-break: break-word; word-wrap: break-word;\">\n          <table width=\"100%\" cellpadding=\"0\" style=\"border-collapse: collapse; border-spacing: 0; mso-table-lspace: 0; mso-table-rspace: 0;\" cellspacing=\"0\">\n        <tr>\n          <td class=\"mailpoet_paragraph\" style=\"border-collapse: collapse; mso-ansi-font-size: 14px; color: #3c3c3c; font-family: Arial,\'Helvetica Neue\',Helvetica,sans-serif; font-size: 14px; line-height: 22.4px; mso-line-height-alt: 22px; word-break: break-word; word-wrap: break-word; text-align: center;\" align=\"center\">\n            We appreciate your business!\n          </td>\n        </tr>\n</table>\n        </td>\n      </tr>\n                    </tbody>\n                  </table>\n                </td>\n              </tr>\n            </tbody>\n          </table>\n        </td>\n      </tr>\n      <tr>\n        <td class=\"mailpoet_content\" align=\"center\" style=\"border-collapse: collapse;\">\n          <table width=\"100%\" border=\"0\" cellpadding=\"0\" cellspacing=\"0\" style=\"border-collapse: collapse; border-spacing: 0; mso-table-lspace: 0; mso-table-rspace: 0;\">\n            <tbody>\n              <tr>\n                <td style=\"border-collapse: collapse; padding-left: 0; padding-right: 0;\">\n                  <table width=\"100%\" border=\"0\" cellpadding=\"0\" cellspacing=\"0\" class=\"mailpoet_cols-one\" style=\"border-collapse: collapse; border-spacing: 0; mso-table-lspace: 0; mso-table-rspace: 0; table-layout: fixed; margin-left: auto; margin-right: auto; padding-left: 0; padding-right: 0;\">\n                    <tbody>\n      <tr>\n        <td class=\"mailpoet_spacer\" height=\"20\" valign=\"top\" style=\"border-collapse: collapse;\"></td>\n      </tr>\n      <tr>\n        <td class=\"mailpoet_text mailpoet_padded_vertical mailpoet_padded_side\" valign=\"top\" style=\"border-collapse: collapse; padding-top: 10px; padding-bottom: 10px; padding-left: 20px; padding-right: 20px; word-break: break-word; word-wrap: break-word;\">\n          <table width=\"100%\" cellpadding=\"0\" style=\"border-collapse: collapse; border-spacing: 0; mso-table-lspace: 0; mso-table-rspace: 0;\" cellspacing=\"0\">\n        <tr>\n          <td class=\"mailpoet_paragraph\" style=\"border-collapse: collapse; mso-ansi-font-size: 14px; color: #3c3c3c; font-family: Arial,\'Helvetica Neue\',Helvetica,sans-serif; font-size: 14px; line-height: 22.4px; mso-line-height-alt: 22px; word-break: break-word; word-wrap: break-word; text-align: center;\" align=\"center\">\n            Click HERE to unsubscribe.\n          </td>\n        </tr>\n</table>\n        </td>\n      </tr>\n                    </tbody>\n                  </table>\n                </td>\n              </tr>\n            </tbody>\n          </table>\n        </td>\n      </tr>\n                    </tbody>\n                </table>\n<!--[if mso]>\n                </td>\n                </tr>\n                </table>\n                <![endif]-->\n</td>\n        </tr>\n        </tbody>\n    </table>\n</body>\n</html>\n','Content-Type: text/html\r\nReply-to: Tiana Burt <tiana@burtmg.com>\r\n','',NULL,'1.10.4'),
(21,'2022-09-20 19:11:41','162.213.251.177','tiana@burtmg.com','Your Concrete Builders Supply order has been received!','<!DOCTYPE html>\n<html lang=\"en\" style=\"margin: 0; padding: 0;\">\n<head>\n    <meta http-equiv=\"Content-Type\" content=\"text/html; charset=UTF-8\">\n    <meta name=\"viewport\" content=\"width=device-width, initial-scale=1\">\n    <meta http-equiv=\"X-UA-Compatible\" content=\"IE=edge\">\n    <meta name=\"format-detection\" content=\"telephone=no\">\n    <meta name=\"robots\" content=\"noindex, nofollow\">\n    <title>Thank you for your order</title>\n    \n    <!--[if !mso]><!-- --><link href=\"https://fonts.googleapis.com/css?family=Source+Sans+Pro:400,400i,700,700i\" rel=\"stylesheet\">\n<!--<![endif]-->\n<style type=\"text/css\">@media screen and (max-width: 599px){div{max-width: 100% !important;}}</style>\n</head>\n<body leftmargin=\"0\" topmargin=\"0\" marginwidth=\"0\" marginheight=\"0\" style=\"margin: 0; padding: 0; background-color: #f7f7f7;\" bgcolor=\"#f7f7f7\">\n    <table class=\"mailpoet_template\" border=\"0\" width=\"100%\" cellpadding=\"0\" cellspacing=\"0\" style=\"border-collapse: collapse; border-spacing: 0; mso-table-lspace: 0; mso-table-rspace: 0;\">\n        <tbody>\n        <tr>\n            \n        </tr>\n        <tr>\n            <td align=\"center\" class=\"mailpoet-wrapper\" valign=\"top\" style=\"border-collapse: collapse; background-color: #f7f7f7;\" bgcolor=\"#f7f7f7\">\n<!--[if mso]>\n                <table align=\"center\" border=\"0\" cellspacing=\"0\" cellpadding=\"0\"\n                       width=\"660\">\n                    <tr>\n                        <td class=\"mailpoet_content-wrapper\" align=\"center\" valign=\"top\" width=\"660\">\n                <![endif]--><table class=\"mailpoet_content-wrapper\" border=\"0\" width=\"100%\" cellpadding=\"0\" cellspacing=\"0\" style=\"border-collapse: collapse; background-color: #f7f7f7; border-spacing: 0; mso-table-lspace: 0; mso-table-rspace: 0; max-width: 660px; width: 100%;\" bgcolor=\"#f7f7f7\">\n                    <tbody>\n                    \n      <tr>\n        <td class=\"mailpoet_content\" align=\"center\" style=\"border-collapse: collapse;\">\n          <table width=\"100%\" border=\"0\" cellpadding=\"0\" cellspacing=\"0\" style=\"border-collapse: collapse; border-spacing: 0; mso-table-lspace: 0; mso-table-rspace: 0;\">\n            <tbody>\n              <tr>\n                <td style=\"border-collapse: collapse; padding-left: 0; padding-right: 0;\">\n                  <table width=\"100%\" border=\"0\" cellpadding=\"0\" cellspacing=\"0\" class=\"mailpoet_cols-one\" style=\"border-collapse: collapse; border-spacing: 0; mso-table-lspace: 0; mso-table-rspace: 0; table-layout: fixed; margin-left: auto; margin-right: auto; padding-left: 0; padding-right: 0;\">\n                    <tbody>\n      <tr>\n        <td class=\"mailpoet_text mailpoet_padded_vertical mailpoet_padded_side\" valign=\"top\" style=\"border-collapse: collapse; padding-top: 10px; padding-bottom: 10px; padding-left: 20px; padding-right: 20px; word-break: break-word; word-wrap: break-word;\">\n          \n        </td>\n      </tr>\n      <tr>\n        <td class=\"mailpoet_spacer\" height=\"20\" valign=\"top\" style=\"border-collapse: collapse;\"></td>\n      </tr>\n      <tr>\n        <td class=\"mailpoet_image \" align=\"center\" valign=\"top\" style=\"border-collapse: collapse;\">\n          <img src=\"https://concretebuilderssupply.com/wp-content/uploads/2021/05/cropped-Concrete-Builders-Logo.jpg\" width=\"236\" alt=\"cropped-Concrete-Builders-Logo.jpg\" style=\"height: auto; max-width: 100%; -ms-interpolation-mode: bicubic; border: 0; display: block; outline: none; text-align: center;\" border=\"0\">\n        </td>\n      </tr>\n      <tr>\n        <td class=\"mailpoet_spacer\" height=\"20\" valign=\"top\" style=\"border-collapse: collapse;\"></td>\n      </tr>\n                    </tbody>\n                  </table>\n                </td>\n              </tr>\n            </tbody>\n          </table>\n        </td>\n      </tr>\n      <tr>\n        <td class=\"mailpoet_content\" align=\"center\" bgcolor=\"#1e94d7\" style=\"border-collapse: collapse; background-color: #1e94d7;\">\n          <table width=\"100%\" border=\"0\" cellpadding=\"0\" cellspacing=\"0\" style=\"border-collapse: collapse; border-spacing: 0; mso-table-lspace: 0; mso-table-rspace: 0;\">\n            <tbody>\n              <tr>\n                <td style=\"border-collapse: collapse; padding-left: 0; padding-right: 0;\">\n                  <table width=\"100%\" border=\"0\" cellpadding=\"0\" cellspacing=\"0\" class=\"mailpoet_cols-one\" style=\"border-collapse: collapse; border-spacing: 0; mso-table-lspace: 0; mso-table-rspace: 0; table-layout: fixed; margin-left: auto; margin-right: auto; padding-left: 0; padding-right: 0;\">\n                    <tbody>\n      <tr>\n        <td class=\"mailpoet_text mailpoet_padded_vertical mailpoet_padded_side\" valign=\"top\" style=\"border-collapse: collapse; padding-top: 10px; padding-bottom: 10px; padding-left: 20px; padding-right: 20px; word-break: break-word; word-wrap: break-word;\">\n          \n    <table width=\"100%\" border=\"0\" cellpadding=\"0\" cellspacing=\"0\" style=\"border-collapse: collapse; border-spacing: 0; mso-table-lspace: 0; mso-table-rspace: 0;\">\n            <tr>\n              <td class=\"mailpoet_text\" valign=\"top\" style=\"border-collapse: collapse; padding-top: 20px; padding-bottom: 20px; word-break: break-word; word-wrap: break-word;\">\n<h1 style=\"margin: 0 0 10.8px; mso-ansi-font-size: 36px; color: #ffffff; font-family: \'source sans pro\',\'helvetica neue\',helvetica,arial,sans-serif; font-size: 36px; line-height: 57.6px; mso-line-height-alt: 58px; margin-bottom: 0; text-align: left; padding: 0; font-style: normal; font-weight: normal;\">Thank you for your order</h1>\n        </td>\n      </tr>\n    </table>\n        </td>\n      </tr>\n                    </tbody>\n                  </table>\n                </td>\n              </tr>\n            </tbody>\n          </table>\n        </td>\n      </tr>\n      <tr>\n        <td class=\"mailpoet_content\" align=\"center\" style=\"border-collapse: collapse;\">\n          <table width=\"100%\" border=\"0\" cellpadding=\"0\" cellspacing=\"0\" style=\"border-collapse: collapse; border-spacing: 0; mso-table-lspace: 0; mso-table-rspace: 0;\">\n            <tbody>\n              <tr>\n                <td style=\"border-collapse: collapse; padding-left: 0; padding-right: 0;\">\n                  <table width=\"100%\" border=\"0\" cellpadding=\"0\" cellspacing=\"0\" class=\"mailpoet_cols-one\" style=\"border-collapse: collapse; border-spacing: 0; mso-table-lspace: 0; mso-table-rspace: 0; table-layout: fixed; margin-left: auto; margin-right: auto; padding-left: 0; padding-right: 0;\">\n                    <tbody>\n      <tr>\n        <td class=\"mailpoet_spacer\" height=\"20\" valign=\"top\" style=\"border-collapse: collapse;\"></td>\n      </tr>\n                    </tbody>\n                  </table>\n                </td>\n              </tr>\n            </tbody>\n          </table>\n        </td>\n      </tr>\n      <tr>\n        <td class=\"mailpoet_content\" align=\"center\" style=\"border-collapse: collapse;\">\n          <table width=\"100%\" border=\"0\" cellpadding=\"0\" cellspacing=\"0\" style=\"border-collapse: collapse; border-spacing: 0; mso-table-lspace: 0; mso-table-rspace: 0;\">\n            <tbody>\n              <tr>\n                <td style=\"border-collapse: collapse; padding-left: 0; padding-right: 0;\">\n                  <table width=\"100%\" border=\"0\" cellpadding=\"0\" cellspacing=\"0\" class=\"mailpoet_cols-one\" style=\"border-collapse: collapse; border-spacing: 0; mso-table-lspace: 0; mso-table-rspace: 0; table-layout: fixed; margin-left: auto; margin-right: auto; padding-left: 0; padding-right: 0;\">\n                    <tbody>\n      <tr>\n        <td class=\"\" style=\"border-collapse: collapse;\">\n          <div id=\"mailpoet_woocommerce_container\"><div id=\"body_content\" style=\"background-color: #f7f7f7;\" bgcolor=\"#f7f7f7\"><div id=\"body_content_inner\" style=\'color: #636363; font-family: \"Helvetica Neue\",Helvetica,Roboto,Arial,sans-serif; font-size: 14px; line-height: 150%; text-align: left;\' align=\"left\"><table style=\"width: 100%;\" width=\"100%\"><tr><td style=\"padding: 10px 20px;\">\n<p style=\"margin: 0 0 16px;\">Hi Tiana,</p>\n<p style=\"margin: 0 0 16px;\">Just to let you know — we\'ve received your order #1627, and it is now being processed:</p>\n\n\n<h2 style=\'color: #1e94d7; display: block; font-family: \"Helvetica Neue\",Helvetica,Roboto,Arial,sans-serif; font-size: 18px; font-weight: 700; line-height: 130%; margin: 0 0 18px; text-align: left;\'>\n	[Order #1627] (September 20, 2022)</h2>\n\n<div style=\"margin-bottom: 40px;\">\n	<table class=\"td\" cellspacing=\"0\" cellpadding=\"6\" border=\"1\" style=\"color: #636363; border: 1px solid #dedede; vertical-align: middle; width: 100%; font-family: \'Helvetica Neue\', Helvetica, Roboto, Arial, sans-serif;\" width=\"100%\">\n		<thead>\n			<tr>\n				<th class=\"td\" scope=\"col\" style=\"color: #636363; border: 1px solid #dedede; vertical-align: middle; padding: 12px; text-align: left;\" align=\"left\">Product</th>\n				<th class=\"td\" scope=\"col\" style=\"color: #636363; border: 1px solid #dedede; vertical-align: middle; padding: 12px; text-align: left;\" align=\"left\">Quantity</th>\n				<th class=\"td\" scope=\"col\" style=\"color: #636363; border: 1px solid #dedede; vertical-align: middle; padding: 12px; text-align: left;\" align=\"left\">Price</th>\n			</tr>\n		</thead>\n		<tbody>\n				<tr class=\"order_item\">\n		<td class=\"td\" style=\"color: #636363; border: 1px solid #dedede; padding: 12px; text-align: left; vertical-align: middle; font-family: \'Helvetica Neue\', Helvetica, Roboto, Arial, sans-serif; word-wrap: break-word;\" align=\"left\">\n		Diamond Products - Polishing Pad 5\" &amp; 7\" - 5\", 100<ul class=\"wc-item-meta\" style=\"font-size: small; margin: 1em 0 0; padding: 0; list-style: none;\">\n<li style=\"margin: .5em 0 0; padding: 0;\">\n<strong class=\"wc-item-meta-label\" style=\"float: left; margin-right: .25em; clear: both;\">Size:</strong> <p style=\"margin: 0;\">5\"</p>\n</li>\n<li style=\"margin: .5em 0 0; padding: 0;\">\n<strong class=\"wc-item-meta-label\" style=\"float: left; margin-right: .25em; clear: both;\">Grit:</strong> <p style=\"margin: 0;\">100</p>\n</li>\n</ul>		</td>\n		<td class=\"td\" style=\"color: #636363; border: 1px solid #dedede; padding: 12px; text-align: left; vertical-align: middle; font-family: \'Helvetica Neue\', Helvetica, Roboto, Arial, sans-serif;\" align=\"left\">\n			1		</td>\n		<td class=\"td\" style=\"color: #636363; border: 1px solid #dedede; padding: 12px; text-align: left; vertical-align: middle; font-family: \'Helvetica Neue\', Helvetica, Roboto, Arial, sans-serif;\" align=\"left\">\n			<span class=\"woocommerce-Price-amount amount\"><span class=\"woocommerce-Price-currencySymbol\">$</span>55.38</span>		</td>\n	</tr>\n	\n		</tbody>\n		<tfoot>\n								<tr>\n						<th class=\"td\" scope=\"row\" colspan=\"2\" style=\"color: #636363; border: 1px solid #dedede; vertical-align: middle; padding: 12px; text-align: left; border-top-width: 4px;\" align=\"left\">Subtotal:</th>\n						<td class=\"td\" style=\"color: #636363; border: 1px solid #dedede; vertical-align: middle; padding: 12px; text-align: left; border-top-width: 4px;\" align=\"left\"><span class=\"woocommerce-Price-amount amount\"><span class=\"woocommerce-Price-currencySymbol\">$</span>55.38</span></td>\n					</tr>\n										<tr>\n						<th class=\"td\" scope=\"row\" colspan=\"2\" style=\"color: #636363; border: 1px solid #dedede; vertical-align: middle; padding: 12px; text-align: left;\" align=\"left\">Shipping:</th>\n						<td class=\"td\" style=\"color: #636363; border: 1px solid #dedede; vertical-align: middle; padding: 12px; text-align: left;\" align=\"left\">Local pickup</td>\n					</tr>\n										<tr>\n						<th class=\"td\" scope=\"row\" colspan=\"2\" style=\"color: #636363; border: 1px solid #dedede; vertical-align: middle; padding: 12px; text-align: left;\" align=\"left\">Tax:</th>\n						<td class=\"td\" style=\"color: #636363; border: 1px solid #dedede; vertical-align: middle; padding: 12px; text-align: left;\" align=\"left\"><span class=\"woocommerce-Price-amount amount\"><span class=\"woocommerce-Price-currencySymbol\">$</span>0.00</span></td>\n					</tr>\n										<tr>\n						<th class=\"td\" scope=\"row\" colspan=\"2\" style=\"color: #636363; border: 1px solid #dedede; vertical-align: middle; padding: 12px; text-align: left;\" align=\"left\">Payment method:</th>\n						<td class=\"td\" style=\"color: #636363; border: 1px solid #dedede; vertical-align: middle; padding: 12px; text-align: left;\" align=\"left\">Credit card / debit card</td>\n					</tr>\n										<tr>\n						<th class=\"td\" scope=\"row\" colspan=\"2\" style=\"color: #636363; border: 1px solid #dedede; vertical-align: middle; padding: 12px; text-align: left;\" align=\"left\">Total:</th>\n						<td class=\"td\" style=\"color: #636363; border: 1px solid #dedede; vertical-align: middle; padding: 12px; text-align: left;\" align=\"left\"><span class=\"woocommerce-Price-amount amount\"><span class=\"woocommerce-Price-currencySymbol\">$</span>55.38</span></td>\n					</tr>\n									<tr>\n					<th class=\"td\" scope=\"row\" colspan=\"2\" style=\"color: #636363; border: 1px solid #dedede; vertical-align: middle; padding: 12px; text-align: left;\" align=\"left\">Note:</th>\n					<td class=\"td\" style=\"color: #636363; border: 1px solid #dedede; vertical-align: middle; padding: 12px; text-align: left;\" align=\"left\">FINAL TEST</td>\n				</tr>\n						</tfoot>\n	</table>\n</div>\n\n<table id=\"addresses\" cellspacing=\"0\" cellpadding=\"0\" border=\"0\" style=\"width: 100%; vertical-align: top; margin-bottom: 40px; padding: 0;\" width=\"100%\">\n	<tr>\n		<td valign=\"top\" width=\"50%\" style=\"text-align: left; font-family: \'Helvetica Neue\', Helvetica, Roboto, Arial, sans-serif; border: 0; padding: 0;\" align=\"left\">\n			<h2 style=\'color: #1e94d7; display: block; font-family: \"Helvetica Neue\",Helvetica,Roboto,Arial,sans-serif; font-size: 18px; font-weight: 700; line-height: 130%; margin: 0 0 18px; text-align: left;\'>Billing address</h2>\n\n			<address class=\"address\" style=\"padding: 12px; color: #636363; border: 1px solid #dedede;\">\n				Tiana Burt<br>BMG<br>2853 West Sherwood Ave.<br>Roseburg, OR 97471									<br><a href=\"tel:5415052259\" style=\"color: #1e94d7; font-weight: 400; text-decoration: underline;\">541-505-2259</a>													<br>tiana@burtmg.com							</address>\n		</td>\n			</tr>\n</table>\n<p style=\"margin: 0 0 16px;\">Thanks for using concretebuilderssupply.com!</p>\n</td></tr></table></div></div></div>\n        </td>\n      </tr>\n                    </tbody>\n                  </table>\n                </td>\n              </tr>\n            </tbody>\n          </table>\n        </td>\n      </tr>\n      <tr>\n        <td class=\"mailpoet_content\" align=\"center\" style=\"border-collapse: collapse;\">\n          <table width=\"100%\" border=\"0\" cellpadding=\"0\" cellspacing=\"0\" style=\"border-collapse: collapse; border-spacing: 0; mso-table-lspace: 0; mso-table-rspace: 0;\">\n            <tbody>\n              <tr>\n                <td style=\"border-collapse: collapse; padding-left: 0; padding-right: 0;\">\n                  <table width=\"100%\" border=\"0\" cellpadding=\"0\" cellspacing=\"0\" class=\"mailpoet_cols-one\" style=\"border-collapse: collapse; border-spacing: 0; mso-table-lspace: 0; mso-table-rspace: 0; table-layout: fixed; margin-left: auto; margin-right: auto; padding-left: 0; padding-right: 0;\">\n                    <tbody>\n      <tr>\n        <td class=\"mailpoet_spacer\" height=\"20\" valign=\"top\" style=\"border-collapse: collapse;\"></td>\n      </tr>\n                    </tbody>\n                  </table>\n                </td>\n              </tr>\n            </tbody>\n          </table>\n        </td>\n      </tr>\n      <tr>\n        <td class=\"mailpoet_content\" align=\"center\" style=\"border-collapse: collapse;\">\n          <table width=\"100%\" border=\"0\" cellpadding=\"0\" cellspacing=\"0\" style=\"border-collapse: collapse; border-spacing: 0; mso-table-lspace: 0; mso-table-rspace: 0;\">\n            <tbody>\n              <tr>\n                <td style=\"border-collapse: collapse; padding-left: 0; padding-right: 0;\">\n                  <table width=\"100%\" border=\"0\" cellpadding=\"0\" cellspacing=\"0\" class=\"mailpoet_cols-one\" style=\"border-collapse: collapse; border-spacing: 0; mso-table-lspace: 0; mso-table-rspace: 0; table-layout: fixed; margin-left: auto; margin-right: auto; padding-left: 0; padding-right: 0;\">\n                    <tbody>\n      <tr>\n        <td class=\"mailpoet_spacer\" height=\"20\" valign=\"top\" style=\"border-collapse: collapse;\"></td>\n      </tr>\n      <tr>\n        <td class=\"mailpoet_text mailpoet_padded_vertical mailpoet_padded_side\" valign=\"top\" style=\"border-collapse: collapse; padding-top: 10px; padding-bottom: 10px; padding-left: 20px; padding-right: 20px; word-break: break-word; word-wrap: break-word;\">\n          <table width=\"100%\" cellpadding=\"0\" style=\"border-collapse: collapse; border-spacing: 0; mso-table-lspace: 0; mso-table-rspace: 0;\" cellspacing=\"0\">\n        <tr>\n          <td class=\"mailpoet_paragraph\" style=\"border-collapse: collapse; mso-ansi-font-size: 14px; color: #3c3c3c; font-family: Arial,\'Helvetica Neue\',Helvetica,sans-serif; font-size: 14px; line-height: 22.4px; mso-line-height-alt: 22px; word-break: break-word; word-wrap: break-word; text-align: center;\" align=\"center\">\n            We appreciate your business!\n          </td>\n        </tr>\n</table>\n        </td>\n      </tr>\n                    </tbody>\n                  </table>\n                </td>\n              </tr>\n            </tbody>\n          </table>\n        </td>\n      </tr>\n      <tr>\n        <td class=\"mailpoet_content\" align=\"center\" style=\"border-collapse: collapse;\">\n          <table width=\"100%\" border=\"0\" cellpadding=\"0\" cellspacing=\"0\" style=\"border-collapse: collapse; border-spacing: 0; mso-table-lspace: 0; mso-table-rspace: 0;\">\n            <tbody>\n              <tr>\n                <td style=\"border-collapse: collapse; padding-left: 0; padding-right: 0;\">\n                  <table width=\"100%\" border=\"0\" cellpadding=\"0\" cellspacing=\"0\" class=\"mailpoet_cols-one\" style=\"border-collapse: collapse; border-spacing: 0; mso-table-lspace: 0; mso-table-rspace: 0; table-layout: fixed; margin-left: auto; margin-right: auto; padding-left: 0; padding-right: 0;\">\n                    <tbody>\n      <tr>\n        <td class=\"mailpoet_spacer\" height=\"20\" valign=\"top\" style=\"border-collapse: collapse;\"></td>\n      </tr>\n      <tr>\n        <td class=\"mailpoet_text mailpoet_padded_vertical mailpoet_padded_side\" valign=\"top\" style=\"border-collapse: collapse; padding-top: 10px; padding-bottom: 10px; padding-left: 20px; padding-right: 20px; word-break: break-word; word-wrap: break-word;\">\n          <table width=\"100%\" cellpadding=\"0\" style=\"border-collapse: collapse; border-spacing: 0; mso-table-lspace: 0; mso-table-rspace: 0;\" cellspacing=\"0\">\n        <tr>\n          <td class=\"mailpoet_paragraph\" style=\"border-collapse: collapse; mso-ansi-font-size: 14px; color: #3c3c3c; font-family: Arial,\'Helvetica Neue\',Helvetica,sans-serif; font-size: 14px; line-height: 22.4px; mso-line-height-alt: 22px; word-break: break-word; word-wrap: break-word; text-align: center;\" align=\"center\">\n            Click HERE to unsubscribe.\n          </td>\n        </tr>\n</table>\n        </td>\n      </tr>\n                    </tbody>\n                  </table>\n                </td>\n              </tr>\n            </tbody>\n          </table>\n        </td>\n      </tr>\n                    </tbody>\n                </table>\n<!--[if mso]>\n                </td>\n                </tr>\n                </table>\n                <![endif]-->\n</td>\n        </tr>\n        </tbody>\n    </table>\n</body>\n</html>\n','Content-Type: text/html\r\nReply-to: Concrete Builders Supply, INC. <info@concretebuilderssupply.com>\r\n','',NULL,'1.10.4'),
(22,'2022-09-29 19:19:27','162.213.251.177','tiana@burtmg.com','Your Concrete Builders Supply order is now complete','<!DOCTYPE html>\n<html lang=\"en\" style=\"margin: 0; padding: 0;\">\n<head>\n    <meta http-equiv=\"Content-Type\" content=\"text/html; charset=UTF-8\">\n    <meta name=\"viewport\" content=\"width=device-width, initial-scale=1\">\n    <meta http-equiv=\"X-UA-Compatible\" content=\"IE=edge\">\n    <meta name=\"format-detection\" content=\"telephone=no\">\n    <meta name=\"robots\" content=\"noindex, nofollow\">\n    <title>Thanks for shopping with us</title>\n    \n    <!--[if !mso]><!-- --><link href=\"https://fonts.googleapis.com/css?family=Source+Sans+Pro:400,400i,700,700i\" rel=\"stylesheet\">\n<!--<![endif]-->\n<style type=\"text/css\">@media screen and (max-width: 599px){div{max-width: 100% !important;}}</style>\n</head>\n<body leftmargin=\"0\" topmargin=\"0\" marginwidth=\"0\" marginheight=\"0\" style=\"margin: 0; padding: 0; background-color: #f7f7f7;\" bgcolor=\"#f7f7f7\">\n    <table class=\"mailpoet_template\" border=\"0\" width=\"100%\" cellpadding=\"0\" cellspacing=\"0\" style=\"border-collapse: collapse; border-spacing: 0; mso-table-lspace: 0; mso-table-rspace: 0;\">\n        <tbody>\n        <tr>\n            \n        </tr>\n        <tr>\n            <td align=\"center\" class=\"mailpoet-wrapper\" valign=\"top\" style=\"border-collapse: collapse; background-color: #f7f7f7;\" bgcolor=\"#f7f7f7\">\n<!--[if mso]>\n                <table align=\"center\" border=\"0\" cellspacing=\"0\" cellpadding=\"0\"\n                       width=\"660\">\n                    <tr>\n                        <td class=\"mailpoet_content-wrapper\" align=\"center\" valign=\"top\" width=\"660\">\n                <![endif]--><table class=\"mailpoet_content-wrapper\" border=\"0\" width=\"100%\" cellpadding=\"0\" cellspacing=\"0\" style=\"border-collapse: collapse; background-color: #f7f7f7; border-spacing: 0; mso-table-lspace: 0; mso-table-rspace: 0; max-width: 660px; width: 100%;\" bgcolor=\"#f7f7f7\">\n                    <tbody>\n                    \n      <tr>\n        <td class=\"mailpoet_content\" align=\"center\" style=\"border-collapse: collapse;\">\n          <table width=\"100%\" border=\"0\" cellpadding=\"0\" cellspacing=\"0\" style=\"border-collapse: collapse; border-spacing: 0; mso-table-lspace: 0; mso-table-rspace: 0;\">\n            <tbody>\n              <tr>\n                <td style=\"border-collapse: collapse; padding-left: 0; padding-right: 0;\">\n                  <table width=\"100%\" border=\"0\" cellpadding=\"0\" cellspacing=\"0\" class=\"mailpoet_cols-one\" style=\"border-collapse: collapse; border-spacing: 0; mso-table-lspace: 0; mso-table-rspace: 0; table-layout: fixed; margin-left: auto; margin-right: auto; padding-left: 0; padding-right: 0;\">\n                    <tbody>\n      <tr>\n        <td class=\"mailpoet_text mailpoet_padded_vertical mailpoet_padded_side\" valign=\"top\" style=\"border-collapse: collapse; padding-top: 10px; padding-bottom: 10px; padding-left: 20px; padding-right: 20px; word-break: break-word; word-wrap: break-word;\">\n          \n        </td>\n      </tr>\n      <tr>\n        <td class=\"mailpoet_spacer\" height=\"20\" valign=\"top\" style=\"border-collapse: collapse;\"></td>\n      </tr>\n      <tr>\n        <td class=\"mailpoet_image \" align=\"center\" valign=\"top\" style=\"border-collapse: collapse;\">\n          <img src=\"https://concretebuilderssupply.com/wp-content/uploads/2021/05/cropped-Concrete-Builders-Logo.jpg\" width=\"236\" alt=\"cropped-Concrete-Builders-Logo.jpg\" style=\"height: auto; max-width: 100%; -ms-interpolation-mode: bicubic; border: 0; display: block; outline: none; text-align: center;\" border=\"0\">\n        </td>\n      </tr>\n      <tr>\n        <td class=\"mailpoet_spacer\" height=\"20\" valign=\"top\" style=\"border-collapse: collapse;\"></td>\n      </tr>\n                    </tbody>\n                  </table>\n                </td>\n              </tr>\n            </tbody>\n          </table>\n        </td>\n      </tr>\n      <tr>\n        <td class=\"mailpoet_content\" align=\"center\" bgcolor=\"#1e94d7\" style=\"border-collapse: collapse; background-color: #1e94d7;\">\n          <table width=\"100%\" border=\"0\" cellpadding=\"0\" cellspacing=\"0\" style=\"border-collapse: collapse; border-spacing: 0; mso-table-lspace: 0; mso-table-rspace: 0;\">\n            <tbody>\n              <tr>\n                <td style=\"border-collapse: collapse; padding-left: 0; padding-right: 0;\">\n                  <table width=\"100%\" border=\"0\" cellpadding=\"0\" cellspacing=\"0\" class=\"mailpoet_cols-one\" style=\"border-collapse: collapse; border-spacing: 0; mso-table-lspace: 0; mso-table-rspace: 0; table-layout: fixed; margin-left: auto; margin-right: auto; padding-left: 0; padding-right: 0;\">\n                    <tbody>\n      <tr>\n        <td class=\"mailpoet_text mailpoet_padded_vertical mailpoet_padded_side\" valign=\"top\" style=\"border-collapse: collapse; padding-top: 10px; padding-bottom: 10px; padding-left: 20px; padding-right: 20px; word-break: break-word; word-wrap: break-word;\">\n          \n    <table width=\"100%\" border=\"0\" cellpadding=\"0\" cellspacing=\"0\" style=\"border-collapse: collapse; border-spacing: 0; mso-table-lspace: 0; mso-table-rspace: 0;\">\n            <tr>\n              <td class=\"mailpoet_text\" valign=\"top\" style=\"border-collapse: collapse; padding-top: 20px; padding-bottom: 20px; word-break: break-word; word-wrap: break-word;\">\n<h1 style=\"margin: 0 0 10.8px; mso-ansi-font-size: 36px; color: #ffffff; font-family: \'source sans pro\',\'helvetica neue\',helvetica,arial,sans-serif; font-size: 36px; line-height: 57.6px; mso-line-height-alt: 58px; margin-bottom: 0; text-align: left; padding: 0; font-style: normal; font-weight: normal;\">Thanks for shopping with us</h1>\n        </td>\n      </tr>\n    </table>\n        </td>\n      </tr>\n                    </tbody>\n                  </table>\n                </td>\n              </tr>\n            </tbody>\n          </table>\n        </td>\n      </tr>\n      <tr>\n        <td class=\"mailpoet_content\" align=\"center\" style=\"border-collapse: collapse;\">\n          <table width=\"100%\" border=\"0\" cellpadding=\"0\" cellspacing=\"0\" style=\"border-collapse: collapse; border-spacing: 0; mso-table-lspace: 0; mso-table-rspace: 0;\">\n            <tbody>\n              <tr>\n                <td style=\"border-collapse: collapse; padding-left: 0; padding-right: 0;\">\n                  <table width=\"100%\" border=\"0\" cellpadding=\"0\" cellspacing=\"0\" class=\"mailpoet_cols-one\" style=\"border-collapse: collapse; border-spacing: 0; mso-table-lspace: 0; mso-table-rspace: 0; table-layout: fixed; margin-left: auto; margin-right: auto; padding-left: 0; padding-right: 0;\">\n                    <tbody>\n      <tr>\n        <td class=\"mailpoet_spacer\" height=\"20\" valign=\"top\" style=\"border-collapse: collapse;\"></td>\n      </tr>\n                    </tbody>\n                  </table>\n                </td>\n              </tr>\n            </tbody>\n          </table>\n        </td>\n      </tr>\n      <tr>\n        <td class=\"mailpoet_content\" align=\"center\" style=\"border-collapse: collapse;\">\n          <table width=\"100%\" border=\"0\" cellpadding=\"0\" cellspacing=\"0\" style=\"border-collapse: collapse; border-spacing: 0; mso-table-lspace: 0; mso-table-rspace: 0;\">\n            <tbody>\n              <tr>\n                <td style=\"border-collapse: collapse; padding-left: 0; padding-right: 0;\">\n                  <table width=\"100%\" border=\"0\" cellpadding=\"0\" cellspacing=\"0\" class=\"mailpoet_cols-one\" style=\"border-collapse: collapse; border-spacing: 0; mso-table-lspace: 0; mso-table-rspace: 0; table-layout: fixed; margin-left: auto; margin-right: auto; padding-left: 0; padding-right: 0;\">\n                    <tbody>\n      <tr>\n        <td class=\"\" style=\"border-collapse: collapse;\">\n          <div id=\"mailpoet_woocommerce_container\"><div id=\"body_content\" style=\"background-color: #f7f7f7;\" bgcolor=\"#f7f7f7\"><div id=\"body_content_inner\" style=\'color: #636363; font-family: \"Helvetica Neue\",Helvetica,Roboto,Arial,sans-serif; font-size: 14px; line-height: 150%; text-align: left;\' align=\"left\"><table style=\"width: 100%;\" width=\"100%\"><tr><td style=\"padding: 10px 20px;\">\n<p style=\"margin: 0 0 16px;\">Hi Tiana,</p>\n<p style=\"margin: 0 0 16px;\">We have finished processing your order.</p>\n\n<h2 style=\'color: #1e94d7; display: block; font-family: \"Helvetica Neue\",Helvetica,Roboto,Arial,sans-serif; font-size: 18px; font-weight: 700; line-height: 130%; margin: 0 0 18px; text-align: left;\'>\n	[Order #1627] (September 20, 2022)</h2>\n\n<div style=\"margin-bottom: 40px;\">\n	<table class=\"td\" cellspacing=\"0\" cellpadding=\"6\" border=\"1\" style=\"color: #636363; border: 1px solid #dedede; vertical-align: middle; width: 100%; font-family: \'Helvetica Neue\', Helvetica, Roboto, Arial, sans-serif;\" width=\"100%\">\n		<thead>\n			<tr>\n				<th class=\"td\" scope=\"col\" style=\"color: #636363; border: 1px solid #dedede; vertical-align: middle; padding: 12px; text-align: left;\" align=\"left\">Product</th>\n				<th class=\"td\" scope=\"col\" style=\"color: #636363; border: 1px solid #dedede; vertical-align: middle; padding: 12px; text-align: left;\" align=\"left\">Quantity</th>\n				<th class=\"td\" scope=\"col\" style=\"color: #636363; border: 1px solid #dedede; vertical-align: middle; padding: 12px; text-align: left;\" align=\"left\">Price</th>\n			</tr>\n		</thead>\n		<tbody>\n				<tr class=\"order_item\">\n		<td class=\"td\" style=\"color: #636363; border: 1px solid #dedede; padding: 12px; text-align: left; vertical-align: middle; font-family: \'Helvetica Neue\', Helvetica, Roboto, Arial, sans-serif; word-wrap: break-word;\" align=\"left\">\n		Diamond Products - Polishing Pad 5\" &amp; 7\" - 5\", 100<ul class=\"wc-item-meta\" style=\"font-size: small; margin: 1em 0 0; padding: 0; list-style: none;\">\n<li style=\"margin: .5em 0 0; padding: 0;\">\n<strong class=\"wc-item-meta-label\" style=\"float: left; margin-right: .25em; clear: both;\">Size:</strong> <p style=\"margin: 0;\">5\"</p>\n</li>\n<li style=\"margin: .5em 0 0; padding: 0;\">\n<strong class=\"wc-item-meta-label\" style=\"float: left; margin-right: .25em; clear: both;\">Grit:</strong> <p style=\"margin: 0;\">100</p>\n</li>\n</ul>		</td>\n		<td class=\"td\" style=\"color: #636363; border: 1px solid #dedede; padding: 12px; text-align: left; vertical-align: middle; font-family: \'Helvetica Neue\', Helvetica, Roboto, Arial, sans-serif;\" align=\"left\">\n			1		</td>\n		<td class=\"td\" style=\"color: #636363; border: 1px solid #dedede; padding: 12px; text-align: left; vertical-align: middle; font-family: \'Helvetica Neue\', Helvetica, Roboto, Arial, sans-serif;\" align=\"left\">\n			<span class=\"woocommerce-Price-amount amount\"><span class=\"woocommerce-Price-currencySymbol\">$</span>55.38</span>		</td>\n	</tr>\n	\n		</tbody>\n		<tfoot>\n								<tr>\n						<th class=\"td\" scope=\"row\" colspan=\"2\" style=\"color: #636363; border: 1px solid #dedede; vertical-align: middle; padding: 12px; text-align: left; border-top-width: 4px;\" align=\"left\">Subtotal:</th>\n						<td class=\"td\" style=\"color: #636363; border: 1px solid #dedede; vertical-align: middle; padding: 12px; text-align: left; border-top-width: 4px;\" align=\"left\"><span class=\"woocommerce-Price-amount amount\"><span class=\"woocommerce-Price-currencySymbol\">$</span>55.38</span></td>\n					</tr>\n										<tr>\n						<th class=\"td\" scope=\"row\" colspan=\"2\" style=\"color: #636363; border: 1px solid #dedede; vertical-align: middle; padding: 12px; text-align: left;\" align=\"left\">Shipping:</th>\n						<td class=\"td\" style=\"color: #636363; border: 1px solid #dedede; vertical-align: middle; padding: 12px; text-align: left;\" align=\"left\">Local pickup</td>\n					</tr>\n										<tr>\n						<th class=\"td\" scope=\"row\" colspan=\"2\" style=\"color: #636363; border: 1px solid #dedede; vertical-align: middle; padding: 12px; text-align: left;\" align=\"left\">Tax:</th>\n						<td class=\"td\" style=\"color: #636363; border: 1px solid #dedede; vertical-align: middle; padding: 12px; text-align: left;\" align=\"left\"><span class=\"woocommerce-Price-amount amount\"><span class=\"woocommerce-Price-currencySymbol\">$</span>0.00</span></td>\n					</tr>\n										<tr>\n						<th class=\"td\" scope=\"row\" colspan=\"2\" style=\"color: #636363; border: 1px solid #dedede; vertical-align: middle; padding: 12px; text-align: left;\" align=\"left\">Payment method:</th>\n						<td class=\"td\" style=\"color: #636363; border: 1px solid #dedede; vertical-align: middle; padding: 12px; text-align: left;\" align=\"left\">Credit card / debit card</td>\n					</tr>\n										<tr>\n						<th class=\"td\" scope=\"row\" colspan=\"2\" style=\"color: #636363; border: 1px solid #dedede; vertical-align: middle; padding: 12px; text-align: left;\" align=\"left\">Total:</th>\n						<td class=\"td\" style=\"color: #636363; border: 1px solid #dedede; vertical-align: middle; padding: 12px; text-align: left;\" align=\"left\"><span class=\"woocommerce-Price-amount amount\"><span class=\"woocommerce-Price-currencySymbol\">$</span>55.38</span></td>\n					</tr>\n									<tr>\n					<th class=\"td\" scope=\"row\" colspan=\"2\" style=\"color: #636363; border: 1px solid #dedede; vertical-align: middle; padding: 12px; text-align: left;\" align=\"left\">Note:</th>\n					<td class=\"td\" style=\"color: #636363; border: 1px solid #dedede; vertical-align: middle; padding: 12px; text-align: left;\" align=\"left\">FINAL TEST</td>\n				</tr>\n						</tfoot>\n	</table>\n</div>\n\n<table id=\"addresses\" cellspacing=\"0\" cellpadding=\"0\" border=\"0\" style=\"width: 100%; vertical-align: top; margin-bottom: 40px; padding: 0;\" width=\"100%\">\n	<tr>\n		<td valign=\"top\" width=\"50%\" style=\"text-align: left; font-family: \'Helvetica Neue\', Helvetica, Roboto, Arial, sans-serif; border: 0; padding: 0;\" align=\"left\">\n			<h2 style=\'color: #1e94d7; display: block; font-family: \"Helvetica Neue\",Helvetica,Roboto,Arial,sans-serif; font-size: 18px; font-weight: 700; line-height: 130%; margin: 0 0 18px; text-align: left;\'>Billing address</h2>\n\n			<address class=\"address\" style=\"padding: 12px; color: #636363; border: 1px solid #dedede;\">\n				Tiana Burt<br>BMG<br>2853 West Sherwood Ave.<br>Roseburg, OR 97471									<br><a href=\"tel:5415052259\" style=\"color: #1e94d7; font-weight: 400; text-decoration: underline;\">541-505-2259</a>													<br>tiana@burtmg.com							</address>\n		</td>\n			</tr>\n</table>\n<p style=\"margin: 0 0 16px;\">Thanks for shopping with us.</p>\n</td></tr></table></div></div></div>\n        </td>\n      </tr>\n                    </tbody>\n                  </table>\n                </td>\n              </tr>\n            </tbody>\n          </table>\n        </td>\n      </tr>\n      <tr>\n        <td class=\"mailpoet_content\" align=\"center\" style=\"border-collapse: collapse;\">\n          <table width=\"100%\" border=\"0\" cellpadding=\"0\" cellspacing=\"0\" style=\"border-collapse: collapse; border-spacing: 0; mso-table-lspace: 0; mso-table-rspace: 0;\">\n            <tbody>\n              <tr>\n                <td style=\"border-collapse: collapse; padding-left: 0; padding-right: 0;\">\n                  <table width=\"100%\" border=\"0\" cellpadding=\"0\" cellspacing=\"0\" class=\"mailpoet_cols-one\" style=\"border-collapse: collapse; border-spacing: 0; mso-table-lspace: 0; mso-table-rspace: 0; table-layout: fixed; margin-left: auto; margin-right: auto; padding-left: 0; padding-right: 0;\">\n                    <tbody>\n      <tr>\n        <td class=\"mailpoet_spacer\" height=\"20\" valign=\"top\" style=\"border-collapse: collapse;\"></td>\n      </tr>\n                    </tbody>\n                  </table>\n                </td>\n              </tr>\n            </tbody>\n          </table>\n        </td>\n      </tr>\n      <tr>\n        <td class=\"mailpoet_content\" align=\"center\" style=\"border-collapse: collapse;\">\n          <table width=\"100%\" border=\"0\" cellpadding=\"0\" cellspacing=\"0\" style=\"border-collapse: collapse; border-spacing: 0; mso-table-lspace: 0; mso-table-rspace: 0;\">\n            <tbody>\n              <tr>\n                <td style=\"border-collapse: collapse; padding-left: 0; padding-right: 0;\">\n                  <table width=\"100%\" border=\"0\" cellpadding=\"0\" cellspacing=\"0\" class=\"mailpoet_cols-one\" style=\"border-collapse: collapse; border-spacing: 0; mso-table-lspace: 0; mso-table-rspace: 0; table-layout: fixed; margin-left: auto; margin-right: auto; padding-left: 0; padding-right: 0;\">\n                    <tbody>\n      <tr>\n        <td class=\"mailpoet_spacer\" height=\"20\" valign=\"top\" style=\"border-collapse: collapse;\"></td>\n      </tr>\n      <tr>\n        <td class=\"mailpoet_text mailpoet_padded_vertical mailpoet_padded_side\" valign=\"top\" style=\"border-collapse: collapse; padding-top: 10px; padding-bottom: 10px; padding-left: 20px; padding-right: 20px; word-break: break-word; word-wrap: break-word;\">\n          <table width=\"100%\" cellpadding=\"0\" style=\"border-collapse: collapse; border-spacing: 0; mso-table-lspace: 0; mso-table-rspace: 0;\" cellspacing=\"0\">\n        <tr>\n          <td class=\"mailpoet_paragraph\" style=\"border-collapse: collapse; mso-ansi-font-size: 14px; color: #3c3c3c; font-family: Arial,\'Helvetica Neue\',Helvetica,sans-serif; font-size: 14px; line-height: 22.4px; mso-line-height-alt: 22px; word-break: break-word; word-wrap: break-word; text-align: center;\" align=\"center\">\n            We appreciate your business!\n          </td>\n        </tr>\n</table>\n        </td>\n      </tr>\n                    </tbody>\n                  </table>\n                </td>\n              </tr>\n            </tbody>\n          </table>\n        </td>\n      </tr>\n                    </tbody>\n                </table>\n<!--[if mso]>\n                </td>\n                </tr>\n                </table>\n                <![endif]-->\n</td>\n        </tr>\n        </tbody>\n    </table>\n</body>\n</html>\n','Content-Type: text/html\r\nReply-to: Concrete Builders Supply, INC. <info@concretebuilderssupply.com>\r\n','',NULL,'1.10.4'),
(23,'2022-10-03 22:59:58','162.213.251.177','tiana@burtmg.com','[Concrete Builders Supply] Some plugins were automatically updated','Howdy! Some plugins have automatically updated to their latest versions on your site at https://concretebuilderssupply.com. No further action is needed on your part.\n\n\nThese plugins are now up to date:\n- UPS Live Rates and Access Points (from version 1.19.0 to 1.19.1)\n\n\nIf you experience any issues or need support, the volunteers in the WordPress.org support forums may be able to help.\nhttps://wordpress.org/support/forums/\n\nThe WordPress Team','','',NULL,'1.10.4'),
(24,'2022-10-18 02:53:40','162.213.251.177','tiana@burtmg.com','[Concrete Builders Supply] Your site has updated to WordPress 6.0.3','Howdy! Your site at https://concretebuilderssupply.com has been updated automatically to WordPress 6.0.3.\n\nNo further action is needed on your part. For more on version 6.0.3, see the About WordPress screen:\nhttps://concretebuilderssupply.com/wp-admin/about.php\n\nIf you experience any issues or need support, the volunteers in the WordPress.org support forums may be able to help.\nhttps://wordpress.org/support/forums/\n\nYou also have some plugins or themes with updates available. Update them now:\nhttps://concretebuilderssupply.com/wp-admin/\n\nThe WordPress Team\n','','',NULL,'1.10.4'),
(25,'2022-10-18 23:03:04','162.213.251.177','tiana@burtmg.com','[Concrete Builders Supply] Some plugins were automatically updated','Howdy! Some plugins have automatically updated to their latest versions on your site at https://concretebuilderssupply.com. No further action is needed on your part.\n\n\nThese plugins are now up to date:\n- UPS Live Rates and Access Points (from version 1.19.1 to 1.20.0)\n\n\nIf you experience any issues or need support, the volunteers in the WordPress.org support forums may be able to help.\nhttps://wordpress.org/support/forums/\n\nThe WordPress Team','','',NULL,'1.10.4'),
(26,'2022-10-24 23:14:02','162.213.251.177','tiana@burtmg.com','[Concrete Builders Supply] Some plugins were automatically updated','Howdy! Some plugins have automatically updated to their latest versions on your site at https://concretebuilderssupply.com. No further action is needed on your part.\n\n\nThese plugins are now up to date:\n- UPS Live Rates and Access Points (from version 1.20.0 to 1.20.1)\n\n\nIf you experience any issues or need support, the volunteers in the WordPress.org support forums may be able to help.\nhttps://wordpress.org/support/forums/\n\nThe WordPress Team','','',NULL,'1.10.4'),
(27,'2022-11-02 11:31:25','162.213.251.177','tiana@burtmg.com','[Concrete Builders Supply] Your site has updated to WordPress 6.1','Howdy! Your site at https://concretebuilderssupply.com has been updated automatically to WordPress 6.1.\n\nNo further action is needed on your part. For more on version 6.1, see the About WordPress screen:\nhttps://concretebuilderssupply.com/wp-admin/about.php\n\nIf you experience any issues or need support, the volunteers in the WordPress.org support forums may be able to help.\nhttps://wordpress.org/support/forums/\n\nYou also have some plugins or themes with updates available. Update them now:\nhttps://concretebuilderssupply.com/wp-admin/\n\nThe WordPress Team\n','','',NULL,'1.10.4'),
(28,'2022-11-16 12:35:34','162.213.251.177','tiana@burtmg.com','[Concrete Builders Supply] Your site has updated to WordPress 6.1.1','Howdy! Your site at https://concretebuilderssupply.com has been updated automatically to WordPress 6.1.1.\n\nNo further action is needed on your part. For more on version 6.1.1, see the About WordPress screen:\nhttps://concretebuilderssupply.com/wp-admin/about.php\n\nIf you experience any issues or need support, the volunteers in the WordPress.org support forums may be able to help.\nhttps://wordpress.org/support/forums/\n\nYou also have some plugins or themes with updates available. Update them now:\nhttps://concretebuilderssupply.com/wp-admin/\n\nThe WordPress Team\n','','',NULL,'1.10.4'),
(29,'2022-11-25 00:18:56','162.213.251.177','tiana@burtmg.com','[Concrete Builders Supply] Some plugins were automatically updated','Howdy! Some plugins have automatically updated to their latest versions on your site at https://concretebuilderssupply.com. No further action is needed on your part.\n\n\nThese plugins are now up to date:\n- UPS Live Rates and Access Points (from version 1.20.1 to 1.21.0) : https://wordpress.org/plugins/flexible-shipping-ups/\n\n\nIf you experience any issues or need support, the volunteers in the WordPress.org support forums may be able to help.\nhttps://wordpress.org/support/forums/\n\nThe WordPress Team','','',NULL,'1.10.4'),
(30,'2022-12-14 00:03:11','162.213.251.177','tiana@burtmg.com','[Concrete Builders Supply] Some plugins were automatically updated','Howdy! Some plugins have automatically updated to their latest versions on your site at https://concretebuilderssupply.com. No further action is needed on your part.\n\n\nThese plugins are now up to date:\n- UPS Live Rates and Access Points (from version 1.21.0 to 1.22.0) : https://wordpress.org/plugins/flexible-shipping-ups/\n\n\nIf you experience any issues or need support, the volunteers in the WordPress.org support forums may be able to help.\nhttps://wordpress.org/support/forums/\n\nThe WordPress Team','','',NULL,'1.10.4'),
(31,'2023-01-03 00:31:58','162.213.251.177','tiana@burtmg.com','[Concrete Builders Supply] Some plugins were automatically updated','Howdy! Some plugins have automatically updated to their latest versions on your site at https://concretebuilderssupply.com. No further action is needed on your part.\n\n\nThese plugins are now up to date:\n- UPS Live Rates and Access Points (from version 1.22.0 to 1.22.1) : https://wordpress.org/plugins/flexible-shipping-ups/\n\n\nIf you experience any issues or need support, the volunteers in the WordPress.org support forums may be able to help.\nhttps://wordpress.org/support/forums/\n\nThe WordPress Team','','',NULL,'1.10.5'),
(32,'2023-01-06 00:12:16','162.213.251.177','tiana@burtmg.com','[Concrete Builders Supply] Some plugins were automatically updated','Howdy! Some plugins have automatically updated to their latest versions on your site at https://concretebuilderssupply.com. No further action is needed on your part.\n\n\nThese plugins are now up to date:\n- UPS Live Rates and Access Points (from version 1.22.1 to 1.23.0) : https://wordpress.org/plugins/flexible-shipping-ups/\n\n\nIf you experience any issues or need support, the volunteers in the WordPress.org support forums may be able to help.\nhttps://wordpress.org/support/forums/\n\nThe WordPress Team','','',NULL,'1.10.5'),
(33,'2023-03-03 01:36:15','162.213.251.177','tiana@burtmg.com','[Concrete Builders Supply] Some plugins were automatically updated','Howdy! Some plugins have automatically updated to their latest versions on your site at https://concretebuilderssupply.com. No further action is needed on your part.\n\n\nThese plugins are now up to date:\n- UPS Live Rates and Access Points (from version 1.23.1 to 1.23.2) : https://wordpress.org/plugins/flexible-shipping-ups/\n\n\nIf you experience any issues or need support, the volunteers in the WordPress.org support forums may be able to help.\nhttps://wordpress.org/support/forums/\n\nThe WordPress Team','','',NULL,'1.10.5'),
(34,'2023-03-16 23:10:14','162.213.251.177','tiana@burtmg.com','[Concrete Builders Supply] Some plugins were automatically updated','Howdy! Some plugins have automatically updated to their latest versions on your site at https://concretebuilderssupply.com. No further action is needed on your part.\n\n\nThese plugins are now up to date:\n- UpdraftPlus - Backup/Restore (from version 1.23.2 to 1.23.3) : https://wordpress.org/plugins/updraftplus/\n\n\nIf you experience any issues or need support, the volunteers in the WordPress.org support forums may be able to help.\nhttps://wordpress.org/support/forums/\n\nThe WordPress Team','','',NULL,'1.11.0'),
(35,'2023-04-01 23:04:57','162.213.251.177','tiana@burtmg.com','[Concrete Builders Supply] Your site has updated to WordPress 6.2','Howdy! Your site at https://concretebuilderssupply.com has been updated automatically to WordPress 6.2.\n\nNo further action is needed on your part. For more on version 6.2, see the About WordPress screen:\nhttps://concretebuilderssupply.com/wp-admin/about.php\n\nIf you experience any issues or need support, the volunteers in the WordPress.org support forums may be able to help.\nhttps://wordpress.org/support/forums/\n\nYou also have some plugins or themes with updates available. Update them now:\nhttps://concretebuilderssupply.com/wp-admin/\n\nThe WordPress Team\n','','',NULL,'1.11.0'),
(36,'2023-04-19 23:04:57','162.213.251.177','tiana@burtmg.com','[Concrete Builders Supply] Some plugins were automatically updated','Howdy! Some plugins have automatically updated to their latest versions on your site at https://concretebuilderssupply.com. No further action is needed on your part.\n\n\nThese plugins are now up to date:\n- UPS Live Rates and Access Points (from version 1.23.4 to 1.23.5) : https://wordpress.org/plugins/flexible-shipping-ups/\n\n\nIf you experience any issues or need support, the volunteers in the WordPress.org support forums may be able to help.\nhttps://wordpress.org/support/forums/\n\nThe WordPress Team','','',NULL,'1.11.0'),
(37,'2023-05-10 13:18:41','162.213.251.177','tiana@burtmg.com','[Concrete Builders Supply] Some plugins were automatically updated','Howdy! Some plugins have automatically updated to their latest versions on your site at https://concretebuilderssupply.com. No further action is needed on your part.\n\n\nThese plugins are now up to date:\n- UPS Live Rates and Access Points (from version 1.23.5 to 1.23.6) : https://wordpress.org/plugins/flexible-shipping-ups/\n\n\nIf you experience any issues or need support, the volunteers in the WordPress.org support forums may be able to help.\nhttps://wordpress.org/support/forums/\n\nThe WordPress Team','','',NULL,'1.11.0'),
(38,'2023-05-16 23:01:24','162.213.251.177','tiana@burtmg.com','[Concrete Builders Supply] Your site has updated to WordPress 6.2.1','Howdy! Your site at https://concretebuilderssupply.com has been updated automatically to WordPress 6.2.1.\n\nNo further action is needed on your part. For more on version 6.2.1, see the About WordPress screen:\nhttps://concretebuilderssupply.com/wp-admin/about.php\n\nIf you experience any issues or need support, the volunteers in the WordPress.org support forums may be able to help.\nhttps://wordpress.org/support/forums/\n\nYou also have some plugins or themes with updates available. Update them now:\nhttps://concretebuilderssupply.com/wp-admin/\n\nThe WordPress Team\n','','',NULL,'1.11.0'),
(39,'2023-05-20 11:00:57','162.213.251.177','tiana@burtmg.com','[Concrete Builders Supply] Your site has updated to WordPress 6.2.2','Howdy! Your site at https://concretebuilderssupply.com has been updated automatically to WordPress 6.2.2.\n\nNo further action is needed on your part. For more on version 6.2.2, see the About WordPress screen:\nhttps://concretebuilderssupply.com/wp-admin/about.php\n\nIf you experience any issues or need support, the volunteers in the WordPress.org support forums may be able to help.\nhttps://wordpress.org/support/forums/\n\nYou also have some plugins or themes with updates available. Update them now:\nhttps://concretebuilderssupply.com/wp-admin/\n\nThe WordPress Team\n','','',NULL,'1.11.0'),
(40,'2023-05-30 23:57:47','162.213.251.177','tiana@burtmg.com','[Concrete Builders Supply] Some plugins were automatically updated','Howdy! Some plugins have automatically updated to their latest versions on your site at https://concretebuilderssupply.com. No further action is needed on your part.\n\n\nThese plugins are now up to date:\n- Jetpack (from version 12.1 to 12.1.1) : https://wordpress.org/plugins/jetpack/\n\n\nIf you experience any issues or need support, the volunteers in the WordPress.org support forums may be able to help.\nhttps://wordpress.org/support/forums/\n\nThe WordPress Team','','',NULL,'1.11.0'),
(41,'2023-05-31 11:23:29','162.213.251.177','tiana@burtmg.com','[Concrete Builders Supply] Some plugins were automatically updated','Howdy! Some plugins have automatically updated to their latest versions on your site at https://concretebuilderssupply.com. No further action is needed on your part.\n\n\nThese plugins are now up to date:\n- WooCommerce Stripe Gateway (from version 7.4.0 to 7.4.1) : https://wordpress.org/plugins/woocommerce-gateway-stripe/\n\n\nIf you experience any issues or need support, the volunteers in the WordPress.org support forums may be able to help.\nhttps://wordpress.org/support/forums/\n\nThe WordPress Team','','',NULL,'1.11.0'),
(42,'2023-06-05 23:17:42','162.213.251.177','tiana@burtmg.com','[Concrete Builders Supply] Some plugins were automatically updated','Howdy! Some plugins have automatically updated to their latest versions on your site at https://concretebuilderssupply.com. No further action is needed on your part.\n\n\nThese plugins are now up to date:\n- UPS Live Rates and Access Points (from version 1.23.6 to 2.0.0) : https://wordpress.org/plugins/flexible-shipping-ups/\n- WooCommerce Payments (from version 5.9.0 to 5.9.1) : https://wordpress.org/plugins/woocommerce-payments/\n\n\nIf you experience any issues or need support, the volunteers in the WordPress.org support forums may be able to help.\nhttps://wordpress.org/support/forums/\n\nThe WordPress Team','','',NULL,'1.11.0'),
(43,'2023-06-15 00:15:40','162.213.251.177','tiana@burtmg.com','[Concrete Builders Supply] Some plugins were automatically updated','Howdy! Some plugins have automatically updated to their latest versions on your site at https://concretebuilderssupply.com. No further action is needed on your part.\n\n\nThese plugins are now up to date:\n- UPS Live Rates and Access Points (from version 2.0.1 to 2.0.2) : https://wordpress.org/plugins/flexible-shipping-ups/\n\n\nIf you experience any issues or need support, the volunteers in the WordPress.org support forums may be able to help.\nhttps://wordpress.org/support/forums/\n\nThe WordPress Team','','',NULL,'1.11.0'),
(44,'2023-07-04 23:46:36','162.213.251.177','tiana@burtmg.com','[Concrete Builders Supply] Some plugins were automatically updated','Howdy! Some plugins have automatically updated to their latest versions on your site at https://concretebuilderssupply.com. No further action is needed on your part.\n\n\nThese plugins are now up to date:\n- UPS Live Rates and Access Points (from version 2.0.2 to 2.0.3) : https://wordpress.org/plugins/flexible-shipping-ups/\n\n\nIf you experience any issues or need support, the volunteers in the WordPress.org support forums may be able to help.\nhttps://wordpress.org/support/forums/\n\nThe WordPress Team','','',NULL,'1.11.0'),
(45,'2023-07-10 23:16:06','162.213.251.177','tiana@burtmg.com','[Concrete Builders Supply] Some plugins were automatically updated','Howdy! Some plugins have automatically updated to their latest versions on your site at https://concretebuilderssupply.com. No further action is needed on your part.\n\n\nThese plugins are now up to date:\n- UPS Live Rates and Access Points (from version 2.0.3 to 2.0.4) : https://wordpress.org/plugins/flexible-shipping-ups/\n\n\nIf you experience any issues or need support, the volunteers in the WordPress.org support forums may be able to help.\nhttps://wordpress.org/support/forums/\n\nThe WordPress Team','','',NULL,'1.11.0'),
(46,'2023-08-01 00:09:59','162.213.251.177','tiana@burtmg.com','[Concrete Builders Supply] Some plugins were automatically updated','Howdy! Some plugins have automatically updated to their latest versions on your site at https://concretebuilderssupply.com. No further action is needed on your part.\n\n\nThese plugins are now up to date:\n- WooCommerce Payments (from version 5.9.1 to 5.9.2) : https://wordpress.org/plugins/woocommerce-payments/\n- WooCommerce Stripe Gateway (from version 7.4.1 to 7.4.2) : https://wordpress.org/plugins/woocommerce-gateway-stripe/\n\n\nIf you experience any issues or need support, the volunteers in the WordPress.org support forums may be able to help.\nhttps://wordpress.org/support/forums/\n\nThe WordPress Team','','',NULL,'1.11.0'),
(47,'2023-08-03 23:42:27','162.213.251.177','tiana@burtmg.com','[Concrete Builders Supply] Some plugins were automatically updated','Howdy! Some plugins have automatically updated to their latest versions on your site at https://concretebuilderssupply.com. No further action is needed on your part.\n\n\nThese plugins are now up to date:\n- UPS Live Rates and Access Points (from version 2.0.4 to 2.0.5) : https://wordpress.org/plugins/flexible-shipping-ups/\n\n\nIf you experience any issues or need support, the volunteers in the WordPress.org support forums may be able to help.\nhttps://wordpress.org/support/forums/\n\nThe WordPress Team','','',NULL,'1.11.0'),
(48,'2023-08-08 00:13:23','162.213.251.177','tiana@burtmg.com','[Concrete Builders Supply] Some plugins were automatically updated','Howdy! Some plugins have automatically updated to their latest versions on your site at https://concretebuilderssupply.com. No further action is needed on your part.\n\n\nThese plugins are now up to date:\n- UPS Live Rates and Access Points (from version 2.0.5 to 2.0.6) : https://wordpress.org/plugins/flexible-shipping-ups/\n\n\nIf you experience any issues or need support, the volunteers in the WordPress.org support forums may be able to help.\nhttps://wordpress.org/support/forums/\n\nThe WordPress Team','','',NULL,'1.11.0'),
(49,'2023-08-09 01:19:12','162.213.251.177','tiana@burtmg.com','[Concrete Builders Supply] Your site has updated to WordPress 6.3','Howdy! Your site at https://concretebuilderssupply.com has been updated automatically to WordPress 6.3.\n\nNo further action is needed on your part. For more on version 6.3, see the About WordPress screen:\nhttps://concretebuilderssupply.com/wp-admin/about.php\n\nIf you experience any issues or need support, the volunteers in the WordPress.org support forums may be able to help.\nhttps://wordpress.org/support/forums/\n\nYou also have some plugins or themes with updates available. Update them now:\nhttps://concretebuilderssupply.com/wp-admin/\n\nThe WordPress Team\n','','',NULL,'1.11.0'),
(50,'2023-08-29 23:58:10','162.213.251.177','tiana@burtmg.com','[Concrete Builders Supply] Your site has updated to WordPress 6.3.1','Howdy! Your site at https://concretebuilderssupply.com has been updated automatically to WordPress 6.3.1.\n\nNo further action is needed on your part. For more on version 6.3.1, see the About WordPress screen:\nhttps://concretebuilderssupply.com/wp-admin/about.php\n\nIf you experience any issues or need support, the volunteers in the WordPress.org support forums may be able to help.\nhttps://wordpress.org/support/forums/\n\nYou also have some plugins or themes with updates available. Update them now:\nhttps://concretebuilderssupply.com/wp-admin/\n\nThe WordPress Team\n','','',NULL,'1.11.0'),
(51,'2023-09-06 23:19:30','162.213.251.177','tiana@burtmg.com','[Concrete Builders Supply] Some plugins were automatically updated','Howdy! Some plugins have automatically updated to their latest versions on your site at https://concretebuilderssupply.com. No further action is needed on your part.\n\n\nThese plugins are now up to date:\n- UPS Live Rates and Access Points (from version 2.0.7 to 2.0.8) : https://wordpress.org/plugins/flexible-shipping-ups/\n\n\nIf you experience any issues or need support, the volunteers in the WordPress.org support forums may be able to help.\nhttps://wordpress.org/support/forums/\n\nThe WordPress Team','','',NULL,'1.11.0'),
(52,'2023-09-25 23:29:11','162.213.251.177','tiana@burtmg.com','[Concrete Builders Supply] Some plugins were automatically updated','Howdy! Some plugins have automatically updated to their latest versions on your site at https://concretebuilderssupply.com. No further action is needed on your part.\n\n\nThese plugins are now up to date:\n- UPS Live Rates and Access Points (from version 2.0.8 to 2.0.9) : https://wordpress.org/plugins/flexible-shipping-ups/\n\n\nIf you experience any issues or need support, the volunteers in the WordPress.org support forums may be able to help.\nhttps://wordpress.org/support/forums/\n\nThe WordPress Team','','',NULL,'1.11.0'),
(53,'2023-09-26 12:48:58','162.213.251.177','tiana@burtmg.com','[Concrete Builders Supply] Some plugins were automatically updated','Howdy! Some plugins have automatically updated to their latest versions on your site at https://concretebuilderssupply.com. No further action is needed on your part.\n\n\nThese plugins are now up to date:\n- UPS Live Rates and Access Points (from version 2.0.9 to 2.0.10) : https://wordpress.org/plugins/flexible-shipping-ups/\n\n\nIf you experience any issues or need support, the volunteers in the WordPress.org support forums may be able to help.\nhttps://wordpress.org/support/forums/\n\nThe WordPress Team','','',NULL,'1.11.0'),
(54,'2023-10-03 23:11:33','162.213.251.177','tiana@burtmg.com','[Concrete Builders Supply] Some plugins were automatically updated','Howdy! Some plugins have automatically updated to their latest versions on your site at https://concretebuilderssupply.com. No further action is needed on your part.\n\n\nThese plugins are now up to date:\n- UPS Live Rates and Access Points (from version 2.0.10 to 2.0.11) : https://wordpress.org/plugins/flexible-shipping-ups/\n\n\nIf you experience any issues or need support, the volunteers in the WordPress.org support forums may be able to help.\nhttps://wordpress.org/support/forums/\n\nThe WordPress Team','','',NULL,'1.11.0'),
(55,'2023-10-13 11:02:16','162.213.251.177','tiana@burtmg.com','[Concrete Builders Supply] Your site has updated to WordPress 6.3.2','Howdy! Your site at https://concretebuilderssupply.com has been updated automatically to WordPress 6.3.2.\n\nNo further action is needed on your part. For more on version 6.3.2, see the About WordPress screen:\nhttps://concretebuilderssupply.com/wp-admin/about.php\n\nIf you experience any issues or need support, the volunteers in the WordPress.org support forums may be able to help.\nhttps://wordpress.org/support/forums/\n\nYou also have some plugins or themes with updates available. Update them now:\nhttps://concretebuilderssupply.com/wp-admin/\n\nThe WordPress Team\n','','',NULL,'1.11.0'),
(56,'2023-10-16 23:04:47','162.213.251.177','tiana@burtmg.com','[Concrete Builders Supply] Some plugins were automatically updated','Howdy! Some plugins have automatically updated to their latest versions on your site at https://concretebuilderssupply.com. No further action is needed on your part.\n\n\nThese plugins are now up to date:\n- UPS Live Rates and Access Points (from version 2.0.11 to 2.0.12) : https://wordpress.org/plugins/flexible-shipping-ups/\n\n\nIf you experience any issues or need support, the volunteers in the WordPress.org support forums may be able to help.\nhttps://wordpress.org/support/forums/\n\nThe WordPress Team','','',NULL,'1.11.0'),
(57,'2023-10-17 23:26:09','162.213.251.177','tiana@burtmg.com','[Concrete Builders Supply] Some plugins were automatically updated','Howdy! Some plugins have automatically updated to their latest versions on your site at https://concretebuilderssupply.com. No further action is needed on your part.\n\n\nThese plugins are now up to date:\n- WooCommerce Stripe Gateway (from version 7.4.2 to 7.4.3) : https://wordpress.org/plugins/woocommerce-gateway-stripe/\n\n\nIf you experience any issues or need support, the volunteers in the WordPress.org support forums may be able to help.\nhttps://wordpress.org/support/forums/\n\nThe WordPress Team','','',NULL,'1.11.0'),
(58,'2023-11-08 00:51:20','162.213.251.177','tiana@burtmg.com','[Concrete Builders Supply] Your site has updated to WordPress 6.4','Howdy! Your site at https://concretebuilderssupply.com has been updated automatically to WordPress 6.4.\n\nNo further action is needed on your part. For more on version 6.4, see the About WordPress screen:\nhttps://concretebuilderssupply.com/wp-admin/about.php\n\nIf you experience any issues or need support, the volunteers in the WordPress.org support forums may be able to help.\nhttps://wordpress.org/support/forums/\n\nYou also have some plugins or themes with updates available. Update them now:\nhttps://concretebuilderssupply.com/wp-admin/\n\nThe WordPress Team\n','','',NULL,'1.11.0'),
(59,'2023-11-09 13:08:00','162.213.251.177','tiana@burtmg.com','[Concrete Builders Supply] Your site has updated to WordPress 6.4.1','Howdy! Your site at https://concretebuilderssupply.com has been updated automatically to WordPress 6.4.1.\n\nNo further action is needed on your part. For more on version 6.4.1, see the About WordPress screen:\nhttps://concretebuilderssupply.com/wp-admin/about.php\n\nIf you experience any issues or need support, the volunteers in the WordPress.org support forums may be able to help.\nhttps://wordpress.org/support/forums/\n\nYou also have some plugins or themes with updates available. Update them now:\nhttps://concretebuilderssupply.com/wp-admin/\n\nThe WordPress Team\n','','',NULL,'1.11.0'),
(60,'2023-11-10 00:19:06','162.213.251.177','tiana@burtmg.com','[Concrete Builders Supply] Some plugins were automatically updated','Howdy! Some plugins have automatically updated to their latest versions on your site at https://concretebuilderssupply.com. No further action is needed on your part.\n\n\nThese plugins are now up to date:\n- UPS Live Rates and Access Points (from version 2.0.13 to 2.1.0) : https://wordpress.org/plugins/flexible-shipping-ups/\n\n\nIf you experience any issues or need support, the volunteers in the WordPress.org support forums may be able to help.\nhttps://wordpress.org/support/forums/\n\nThe WordPress Team','','',NULL,'1.11.0'),
(61,'2023-11-11 00:14:19','162.213.251.177','tiana@burtmg.com','[Concrete Builders Supply] Some plugins were automatically updated','Howdy! Some plugins have automatically updated to their latest versions on your site at https://concretebuilderssupply.com. No further action is needed on your part.\n\n\nThese plugins are now up to date:\n- UPS Live Rates and Access Points (from version 2.1.0 to 2.1.1) : https://wordpress.org/plugins/flexible-shipping-ups/\n\n\nIf you experience any issues or need support, the volunteers in the WordPress.org support forums may be able to help.\nhttps://wordpress.org/support/forums/\n\nThe WordPress Team','','',NULL,'1.11.0'),
(62,'2023-12-05 00:00:13','162.213.251.177','tiana@burtmg.com','[Concrete Builders Supply] Some plugins were automatically updated','Howdy! Some plugins have automatically updated to their latest versions on your site at https://concretebuilderssupply.com. No further action is needed on your part.\n\n\nThese plugins are now up to date:\n- UPS Live Rates and Access Points (from version 2.1.1 to 2.1.2) : https://wordpress.org/plugins/flexible-shipping-ups/\n\n\nIf you experience any issues or need support, the volunteers in the WordPress.org support forums may be able to help.\nhttps://wordpress.org/support/forums/\n\nThe WordPress Team','','',NULL,'1.11.0'),
(63,'2023-12-06 22:27:46','162.213.251.177','tiana@burtmg.com','[Concrete Builders Supply] Your site has updated to WordPress 6.4.2','Howdy! Your site at https://concretebuilderssupply.com has been updated automatically to WordPress 6.4.2.\n\nNo further action is needed on your part. For more on version 6.4.2, see the About WordPress screen:\nhttps://concretebuilderssupply.com/wp-admin/about.php\n\nIf you experience any issues or need support, the volunteers in the WordPress.org support forums may be able to help.\nhttps://wordpress.org/support/forums/\n\nYou also have some plugins or themes with updates available. Update them now:\nhttps://concretebuilderssupply.com/wp-admin/\n\nThe WordPress Team\n','','',NULL,'1.11.0'),
(64,'2024-01-31 18:18:01','162.213.251.177','tiana@burtmg.com','[Concrete Builders Supply] Your site has updated to WordPress 6.4.3','Howdy! Your site at https://concretebuilderssupply.com has been updated automatically to WordPress 6.4.3.\n\nNo further action is needed on your part. For more on version 6.4.3, see the About WordPress screen:\nhttps://concretebuilderssupply.com/wp-admin/about.php\n\nIf you experience any issues or need support, the volunteers in the WordPress.org support forums may be able to help.\nhttps://wordpress.org/support/forums/\n\nYou also have some plugins or themes with updates available. Update them now:\nhttps://concretebuilderssupply.com/wp-admin/\n\nThe WordPress Team\n','','',NULL,'1.11.0'),
(65,'2024-02-06 00:30:18','162.213.251.177','tiana@burtmg.com','[Concrete Builders Supply] Some plugins were automatically updated','Howdy! Some plugins have automatically updated to their latest versions on your site at https://concretebuilderssupply.com. No further action is needed on your part.\n\n\nThese plugins are now up to date:\n- UPS Live Rates and Access Points (from version 2.1.2 to 2.2.0) : https://wordpress.org/plugins/flexible-shipping-ups/\n\n\nIf you experience any issues or need support, the volunteers in the WordPress.org support forums may be able to help.\nhttps://wordpress.org/support/forums/\n\nThe WordPress Team','','',NULL,'1.11.0'),
(66,'2024-02-16 00:23:50','162.213.251.177','tiana@burtmg.com','[Concrete Builders Supply] Some plugins were automatically updated','Howdy! Some plugins have automatically updated to their latest versions on your site at https://concretebuilderssupply.com. No further action is needed on your part.\n\n\nThese plugins are now up to date:\n- UPS Live Rates and Access Points (from version 2.2.0 to 2.2.1) : https://wordpress.org/plugins/flexible-shipping-ups/\n\n\nIf you experience any issues or need support, the volunteers in the WordPress.org support forums may be able to help.\nhttps://wordpress.org/support/forums/\n\nThe WordPress Team','','',NULL,'1.11.0'),
(67,'2024-03-06 00:01:08','162.213.251.177','tiana@burtmg.com','[Concrete Builders Supply] Some plugins were automatically updated','Howdy! Some plugins have automatically updated to their latest versions on your site at https://concretebuilderssupply.com. No further action is needed on your part.\n\n\nThese plugins are now up to date:\n- UPS Live Rates and Access Points (from version 2.2.1 to 2.2.3) : https://wordpress.org/plugins/flexible-shipping-ups/\n\n\nIf you experience any issues or need support, the volunteers in the WordPress.org support forums may be able to help.\nhttps://wordpress.org/support/forums/\n\nThe WordPress Team','','',NULL,'1.11.0'),
(68,'2024-03-11 11:06:21','162.213.251.177','tiana@burtmg.com','[Concrete Builders Supply] Some plugins were automatically updated','Howdy! Some plugins have automatically updated to their latest versions on your site at https://concretebuilderssupply.com. No further action is needed on your part.\n\n\nThese plugins are now up to date:\n- UPS Live Rates and Access Points (from version 2.2.3 to 2.2.5) : https://wordpress.org/plugins/flexible-shipping-ups/\n\n\nIf you experience any issues or need support, the volunteers in the WordPress.org support forums may be able to help.\nhttps://wordpress.org/support/forums/\n\nThe WordPress Team','','',NULL,'1.11.0'),
(69,'2024-03-25 23:02:18','162.213.251.177','tiana@burtmg.com','[Concrete Builders Supply] Some plugins were automatically updated','Howdy! Some plugins have automatically updated to their latest versions on your site at https://concretebuilderssupply.com. No further action is needed on your part.\n\n\nThese plugins are now up to date:\n- UPS Live Rates and Access Points (from version 2.2.5 to 2.2.6) : https://wordpress.org/plugins/flexible-shipping-ups/\n\n\nIf you experience any issues or need support, the volunteers in the WordPress.org support forums may be able to help.\nhttps://wordpress.org/support/forums/\n\nThe WordPress Team','','',NULL,'1.11.0'),
(70,'2024-04-02 23:30:00','162.213.251.177','tiana@burtmg.com','[Concrete Builders Supply] Your site has updated to WordPress 6.5','Howdy! Your site at https://concretebuilderssupply.com has been updated automatically to WordPress 6.5.\n\nNo further action is needed on your part. For more on version 6.5, see the About WordPress screen:\nhttps://concretebuilderssupply.com/wp-admin/about.php\n\nIf you experience any issues or need support, the volunteers in the WordPress.org support forums may be able to help.\nhttps://wordpress.org/support/forums/\n\nYou also have some plugins or themes with updates available. Update them now:\nhttps://concretebuilderssupply.com/wp-admin/\n\nThe WordPress Team\n','','',NULL,'1.11.0'),
(71,'2024-04-10 02:55:27','162.213.251.177','tiana@burtmg.com','[Concrete Builders Supply] Your site has updated to WordPress 6.5.2','Howdy! Your site at https://concretebuilderssupply.com has been updated automatically to WordPress 6.5.2.\n\nNo further action is needed on your part. For more on version 6.5.2, see the About WordPress screen:\nhttps://concretebuilderssupply.com/wp-admin/about.php\n\nIf you experience any issues or need support, the volunteers in the WordPress.org support forums may be able to help.\nhttps://wordpress.org/support/forums/\n\nYou also have some plugins or themes with updates available. Update them now:\nhttps://concretebuilderssupply.com/wp-admin/\n\nThe WordPress Team\n','','',NULL,'1.11.0'),
(72,'2024-04-15 23:34:20','162.213.251.177','tiana@burtmg.com','[Concrete Builders Supply] Some plugins were automatically updated','Howdy! Some plugins have automatically updated to their latest versions on your site at https://concretebuilderssupply.com. No further action is needed on your part.\n\n\nThese plugins are now up to date:\n- UPS Live Rates and Access Points (from version 2.2.6 to 2.2.7) : https://wordpress.org/plugins/flexible-shipping-ups/\n\n\nIf you experience any issues or need support, the volunteers in the WordPress.org support forums may be able to help.\nhttps://wordpress.org/support/forums/\n\nThe WordPress Team','','',NULL,'1.11.0'),
(73,'2024-04-18 23:02:13','162.213.251.177','tiana@burtmg.com','[Concrete Builders Supply] Some plugins were automatically updated','Howdy! Some plugins have automatically updated to their latest versions on your site at https://concretebuilderssupply.com. No further action is needed on your part.\n\n\nThese plugins are now up to date:\n- UPS Live Rates and Access Points (from version 2.2.7 to 2.2.8) : https://wordpress.org/plugins/flexible-shipping-ups/\n\n\nIf you experience any issues or need support, the volunteers in the WordPress.org support forums may be able to help.\nhttps://wordpress.org/support/forums/\n\nThe WordPress Team','','',NULL,'1.11.0'),
(74,'2024-05-07 23:27:03','162.213.251.177','tiana@burtmg.com','[Concrete Builders Supply] Your site has updated to WordPress 6.5.3','Howdy! Your site at https://concretebuilderssupply.com has been updated automatically to WordPress 6.5.3.\n\nNo further action is needed on your part. For more on version 6.5.3, see the About WordPress screen:\nhttps://concretebuilderssupply.com/wp-admin/about.php\n\nIf you experience any issues or need support, the volunteers in the WordPress.org support forums may be able to help.\nhttps://wordpress.org/support/forums/\n\nYou also have some plugins or themes with updates available. Update them now:\nhttps://concretebuilderssupply.com/wp-admin/\n\nThe WordPress Team\n','','',NULL,'1.11.0'),
(75,'2024-05-09 22:59:45','162.213.251.177','tiana@burtmg.com','[Concrete Builders Supply] Some plugins were automatically updated','Howdy! Some plugins have automatically updated to their latest versions on your site at https://concretebuilderssupply.com. No further action is needed on your part.\n\n\nThese plugins are now up to date:\n- UPS Live Rates and Access Points (from version 2.2.8 to 2.2.9) : https://wordpress.org/plugins/flexible-shipping-ups/\n\n\nIf you experience any issues or need support, the volunteers in the WordPress.org support forums may be able to help.\nhttps://wordpress.org/support/forums/\n\nThe WordPress Team','','',NULL,'1.11.0'),
(76,'2024-05-22 23:07:06','162.213.251.177','tiana@burtmg.com','[Concrete Builders Supply] Some plugins were automatically updated','Howdy! Some plugins have automatically updated to their latest versions on your site at https://concretebuilderssupply.com. No further action is needed on your part.\n\n\nThese plugins are now up to date:\n- UPS Live Rates and Access Points (from version 2.2.9 to 2.3.0) : https://wordpress.org/plugins/flexible-shipping-ups/\n\n\nIf you experience any issues or need support, the volunteers in the WordPress.org support forums may be able to help.\nhttps://wordpress.org/support/forums/\n\nThe WordPress Team','','',NULL,'1.11.0'),
(77,'2024-06-03 11:19:58','162.213.251.177','tiana@burtmg.com','[Concrete Builders Supply] Some plugins were automatically updated','Howdy! Some plugins have automatically updated to their latest versions on your site at https://concretebuilderssupply.com. No further action is needed on your part.\n\n\nThese plugins are now up to date:\n- UPS Live Rates and Access Points (from version 2.3.0 to 2.3.1) : https://wordpress.org/plugins/flexible-shipping-ups/\n\n\nIf you experience any issues or need support, the volunteers in the WordPress.org support forums may be able to help.\nhttps://wordpress.org/support/forums/\n\nThe WordPress Team','','',NULL,'1.11.0'),
(78,'2024-06-05 23:56:15','162.213.251.177','tiana@burtmg.com','[Concrete Builders Supply] Your site has updated to WordPress 6.5.4','Howdy! Your site at https://concretebuilderssupply.com has been updated automatically to WordPress 6.5.4.\n\nNo further action is needed on your part. For more on version 6.5.4, see the About WordPress screen:\nhttps://concretebuilderssupply.com/wp-admin/about.php\n\nIf you experience any issues or need support, the volunteers in the WordPress.org support forums may be able to help.\nhttps://wordpress.org/support/forums/\n\nYou also have some plugins or themes with updates available. Update them now:\nhttps://concretebuilderssupply.com/wp-admin/\n\nThe WordPress Team\n','','',NULL,'1.11.0'),
(79,'2024-06-10 23:21:01','162.213.251.177','tiana@burtmg.com','[Concrete Builders Supply] Some plugins were automatically updated','Howdy! Some plugins have automatically updated to their latest versions on your site at https://concretebuilderssupply.com. No further action is needed on your part.\n\n\nThese plugins are now up to date:\n- UPS Live Rates and Access Points (from version 2.3.1 to 2.3.2) : https://wordpress.org/plugins/flexible-shipping-ups/\n\n\nIf you experience any issues or need support, the volunteers in the WordPress.org support forums may be able to help.\nhttps://wordpress.org/support/forums/\n\nThe WordPress Team','','',NULL,'1.11.0'),
(80,'2024-07-13 13:49:56','162.213.251.177','tiana@burtmg.com','[Concrete Builders Supply] Your site has updated to WordPress 6.5.5','Howdy! Your site at https://concretebuilderssupply.com has been updated automatically to WordPress 6.5.5.\n\nNo further action is needed on your part. For more on version 6.5.5, see the About WordPress screen:\nhttps://concretebuilderssupply.com/wp-admin/about.php\n\nIf you experience any issues or need support, the volunteers in the WordPress.org support forums may be able to help.\nhttps://wordpress.org/support/forums/\n\nYou also have some plugins or themes with updates available. Update them now:\nhttps://concretebuilderssupply.com/wp-admin/\n\nThe WordPress Team\n','','',NULL,'1.11.0'),
(81,'2024-07-16 23:34:05','162.213.251.177','tiana@burtmg.com','[Concrete Builders Supply] Your site has updated to WordPress 6.6','Howdy! Your site at https://concretebuilderssupply.com has been updated automatically to WordPress 6.6.\n\nNo further action is needed on your part. For more on version 6.6, see the About WordPress screen:\nhttps://concretebuilderssupply.com/wp-admin/about.php\n\nIf you experience any issues or need support, the volunteers in the WordPress.org support forums may be able to help.\nhttps://wordpress.org/support/forums/\n\nYou also have some plugins or themes with updates available. Update them now:\nhttps://concretebuilderssupply.com/wp-admin/\n\nThe WordPress Team\n','','',NULL,'1.11.0'),
(82,'2024-07-17 23:27:44','162.213.251.177','tiana@burtmg.com','[Concrete Builders Supply] Some plugins were automatically updated','Howdy! Some plugins have automatically updated to their latest versions on your site at https://concretebuilderssupply.com. No further action is needed on your part.\n\n\nThese plugins are now up to date:\n- UPS Live Rates and Access Points (from version 2.3.3 to 2.3.5) : https://wordpress.org/plugins/flexible-shipping-ups/\n\n\nIf you experience any issues or need support, the volunteers in the WordPress.org support forums may be able to help.\nhttps://wordpress.org/support/forums/\n\nThe WordPress Team','','',NULL,'1.11.0'),
(83,'2024-07-18 23:05:44','162.213.251.177','tiana@burtmg.com','[Concrete Builders Supply] Some plugins were automatically updated','Howdy! Some plugins have automatically updated to their latest versions on your site at https://concretebuilderssupply.com. No further action is needed on your part.\n\n\nThese plugins are now up to date:\n- UPS Live Rates and Access Points (from version 2.3.5 to 2.3.6) : https://wordpress.org/plugins/flexible-shipping-ups/\n\n\nIf you experience any issues or need support, the volunteers in the WordPress.org support forums may be able to help.\nhttps://wordpress.org/support/forums/\n\nThe WordPress Team','','',NULL,'1.11.0'),
(84,'2024-07-23 23:21:25','162.213.251.177','tiana@burtmg.com','[Concrete Builders Supply] Your site has updated to WordPress 6.6.1','Howdy! Your site at https://concretebuilderssupply.com has been updated automatically to WordPress 6.6.1.\n\nNo further action is needed on your part. For more on version 6.6.1, see the About WordPress screen:\nhttps://concretebuilderssupply.com/wp-admin/about.php\n\nIf you experience any issues or need support, the volunteers in the WordPress.org support forums may be able to help.\nhttps://wordpress.org/support/forums/\n\nYou also have some plugins or themes with updates available. Update them now:\nhttps://concretebuilderssupply.com/wp-admin/\n\nThe WordPress Team\n','','',NULL,'1.11.0'),
(85,'2024-08-05 23:54:32','162.213.251.177','tiana@burtmg.com','[Concrete Builders Supply] Some plugins were automatically updated','Howdy! Some plugins have automatically updated to their latest versions on your site at https://concretebuilderssupply.com. No further action is needed on your part.\n\n\nThese plugins are now up to date:\n- UPS Live Rates and Access Points (from version 2.3.6 to 2.3.7) : https://wordpress.org/plugins/flexible-shipping-ups/\n\n\nIf you experience any issues or need support, the volunteers in the WordPress.org support forums may be able to help.\nhttps://wordpress.org/support/forums/\n\nThe WordPress Team','','',NULL,'1.11.0'),
(86,'2024-08-19 23:14:09','162.213.251.177','tiana@burtmg.com','[Concrete Builders Supply] Some plugins were automatically updated','Howdy! Some plugins have automatically updated to their latest versions on your site at https://concretebuilderssupply.com. No further action is needed on your part.\n\n\nThese plugins are now up to date:\n- UPS Live Rates and Access Points (from version 2.3.7 to 2.3.8) : https://wordpress.org/plugins/flexible-shipping-ups/\n\n\nIf you experience any issues or need support, the volunteers in the WordPress.org support forums may be able to help.\nhttps://wordpress.org/support/forums/\n\nThe WordPress Team','','',NULL,'1.11.0'),
(87,'2024-08-27 12:52:43','162.213.251.177','tiana@burtmg.com','[Concrete Builders Supply] Some plugins were automatically updated','Howdy! Some plugins have automatically updated to their latest versions on your site at https://concretebuilderssupply.com. No further action is needed on your part.\n\n\nThese plugins are now up to date:\n- UPS Live Rates and Access Points (from version 2.3.8 to 2.3.9) : https://wordpress.org/plugins/flexible-shipping-ups/\n\n\nIf you experience any issues or need support, the volunteers in the WordPress.org support forums may be able to help.\nhttps://wordpress.org/support/forums/\n\nThe WordPress Team','','',NULL,'1.11.0'),
(88,'2024-09-02 11:29:26','162.213.251.177','tiana@burtmg.com','[Concrete Builders Supply] Some plugins were automatically updated','Howdy! Some plugins have automatically updated to their latest versions on your site at https://concretebuilderssupply.com. No further action is needed on your part.\n\n\nThese plugins are now up to date:\n- UPS Live Rates and Access Points (from version 2.3.9 to 2.3.10) : https://wordpress.org/plugins/flexible-shipping-ups/\n\n\nIf you experience any issues or need support, the volunteers in the WordPress.org support forums may be able to help.\nhttps://wordpress.org/support/forums/\n\nThe WordPress Team','','',NULL,'1.11.0'),
(89,'2024-09-10 23:02:07','162.213.251.177','tiana@burtmg.com','[Concrete Builders Supply] Your site has updated to WordPress 6.6.2','Howdy! Your site at https://concretebuilderssupply.com has been updated automatically to WordPress 6.6.2.\n\nNo further action is needed on your part. For more on version 6.6.2, see the About WordPress screen:\nhttps://concretebuilderssupply.com/wp-admin/about.php\n\nIf you experience any issues or need support, the volunteers in the WordPress.org support forums may be able to help.\nhttps://wordpress.org/support/forums/\n\nYou also have some plugins or themes with updates available. Update them now:\nhttps://concretebuilderssupply.com/wp-admin/\n\nThe WordPress Team\n','','',NULL,'1.11.0'),
(90,'2024-09-27 23:06:59','162.213.251.177','tiana@burtmg.com','[Concrete Builders Supply] Some plugins were automatically updated','Howdy! Some plugins have automatically updated to their latest versions on your site at https://concretebuilderssupply.com. No further action is needed on your part.\n\n\nThese plugins are now up to date:\n- UPS Live Rates and Access Points (from version 2.3.10 to 2.3.11) : https://wordpress.org/plugins/flexible-shipping-ups/\n\n\nIf you experience any issues or need support, the volunteers in the WordPress.org support forums may be able to help.\nhttps://wordpress.org/support/forums/\n\nThe WordPress Team','','',NULL,'1.11.0'),
(91,'2024-10-04 20:31:04','162.213.251.177','tiana@burtmg.com','[Concrete Builders Supply] New User Registration','New user registration on your site Concrete Builders Supply:\r\n\r\nUsername: GuaUserWa4\r\n\r\nEmail: wordpUser4@org.com\r\n','','',NULL,'1.11.0'),
(92,'2024-10-14 19:09:58','162.213.251.177','tiana@burtmg.com','[Concrete Builders Supply] Some plugins were automatically updated','Howdy! Some plugins have automatically updated to their latest versions on your site at https://concretebuilderssupply.com. No further action is needed on your part.\n\n\nThese plugins are now up to date:\n- Jetpack (from version 13.9 to 13.9.1) : https://wordpress.org/plugins/jetpack/\n\n\nIf you experience any issues or need support, the volunteers in the WordPress.org support forums may be able to help.\nhttps://wordpress.org/support/forums/\n\nThe WordPress Team','','',NULL,'1.12.0'),
(93,'2024-10-22 19:01:53','162.213.251.177','tiana@burtmg.com','[Concrete Builders Supply] Some plugins were automatically updated','Howdy! Some plugins have automatically updated to their latest versions on your site at https://concretebuilderssupply.com. No further action is needed on your part.\n\n\nThese plugins are now up to date:\n- UPS Live Rates and Access Points (from version 2.3.11 to 3.0.0) : https://wordpress.org/plugins/flexible-shipping-ups/\n\n\nIf you experience any issues or need support, the volunteers in the WordPress.org support forums may be able to help.\nhttps://wordpress.org/support/forums/\n\nThe WordPress Team','','',NULL,'1.12.0'),
(94,'2024-10-29 18:59:49','162.213.251.177','tiana@burtmg.com','[Concrete Builders Supply] Some plugins were automatically updated','Howdy! Some plugins have automatically updated to their latest versions on your site at https://concretebuilderssupply.com. No further action is needed on your part.\n\n\nThese plugins are now up to date:\n- UPS Live Rates and Access Points (from version 3.0.0 to 3.1.0) : https://wordpress.org/plugins/flexible-shipping-ups/\n\n\nIf you experience any issues or need support, the volunteers in the WordPress.org support forums may be able to help.\nhttps://wordpress.org/support/forums/\n\nThe WordPress Team','','',NULL,'1.12.0'),
(95,'2024-11-13 07:29:53','162.213.251.177','tiana@burtmg.com','[Concrete Builders Supply] Some plugins were automatically updated','Howdy! Some plugins have automatically updated to their latest versions on your site at https://concretebuilderssupply.com. No further action is needed on your part.\n\n\nThese plugins are now up to date:\n- UPS Live Rates and Access Points (from version 3.1.0 to 3.2.0) : https://wordpress.org/plugins/flexible-shipping-ups/\n\n\nIf you experience any issues or need support, the volunteers in the WordPress.org support forums may be able to help.\nhttps://wordpress.org/support/forums/\n\nThe WordPress Team','','',NULL,'1.12.0'),
(96,'2024-11-13 19:27:17','162.213.251.177','tiana@burtmg.com','[Concrete Builders Supply] Your site has updated to WordPress 6.7','Howdy! Your site at https://concretebuilderssupply.com has been updated automatically to WordPress 6.7.\n\nNo further action is needed on your part. For more on version 6.7, see the About WordPress screen:\nhttps://concretebuilderssupply.com/wp-admin/about.php\n\nIf you experience any issues or need support, the volunteers in the WordPress.org support forums may be able to help.\nhttps://wordpress.org/support/forums/\n\nYou also have some plugins or themes with updates available. Update them now:\nhttps://concretebuilderssupply.com/wp-admin/\n\nThe WordPress Team\n','','',NULL,'1.12.0'),
(97,'2024-11-21 22:06:32','162.213.251.177','tiana@burtmg.com','[Concrete Builders Supply] Your site has updated to WordPress 6.7.1','Howdy! Your site at https://concretebuilderssupply.com has been updated automatically to WordPress 6.7.1.\n\nNo further action is needed on your part. For more on version 6.7.1, see the About WordPress screen:\nhttps://concretebuilderssupply.com/wp-admin/about.php\n\nIf you experience any issues or need support, the volunteers in the WordPress.org support forums may be able to help.\nhttps://wordpress.org/support/forums/\n\nYou also have some plugins or themes with updates available. Update them now:\nhttps://concretebuilderssupply.com/wp-admin/\n\nThe WordPress Team\n','','',NULL,'1.12.0'),
(98,'2024-12-10 19:04:55','162.213.251.177','tiana@burtmg.com','[Concrete Builders Supply] Some plugins were automatically updated','Howdy! Some plugins have automatically updated to their latest versions on your site at https://concretebuilderssupply.com. No further action is needed on your part.\n\n\nThese plugins are now up to date:\n- UPS Live Rates and Access Points (from version 3.2.0 to 3.2.2) : https://wordpress.org/plugins/flexible-shipping-ups/\n\n\nIf you experience any issues or need support, the volunteers in the WordPress.org support forums may be able to help.\nhttps://wordpress.org/support/forums/\n\nThe WordPress Team','','',NULL,'1.12.0'),
(99,'2025-01-20 19:01:13','162.213.251.177','tiana@burtmg.com','[Concrete Builders Supply] Some plugins were automatically updated','Howdy! Some plugins have automatically updated to their latest versions on your site at https://concretebuilderssupply.com. No further action is needed on your part.\n\n\nThese plugins are now up to date:\n- UPS Live Rates and Access Points (from version 3.2.2 to 3.2.3) : https://wordpress.org/plugins/flexible-shipping-ups/\n\n\nIf you experience any issues or need support, the volunteers in the WordPress.org support forums may be able to help.\nhttps://wordpress.org/support/forums/\n\nThe WordPress Team','Content-Type: text/html','',NULL,'1.14.0'),
(100,'2025-02-11 19:02:30','162.213.251.177','tiana@burtmg.com','[Concrete Builders Supply] Your site has updated to WordPress 6.7.2','Howdy! Your site at https://concretebuilderssupply.com has been updated automatically to WordPress 6.7.2.\n\nNo further action is needed on your part. For more on version 6.7.2, see the About WordPress screen:\nhttps://concretebuilderssupply.com/wp-admin/about.php\n\nIf you experience any issues or need support, the volunteers in the WordPress.org support forums may be able to help.\nhttps://wordpress.org/support/forums/\n\nYou also have some plugins or themes with updates available. Update them now:\nhttps://concretebuilderssupply.com/wp-admin/\n\nThe WordPress Team\n','Content-Type: text/html','',NULL,'1.14.0'),
(101,'2025-03-14 23:24:36','162.213.251.177','tiana@burtmg.com','[Concrete Builders Supply] Your Site is Experiencing a Technical Issue','Howdy!\n\nWordPress has a built-in feature that detects when a plugin or theme causes a fatal error on your site, and notifies you with this automated email.\n\nIn this case, WordPress caught an error with one of your plugins, WPBakery Page Builder.\n\nFirst, visit your website (https://concretebuilderssupply.com/) and check for any visible issues. Next, visit the page where the error was caught (https://concretebuilderssupply.com/wp-admin/admin.php?page=stats&noheader&proxy&chart=admin-bar-hours-scale-2x) and check for any visible issues.\n\nPlease contact your host for assistance with investigating this issue further.\n\nIf your site appears broken and you can\'t access your dashboard normally, WordPress now has a special \"recovery mode\". This lets you safely login to your dashboard and investigate further.\n\nhttps://concretebuilderssupply.com/wp-login.php?action=enter_recovery_mode&rm_token=py1Xq8gReZMmoBHSI6YO6c&rm_key=8FnTHpmgRdJ4jrpvOw7Rz6\n\nTo keep your site safe, this link will expire in 1 day. Don\'t worry about that, though: a new link will be emailed to you if the error occurs again after it expires.\n\nWhen seeking help with this issue, you may be asked for some of the following information:\nWordPress version 6.7.2\r\nActive theme: Edile (version 1.6)\r\nCurrent plugin: WPBakery Page Builder (version 6.5.0)\r\nPHP version 7.4.33\n\n\n\nError Details\n=============\nAn error of type E_COMPILE_ERROR was caused in line 13 of the file /home/burteany/concretebuilderssupply.com/wp-content/plugins/js_composer/include/autoload/vc-grid-item-editor.php. Error message: require_once(): Failed opening required \'/home/burteany/concretebuilderssupply.com/wp-content/plugins/js_composer/include/params/vc_grid_item/editor/class-vc-grid-item-editor.php\' (include_path=\'.:/opt/alt/php74/usr/share/pear\')','Content-Type: text/html','',NULL,'1.14.0'),
(102,'2025-04-03 16:12:15','162.213.251.177','tiana@burtmg.com','[Concrete Builders Supply] Some plugins were automatically updated','Howdy! Some plugins have automatically updated to their latest versions on your site at https://concretebuilderssupply.com. No further action is needed on your part.\n\n\nThese plugins are now up to date:\n- UPS Live Rates and Access Points (from version 3.2.3 to 3.2.5) : https://wordpress.org/plugins/flexible-shipping-ups/\n\n\nIf you experience any issues or need support, the volunteers in the WordPress.org support forums may be able to help.\nhttps://wordpress.org/support/forums/\n\nThe WordPress Team','Content-Type: text/html','',NULL,'1.14.0'),
(103,'2025-04-16 04:23:00','162.213.251.177','tiana@burtmg.com','[Concrete Builders Supply] Your site has updated to WordPress 6.8','Howdy! Your site at https://concretebuilderssupply.com has been updated automatically to WordPress 6.8.\n\nNo further action is needed on your part. For more on version 6.8, see the About WordPress screen:\nhttps://concretebuilderssupply.com/wp-admin/about.php\n\nIf you experience any issues or need support, the volunteers in the WordPress.org support forums may be able to help.\nhttps://wordpress.org/support/forums/\n\nYou also have some plugins or themes with updates available. Update them now:\nhttps://concretebuilderssupply.com/wp-admin/\n\nThe WordPress Team\n','Content-Type: text/html','',NULL,'1.14.0'),
(104,'2025-04-28 07:18:01','162.213.251.177','tiana@burtmg.com','[Concrete Builders Supply] Some plugins were automatically updated','Howdy! Some plugins have automatically updated to their latest versions on your site at https://concretebuilderssupply.com. No further action is needed on your part.\n\n\nThese plugins are now up to date:\n- Shipping Live Rates and Access Points for UPS for WooCommerce (from version 3.2.5 to 3.2.6) : https://wordpress.org/plugins/flexible-shipping-ups/\n\n\nIf you experience any issues or need support, the volunteers in the WordPress.org support forums may be able to help.\nhttps://wordpress.org/support/forums/\n\nThe WordPress Team','Content-Type: text/html','',NULL,'1.14.0'),
(105,'2025-04-30 19:18:24','162.213.251.177','tiana@burtmg.com','[Concrete Builders Supply] Your site has updated to WordPress 6.8.1','Howdy! Your site at https://concretebuilderssupply.com has been updated automatically to WordPress 6.8.1.\n\nNo further action is needed on your part. For more on version 6.8.1, see the About WordPress screen:\nhttps://concretebuilderssupply.com/wp-admin/about.php\n\nIf you experience any issues or need support, the volunteers in the WordPress.org support forums may be able to help.\nhttps://wordpress.org/support/forums/\n\nYou also have some plugins or themes with updates available. Update them now:\nhttps://concretebuilderssupply.com/wp-admin/\n\nThe WordPress Team\n','Content-Type: text/html','',NULL,'1.14.0'),
(106,'2025-05-19 19:12:45','162.213.251.177','tiana@burtmg.com','[Concrete Builders Supply] Some plugins were automatically updated','Howdy! Some plugins have automatically updated to their latest versions on your site at https://concretebuilderssupply.com. No further action is needed on your part.\n\n\nThese plugins are now up to date:\n- Shipping Live Rates and Access Points for UPS for WooCommerce (from version 3.2.6 to 3.2.7) : https://wordpress.org/plugins/flexible-shipping-ups/\n\n\nIf you experience any issues or need support, the volunteers in the WordPress.org support forums may be able to help.\nhttps://wordpress.org/support/forums/\n\nThe WordPress Team','Content-Type: text/html','',NULL,'1.14.0'),
(107,'2025-06-05 19:49:17','162.213.251.177','tiana@burtmg.com','[Concrete Builders Supply] Some plugins were automatically updated','Howdy! Some plugins have automatically updated to their latest versions on your site at https://concretebuilderssupply.com. No further action is needed on your part.\n\n\nThese plugins are now up to date:\n- Shipping Live Rates and Access Points for UPS for WooCommerce (from version 3.2.7 to 3.3.0) : https://wordpress.org/plugins/flexible-shipping-ups/\n\n\nIf you experience any issues or need support, the volunteers in the WordPress.org support forums may be able to help.\nhttps://wordpress.org/support/forums/\n\nThe WordPress Team','Content-Type: text/html','',NULL,'1.14.0'),
(108,'2025-07-15 19:15:01','162.213.251.177','tiana@burtmg.com','[Concrete Builders Supply] Your site has updated to WordPress 6.8.2','Howdy! Your site at https://concretebuilderssupply.com has been updated automatically to WordPress 6.8.2.\n\nNo further action is needed on your part. For more on version 6.8.2, see the About WordPress screen:\nhttps://concretebuilderssupply.com/wp-admin/about.php\n\nIf you experience any issues or need support, the volunteers in the WordPress.org support forums may be able to help.\nhttps://wordpress.org/support/forums/\n\nYou also have some plugins or themes with updates available. Update them now:\nhttps://concretebuilderssupply.com/wp-admin/\n\nThe WordPress Team\n','Content-Type: text/html','',NULL,'1.14.0'),
(109,'2025-07-21 08:01:08','162.213.251.177','tiana@burtmg.com','[Concrete Builders Supply] Some plugins were automatically updated','Howdy! Some plugins have automatically updated to their latest versions on your site at https://concretebuilderssupply.com. No further action is needed on your part.\n\n\nThese plugins are now up to date:\n- Shipping Live Rates and Access Points for UPS for WooCommerce (from version 3.3.0 to 3.4.0) : https://wordpress.org/plugins/flexible-shipping-ups/\n\n\nIf you experience any issues or need support, the volunteers in the WordPress.org support forums may be able to help.\nhttps://wordpress.org/support/forums/\n\nThe WordPress Team','Content-Type: text/html','',NULL,'1.14.0'),
(110,'2025-07-28 19:03:54','162.213.251.177','tiana@burtmg.com','[Concrete Builders Supply] Some plugins were automatically updated','Howdy! Some plugins have automatically updated to their latest versions on your site at https://concretebuilderssupply.com. No further action is needed on your part.\n\n\nThese plugins are now up to date:\n- Shipping Live Rates and Access Points for UPS for WooCommerce (from version 3.4.0 to 3.4.1) : https://wordpress.org/plugins/flexible-shipping-ups/\n\n\nIf you experience any issues or need support, the volunteers in the WordPress.org support forums may be able to help.\nhttps://wordpress.org/support/forums/\n\nThe WordPress Team','Content-Type: text/html','',NULL,'1.14.0'),
(111,'2025-08-05 07:15:09','162.213.251.177','tiana@burtmg.com','[Concrete Builders Supply] Some plugins were automatically updated','Howdy! Some plugins have automatically updated to their latest versions on your site at https://concretebuilderssupply.com. No further action is needed on your part.\n\n\nThese plugins are now up to date:\n- Shipping Live Rates and Access Points for UPS for WooCommerce (from version 3.4.1 to 3.4.2) : https://wordpress.org/plugins/flexible-shipping-ups/\n\n\nIf you experience any issues or need support, the volunteers in the WordPress.org support forums may be able to help.\nhttps://wordpress.org/support/forums/\n\nThe WordPress Team','Content-Type: text/html','',NULL,'1.14.0'),
(112,'2025-08-05 19:04:26','162.213.251.177','tiana@burtmg.com','[Concrete Builders Supply] Some plugins were automatically updated','Howdy! Some plugins have automatically updated to their latest versions on your site at https://concretebuilderssupply.com. No further action is needed on your part.\n\n\nThese plugins are now up to date:\n- Shipping Live Rates and Access Points for UPS for WooCommerce (from version 3.4.2 to 3.4.3) : https://wordpress.org/plugins/flexible-shipping-ups/\n\n\nIf you experience any issues or need support, the volunteers in the WordPress.org support forums may be able to help.\nhttps://wordpress.org/support/forums/\n\nThe WordPress Team','Content-Type: text/html','',NULL,'1.14.0'),
(113,'2025-08-12 07:08:38','162.213.251.177','tiana@burtmg.com','[Concrete Builders Supply] Some plugins were automatically updated','Howdy! Some plugins have automatically updated to their latest versions on your site at https://concretebuilderssupply.com. No further action is needed on your part.\n\n\nThese plugins are now up to date:\n- Shipping Live Rates and Access Points for UPS for WooCommerce (from version 3.4.3 to 3.4.4) : https://wordpress.org/plugins/flexible-shipping-ups/\n\n\nIf you experience any issues or need support, the volunteers in the WordPress.org support forums may be able to help.\nhttps://wordpress.org/support/forums/\n\nThe WordPress Team','Content-Type: text/html','',NULL,'1.14.0'),
(114,'2025-08-21 18:59:50','162.213.251.177','tiana@burtmg.com','[Concrete Builders Supply] Some plugins were automatically updated','Howdy! Some plugins have automatically updated to their latest versions on your site at https://concretebuilderssupply.com. No further action is needed on your part.\n\n\nThese plugins are now up to date:\n- Shipping Live Rates and Access Points for UPS for WooCommerce (from version 3.4.4 to 3.4.5) : https://wordpress.org/plugins/flexible-shipping-ups/\n\n\nIf you experience any issues or need support, the volunteers in the WordPress.org support forums may be able to help.\nhttps://wordpress.org/support/forums/\n\nThe WordPress Team','Content-Type: text/html','',NULL,'1.14.0'),
(115,'2025-08-25 19:04:42','162.213.251.177','tiana@burtmg.com','[Concrete Builders Supply] Some plugins were automatically updated','Howdy! Some plugins have automatically updated to their latest versions on your site at https://concretebuilderssupply.com. No further action is needed on your part.\n\n\nThese plugins are now up to date:\n- Shipping Live Rates and Access Points for UPS for WooCommerce (from version 3.4.5 to 3.5.0) : https://wordpress.org/plugins/flexible-shipping-ups/\n\n\nIf you experience any issues or need support, the volunteers in the WordPress.org support forums may be able to help.\nhttps://wordpress.org/support/forums/\n\nThe WordPress Team','Content-Type: text/html','',NULL,'1.14.0'),
(116,'2025-09-30 20:37:48','162.213.251.177','tiana@burtmg.com','[Concrete Builders Supply] Your site has updated to WordPress 6.8.3','Howdy! Your site at https://concretebuilderssupply.com has been updated automatically to WordPress 6.8.3.\n\nNo further action is needed on your part. For more on version 6.8.3, see the About WordPress screen:\nhttps://concretebuilderssupply.com/wp-admin/about.php\n\nIf you experience any issues or need support, the volunteers in the WordPress.org support forums may be able to help.\nhttps://wordpress.org/support/forums/\n\nYou also have some plugins or themes with updates available. Update them now:\nhttps://concretebuilderssupply.com/wp-admin/\n\nThe WordPress Team\n','Content-Type: text/html','',NULL,'1.14.0'),
(117,'2025-10-07 07:19:57','162.213.251.177','tiana@burtmg.com','[Concrete Builders Supply] Some plugins were automatically updated','Howdy! Some plugins have automatically updated to their latest versions on your site at https://concretebuilderssupply.com. No further action is needed on your part.\n\n\nThese plugins are now up to date:\n- Shipping Live Rates and Access Points for UPS for WooCommerce (from version 3.5.0 to 3.5.1) : https://wordpress.org/plugins/flexible-shipping-ups/\n\n\nIf you experience any issues or need support, the volunteers in the WordPress.org support forums may be able to help.\nhttps://wordpress.org/support/forums/\n\nThe WordPress Team','Content-Type: text/html','',NULL,'1.14.0'),
(118,'2025-10-30 19:05:19','162.213.251.177','tiana@burtmg.com','[Concrete Builders Supply] Some plugins were automatically updated','Howdy! Some plugins have automatically updated to their latest versions on your site at https://concretebuilderssupply.com. No further action is needed on your part.\n\n\nThese plugins are now up to date:\n- Shipping Live Rates and Access Points for UPS for WooCommerce (from version 3.5.1 to 3.5.2) : https://wordpress.org/plugins/flexible-shipping-ups/\n\n\nIf you experience any issues or need support, the volunteers in the WordPress.org support forums may be able to help.\nhttps://wordpress.org/support/forums/\n\nThe WordPress Team','Content-Type: text/html','',NULL,'1.14.0'),
(119,'2025-11-25 07:58:04','162.213.251.177','tiana@burtmg.com','[Concrete Builders Supply] Some plugins were automatically updated','Howdy! Some plugins have automatically updated to their latest versions on your site at https://concretebuilderssupply.com. No further action is needed on your part.\n\n\nThese plugins are now up to date:\n- Shipping Live Rates and Access Points for UPS for WooCommerce (from version 3.5.2 to 3.5.3) : https://wordpress.org/plugins/flexible-shipping-ups/\n\n\nIf you experience any issues or need support, the volunteers in the WordPress.org support forums may be able to help.\nhttps://wordpress.org/support/forums/\n\nThe WordPress Team','Content-Type: text/html','',NULL,'1.14.0'),
(120,'2025-12-02 07:23:39','162.213.251.177','tiana@burtmg.com','[Concrete Builders Supply] Some plugins were automatically updated','Howdy! Some plugins have automatically updated to their latest versions on your site at https://concretebuilderssupply.com. No further action is needed on your part.\n\n\nThese plugins are now up to date:\n- Shipping Live Rates and Access Points for UPS for WooCommerce (from version 3.5.3 to 3.5.4) : https://wordpress.org/plugins/flexible-shipping-ups/\n\n\nIf you experience any issues or need support, the volunteers in the WordPress.org support forums may be able to help.\nhttps://wordpress.org/support/forums/\n\nThe WordPress Team','Content-Type: text/html','',NULL,'1.14.0'),
(121,'2025-12-03 07:38:02','162.213.251.177','tiana@burtmg.com','[Concrete Builders Supply] Your site has updated to WordPress 6.9','Howdy! Your site at https://concretebuilderssupply.com has been updated automatically to WordPress 6.9.\n\nNo further action is needed on your part. For more on version 6.9, see the About WordPress screen:\nhttps://concretebuilderssupply.com/wp-admin/about.php\n\nIf you experience any issues or need support, the volunteers in the WordPress.org support forums may be able to help.\nhttps://wordpress.org/support/forums/\n\nYou also have some plugins or themes with updates available. Update them now:\nhttps://concretebuilderssupply.com/wp-admin/\n\nThe WordPress Team\n','Content-Type: text/html','',NULL,'1.14.0'),
(122,'2025-12-12 19:39:46','162.213.251.177','tiana@burtmg.com','[Concrete Builders Supply] Some plugins were automatically updated','Howdy! Some plugins have automatically updated to their latest versions on your site at https://concretebuilderssupply.com. No further action is needed on your part.\n\n\nThese plugins are now up to date:\n- Shipping Live Rates and Access Points for UPS for WooCommerce (from version 3.5.4 to 3.6.0) : https://wordpress.org/plugins/flexible-shipping-ups/\n\n\nIf you experience any issues or need support, the volunteers in the WordPress.org support forums may be able to help.\nhttps://wordpress.org/support/forums/\n\nThe WordPress Team','Content-Type: text/html','',NULL,'1.14.0'),
(123,'2025-12-22 19:04:56','162.213.251.177','tiana@burtmg.com','[Concrete Builders Supply] Some plugins were automatically updated','Howdy! Some plugins have automatically updated to their latest versions on your site at https://concretebuilderssupply.com. No further action is needed on your part.\n\n\nThese plugins are now up to date:\n- WooCommerce (from version 9.7.1 to 9.7.2) : https://wordpress.org/plugins/woocommerce/\n\n\nIf you experience any issues or need support, the volunteers in the WordPress.org support forums may be able to help.\nhttps://wordpress.org/support/forums/\n\nThe WordPress Team','Content-Type: text/html','',NULL,'1.14.0'),
(124,'2026-01-20 07:27:14','162.213.251.177','tiana@burtmg.com','[Concrete Builders Supply] Some plugins were automatically updated','Howdy! Some plugins have automatically updated to their latest versions on your site at https://concretebuilderssupply.com. No further action is needed on your part.\n\n\nThese plugins are now up to date:\n- Shipping Live Rates and Access Points for UPS for WooCommerce (from version 3.6.0 to 3.6.1) : https://wordpress.org/plugins/flexible-shipping-ups/\n\n\nIf you experience any issues or need support, the volunteers in the WordPress.org support forums may be able to help.\nhttps://wordpress.org/support/forums/\n\nThe WordPress Team','Content-Type: text/html','',NULL,'1.14.0'),
(125,'2026-02-01 02:26:15','162.213.251.177','tiana@burtmg.com','[Concrete Builders Supply] Please moderate: \"Wager Requisite And Fillip Prevail -- British market Join Now\"','A new comment on the post \"Wager Requisite And Fillip Prevail -- British market Join Now\" is waiting for your approval\r\nhttps://concretebuilderssupply.com/wager-requisite-and-fillip-prevail-british-market-join-now\r\n\r\nAuthor: betso88win (IP address: 69.165.67.17, 69.165.67.17)\r\nEmail: admin@betso88win.info\r\nURL: https://betso88win.info\r\nComment: \r\nJust spent some time on betso88win. Layout\'s clean and I had some decent luck. Might be my new go-to spot. See for yourself: <a href=\'https://betso88win.info\' rel=\"nofollow ugc\">betso88win</a>\r\n\r\nApprove it: https://concretebuilderssupply.com/wp-admin/comment.php?action=approve&c=60#wpbody-content\r\nTrash it: https://concretebuilderssupply.com/wp-admin/comment.php?action=trash&c=60#wpbody-content\r\nSpam it: https://concretebuilderssupply.com/wp-admin/comment.php?action=spam&c=60#wpbody-content\r\nCurrently 1 comment is waiting for approval. Please visit the moderation panel:\r\nhttps://concretebuilderssupply.com/wp-admin/edit-comments.php?comment_status=moderated#wpbody-content\r\n','Content-Type: text/html','',NULL,'1.14.0'),
(126,'2026-02-01 02:26:15','162.213.251.177','wordpUser4@org.com','[Concrete Builders Supply] Please moderate: \"Wager Requisite And Fillip Prevail -- British market Join Now\"','A new comment on the post \"Wager Requisite And Fillip Prevail -- British market Join Now\" is waiting for your approval\r\nhttps://concretebuilderssupply.com/wager-requisite-and-fillip-prevail-british-market-join-now\r\n\r\nAuthor: betso88win (IP address: 69.165.67.17, 69.165.67.17)\r\nEmail: admin@betso88win.info\r\nURL: https://betso88win.info\r\nComment: \r\nJust spent some time on betso88win. Layout\'s clean and I had some decent luck. Might be my new go-to spot. See for yourself: <a href=\'https://betso88win.info\' rel=\"nofollow ugc\">betso88win</a>\r\n\r\nApprove it: https://concretebuilderssupply.com/wp-admin/comment.php?action=approve&c=60#wpbody-content\r\nTrash it: https://concretebuilderssupply.com/wp-admin/comment.php?action=trash&c=60#wpbody-content\r\nSpam it: https://concretebuilderssupply.com/wp-admin/comment.php?action=spam&c=60#wpbody-content\r\nCurrently 1 comment is waiting for approval. Please visit the moderation panel:\r\nhttps://concretebuilderssupply.com/wp-admin/edit-comments.php?comment_status=moderated#wpbody-content\r\n','Content-Type: text/html','',NULL,'1.14.0'),
(127,'2026-02-03 19:10:53','162.213.251.177','tiana@burtmg.com','[Concrete Builders Supply] Your site has updated to WordPress 6.9.1','Howdy! Your site at https://concretebuilderssupply.com has been updated automatically to WordPress 6.9.1.\n\nNo further action is needed on your part. For more on version 6.9.1, see the About WordPress screen:\nhttps://concretebuilderssupply.com/wp-admin/about.php\n\nIf you experience any issues or need support, the volunteers in the WordPress.org support forums may be able to help.\nhttps://wordpress.org/support/forums/\n\nYou also have some plugins or themes with updates available. Update them now:\nhttps://concretebuilderssupply.com/wp-admin/\n\nThe WordPress Team\n','Content-Type: text/html','',NULL,'1.14.0'),
(128,'2026-02-05 22:18:19','162.213.251.177','tiana@burtmg.com','[Concrete Builders Supply] Please moderate: \"Recensione Approfondita del Betflag Casino per Principianti\"','A new comment on the post \"Recensione Approfondita del Betflag Casino per Principianti\" is waiting for your approval\r\nhttps://concretebuilderssupply.com/recensione-approfondita-del-betflag-casino-per-principianti\r\n\r\nAuthor: ketqua.net 9 (IP address: 69.165.67.28, 69.165.67.28)\r\nEmail: admin@ketquanet9.com\r\nURL: https://ketquanet9.com\r\nComment: \r\nYo, ketqua.net 9 is legit! If you\'re looking for quick and accurate results, this is your spot. No messing around! Check it out here: <a href=\'https://ketquanet9.com\' rel=\"nofollow ugc\">ketqua.net 9</a>\r\n\r\nApprove it: https://concretebuilderssupply.com/wp-admin/comment.php?action=approve&c=61#wpbody-content\r\nTrash it: https://concretebuilderssupply.com/wp-admin/comment.php?action=trash&c=61#wpbody-content\r\nSpam it: https://concretebuilderssupply.com/wp-admin/comment.php?action=spam&c=61#wpbody-content\r\nCurrently 2 comments are waiting for approval. Please visit the moderation panel:\r\nhttps://concretebuilderssupply.com/wp-admin/edit-comments.php?comment_status=moderated#wpbody-content\r\n','Content-Type: text/html','',NULL,'1.14.0'),
(129,'2026-02-05 22:18:19','162.213.251.177','wordpUser4@org.com','[Concrete Builders Supply] Please moderate: \"Recensione Approfondita del Betflag Casino per Principianti\"','A new comment on the post \"Recensione Approfondita del Betflag Casino per Principianti\" is waiting for your approval\r\nhttps://concretebuilderssupply.com/recensione-approfondita-del-betflag-casino-per-principianti\r\n\r\nAuthor: ketqua.net 9 (IP address: 69.165.67.28, 69.165.67.28)\r\nEmail: admin@ketquanet9.com\r\nURL: https://ketquanet9.com\r\nComment: \r\nYo, ketqua.net 9 is legit! If you\'re looking for quick and accurate results, this is your spot. No messing around! Check it out here: <a href=\'https://ketquanet9.com\' rel=\"nofollow ugc\">ketqua.net 9</a>\r\n\r\nApprove it: https://concretebuilderssupply.com/wp-admin/comment.php?action=approve&c=61#wpbody-content\r\nTrash it: https://concretebuilderssupply.com/wp-admin/comment.php?action=trash&c=61#wpbody-content\r\nSpam it: https://concretebuilderssupply.com/wp-admin/comment.php?action=spam&c=61#wpbody-content\r\nCurrently 2 comments are waiting for approval. Please visit the moderation panel:\r\nhttps://concretebuilderssupply.com/wp-admin/edit-comments.php?comment_status=moderated#wpbody-content\r\n','Content-Type: text/html','',NULL,'1.14.0');

--
-- Table structure for table `wp8p_wt_iew_action_history`
--

CREATE TABLE `wp8p_wt_iew_action_history` (
  `id` int(11) NOT NULL AUTO_INCREMENT,
  `template_type` varchar(255) NOT NULL,
  `item_type` varchar(255) NOT NULL,
  `file_name` varchar(255) NOT NULL,
  `created_at` int(11) NOT NULL DEFAULT 0,
  `status` int(11) NOT NULL DEFAULT 0,
  `status_text` varchar(255) NOT NULL,
  `offset` int(11) NOT NULL DEFAULT 0,
  `total` int(11) NOT NULL DEFAULT 0,
  `data` longtext NOT NULL,
  PRIMARY KEY (`id`)
) ENGINE=InnoDB AUTO_INCREMENT=13 DEFAULT CHARSET=utf8mb4 COLLATE=utf8mb4_unicode_ci;

--
-- Dumping data for table `wp8p_wt_iew_action_history`
--

INSERT INTO `wp8p_wt_iew_action_history` VALUES
(12,'import','product','temp_product_1646680989.csv',1646681094,1,'Finished',62670,67861,'a:5:{s:19:\"post_type_form_data\";a:1:{s:9:\"item_type\";s:7:\"product\";}s:23:\"method_import_form_data\";a:6:{s:13:\"method_import\";s:8:\"template\";s:17:\"selected_template\";s:1:\"1\";s:16:\"wt_iew_file_from\";s:5:\"local\";s:17:\"wt_iew_local_file\";s:139:\"https://concretebuilderssupply.com/wp-content/webtoffee_import/local_file_1646676007_Concrete-Builders-Supply-Products-List.xlsx-Sheet1.csv\";s:23:\"wt_iew_delimiter_preset\";s:5:\"comma\";s:16:\"wt_iew_delimiter\";s:1:\",\";}s:17:\"mapping_form_data\";a:2:{s:14:\"mapping_fields\";a:46:{s:10:\"post_title\";a:2:{i:0;s:7:\"{TITLE}\";i:1;i:1;}s:9:\"post_name\";a:2:{i:0;s:10:\"{URL SLUG}\";i:1;i:1;}s:2:\"ID\";a:2:{i:0;s:5:\"{SKU}\";i:1;i:1;}s:11:\"post_parent\";a:2:{i:0;s:0:\"\";i:1;i:0;}s:11:\"post_status\";a:2:{i:0;s:8:\"{STATUS}\";i:1;i:0;}s:12:\"post_content\";a:2:{i:0;s:13:\"{DESCRIPTION}\";i:1;i:1;}s:12:\"post_excerpt\";a:2:{i:0;s:13:\"{DESCRIPTION}\";i:1;i:1;}s:9:\"post_date\";a:2:{i:0;s:0:\"\";i:1;i:0;}s:13:\"post_password\";a:2:{i:0;s:0:\"\";i:1;i:0;}s:11:\"post_author\";a:2:{i:0;s:11:\"{AUTHOR ID}\";i:1;i:0;}s:10:\"menu_order\";a:2:{i:0;s:0:\"\";i:1;i:0;}s:14:\"comment_status\";a:2:{i:0;s:0:\"\";i:1;i:0;}s:3:\"sku\";a:2:{i:0;s:5:\"{SKU}\";i:1;i:1;}s:10:\"parent_sku\";a:2:{i:0;s:0:\"\";i:1;i:0;}s:8:\"children\";a:2:{i:0;s:0:\"\";i:1;i:0;}s:12:\"downloadable\";a:2:{i:0;s:0:\"\";i:1;i:0;}s:7:\"virtual\";a:2:{i:0;s:9:\"{VIRTUAL}\";i:1;i:1;}s:10:\"visibility\";a:2:{i:0;s:8:\"{STATUS}\";i:1;i:0;}s:13:\"purchase_note\";a:2:{i:0;s:0:\"\";i:1;i:0;}s:5:\"stock\";a:2:{i:0;s:7:\"{STOCK}\";i:1;i:1;}s:12:\"stock_status\";a:2:{i:0;s:0:\"\";i:1;i:0;}s:10:\"backorders\";a:2:{i:0;s:0:\"\";i:1;i:0;}s:17:\"sold_individually\";a:2:{i:0;s:0:\"\";i:1;i:0;}s:16:\"low_stock_amount\";a:2:{i:0;s:0:\"\";i:1;i:0;}s:12:\"manage_stock\";a:2:{i:0;s:7:\"{STOCK}\";i:1;i:1;}s:10:\"sale_price\";a:2:{i:0;s:12:\"{SALE PRICE}\";i:1;i:1;}s:13:\"regular_price\";a:2:{i:0;s:15:\"{REGULAR PRICE}\";i:1;i:1;}s:21:\"sale_price_dates_from\";a:2:{i:0;s:0:\"\";i:1;i:0;}s:19:\"sale_price_dates_to\";a:2:{i:0;s:0:\"\";i:1;i:0;}s:6:\"weight\";a:2:{i:0;s:8:\"{WEIGHT}\";i:1;i:1;}s:6:\"length\";a:2:{i:0;s:0:\"\";i:1;i:0;}s:5:\"width\";a:2:{i:0;s:0:\"\";i:1;i:0;}s:6:\"height\";a:2:{i:0;s:0:\"\";i:1;i:0;}s:10:\"tax_status\";a:2:{i:0;s:0:\"\";i:1;i:0;}s:9:\"tax_class\";a:2:{i:0;s:0:\"\";i:1;i:0;}s:10:\"upsell_ids\";a:2:{i:0;s:0:\"\";i:1;i:0;}s:13:\"crosssell_ids\";a:2:{i:0;s:0:\"\";i:1;i:0;}s:10:\"file_paths\";a:2:{i:0;s:0:\"\";i:1;i:0;}s:18:\"downloadable_files\";a:2:{i:0;s:12:\"{Data Sheet}\";i:1;i:1;}s:14:\"download_limit\";a:2:{i:0;s:0:\"\";i:1;i:0;}s:15:\"download_expiry\";a:2:{i:0;s:0:\"\";i:1;i:0;}s:11:\"product_url\";a:2:{i:0;s:12:\"{Data Sheet}\";i:1;i:1;}s:11:\"button_text\";a:2:{i:0;s:0:\"\";i:1;i:0;}s:6:\"images\";a:2:{i:0;s:7:\"{Photo}\";i:1;i:1;}s:16:\"product_page_url\";a:2:{i:0;s:10:\"{URL SLUG}\";i:1;i:1;}s:16:\"meta:total_sales\";a:2:{i:0;s:0:\"\";i:1;i:0;}}s:23:\"mapping_selected_fields\";a:16:{s:10:\"post_title\";s:7:\"{TITLE}\";s:9:\"post_name\";s:10:\"{URL SLUG}\";s:2:\"ID\";s:5:\"{SKU}\";s:12:\"post_content\";s:13:\"{DESCRIPTION}\";s:12:\"post_excerpt\";s:13:\"{DESCRIPTION}\";s:3:\"sku\";s:5:\"{SKU}\";s:7:\"virtual\";s:9:\"{VIRTUAL}\";s:5:\"stock\";s:7:\"{STOCK}\";s:12:\"manage_stock\";s:7:\"{STOCK}\";s:10:\"sale_price\";s:12:\"{SALE PRICE}\";s:13:\"regular_price\";s:15:\"{REGULAR PRICE}\";s:6:\"weight\";s:8:\"{WEIGHT}\";s:18:\"downloadable_files\";s:12:\"{Data Sheet}\";s:11:\"product_url\";s:12:\"{Data Sheet}\";s:6:\"images\";s:7:\"{Photo}\";s:16:\"product_page_url\";s:10:\"{URL SLUG}\";}}s:19:\"meta_step_form_data\";a:2:{s:14:\"mapping_fields\";a:2:{s:10:\"taxonomies\";a:6:{s:16:\"tax:product_type\";a:2:{i:0;s:0:\"\";i:1;i:0;}s:22:\"tax:product_visibility\";a:2:{i:0;s:0:\"\";i:1;i:0;}s:15:\"tax:product_cat\";a:2:{i:0;s:0:\"\";i:1;i:0;}s:15:\"tax:product_tag\";a:2:{i:0;s:0:\"\";i:1;i:0;}s:26:\"tax:product_shipping_class\";a:2:{i:0;s:0:\"\";i:1;i:0;}s:18:\"tax:fb_product_set\";a:2:{i:0;s:0:\"\";i:1;i:0;}}s:10:\"attributes\";a:0:{}}s:23:\"mapping_selected_fields\";a:2:{s:10:\"taxonomies\";a:0:{}s:10:\"attributes\";a:0:{}}}s:18:\"advanced_form_data\";a:5:{s:15:\"wt_iew_skip_new\";s:1:\"0\";s:17:\"wt_iew_merge_with\";s:3:\"sku\";s:19:\"wt_iew_found_action\";s:6:\"update\";s:24:\"wt_iew_merge_empty_cells\";s:1:\"1\";s:18:\"wt_iew_batch_count\";i:10;}}');

--
-- Table structure for table `wp8p_wt_iew_mapping_template`
--

CREATE TABLE `wp8p_wt_iew_mapping_template` (
  `id` int(11) NOT NULL AUTO_INCREMENT,
  `template_type` varchar(255) NOT NULL,
  `item_type` varchar(255) NOT NULL,
  `name` varchar(255) NOT NULL,
  `data` longtext NOT NULL,
  PRIMARY KEY (`id`)
) ENGINE=InnoDB AUTO_INCREMENT=2 DEFAULT CHARSET=utf8mb4 COLLATE=utf8mb4_unicode_ci;

--
-- Dumping data for table `wp8p_wt_iew_mapping_template`
--

INSERT INTO `wp8p_wt_iew_mapping_template` VALUES
(1,'import','product','CBS Store','a:5:{s:19:\"post_type_form_data\";a:1:{s:9:\"item_type\";s:7:\"product\";}s:23:\"method_import_form_data\";a:6:{s:13:\"method_import\";s:8:\"template\";s:17:\"selected_template\";s:1:\"1\";s:16:\"wt_iew_file_from\";s:5:\"local\";s:17:\"wt_iew_local_file\";s:139:\"https://concretebuilderssupply.com/wp-content/webtoffee_import/local_file_1646676007_Concrete-Builders-Supply-Products-List.xlsx-Sheet1.csv\";s:23:\"wt_iew_delimiter_preset\";s:5:\"comma\";s:16:\"wt_iew_delimiter\";s:1:\",\";}s:17:\"mapping_form_data\";a:2:{s:14:\"mapping_fields\";a:46:{s:10:\"post_title\";a:2:{i:0;s:7:\"{TITLE}\";i:1;i:1;}s:9:\"post_name\";a:2:{i:0;s:10:\"{URL SLUG}\";i:1;i:1;}s:2:\"ID\";a:2:{i:0;s:5:\"{SKU}\";i:1;i:1;}s:11:\"post_parent\";a:2:{i:0;s:0:\"\";i:1;i:0;}s:11:\"post_status\";a:2:{i:0;s:8:\"{STATUS}\";i:1;i:0;}s:12:\"post_content\";a:2:{i:0;s:13:\"{DESCRIPTION}\";i:1;i:1;}s:12:\"post_excerpt\";a:2:{i:0;s:13:\"{DESCRIPTION}\";i:1;i:1;}s:9:\"post_date\";a:2:{i:0;s:0:\"\";i:1;i:0;}s:13:\"post_password\";a:2:{i:0;s:0:\"\";i:1;i:0;}s:11:\"post_author\";a:2:{i:0;s:11:\"{AUTHOR ID}\";i:1;i:0;}s:10:\"menu_order\";a:2:{i:0;s:0:\"\";i:1;i:0;}s:14:\"comment_status\";a:2:{i:0;s:0:\"\";i:1;i:0;}s:3:\"sku\";a:2:{i:0;s:5:\"{SKU}\";i:1;i:1;}s:10:\"parent_sku\";a:2:{i:0;s:0:\"\";i:1;i:0;}s:8:\"children\";a:2:{i:0;s:0:\"\";i:1;i:0;}s:12:\"downloadable\";a:2:{i:0;s:0:\"\";i:1;i:0;}s:7:\"virtual\";a:2:{i:0;s:9:\"{VIRTUAL}\";i:1;i:1;}s:10:\"visibility\";a:2:{i:0;s:8:\"{STATUS}\";i:1;i:0;}s:13:\"purchase_note\";a:2:{i:0;s:0:\"\";i:1;i:0;}s:5:\"stock\";a:2:{i:0;s:7:\"{STOCK}\";i:1;i:1;}s:12:\"stock_status\";a:2:{i:0;s:0:\"\";i:1;i:0;}s:10:\"backorders\";a:2:{i:0;s:0:\"\";i:1;i:0;}s:17:\"sold_individually\";a:2:{i:0;s:0:\"\";i:1;i:0;}s:16:\"low_stock_amount\";a:2:{i:0;s:0:\"\";i:1;i:0;}s:12:\"manage_stock\";a:2:{i:0;s:7:\"{STOCK}\";i:1;i:1;}s:10:\"sale_price\";a:2:{i:0;s:12:\"{SALE PRICE}\";i:1;i:1;}s:13:\"regular_price\";a:2:{i:0;s:15:\"{REGULAR PRICE}\";i:1;i:1;}s:21:\"sale_price_dates_from\";a:2:{i:0;s:0:\"\";i:1;i:0;}s:19:\"sale_price_dates_to\";a:2:{i:0;s:0:\"\";i:1;i:0;}s:6:\"weight\";a:2:{i:0;s:8:\"{WEIGHT}\";i:1;i:1;}s:6:\"length\";a:2:{i:0;s:0:\"\";i:1;i:0;}s:5:\"width\";a:2:{i:0;s:0:\"\";i:1;i:0;}s:6:\"height\";a:2:{i:0;s:0:\"\";i:1;i:0;}s:10:\"tax_status\";a:2:{i:0;s:0:\"\";i:1;i:0;}s:9:\"tax_class\";a:2:{i:0;s:0:\"\";i:1;i:0;}s:10:\"upsell_ids\";a:2:{i:0;s:0:\"\";i:1;i:0;}s:13:\"crosssell_ids\";a:2:{i:0;s:0:\"\";i:1;i:0;}s:10:\"file_paths\";a:2:{i:0;s:0:\"\";i:1;i:0;}s:18:\"downloadable_files\";a:2:{i:0;s:12:\"{Data Sheet}\";i:1;i:1;}s:14:\"download_limit\";a:2:{i:0;s:0:\"\";i:1;i:0;}s:15:\"download_expiry\";a:2:{i:0;s:0:\"\";i:1;i:0;}s:11:\"product_url\";a:2:{i:0;s:12:\"{Data Sheet}\";i:1;i:1;}s:11:\"button_text\";a:2:{i:0;s:0:\"\";i:1;i:0;}s:6:\"images\";a:2:{i:0;s:7:\"{Photo}\";i:1;i:1;}s:16:\"product_page_url\";a:2:{i:0;s:10:\"{URL SLUG}\";i:1;i:1;}s:16:\"meta:total_sales\";a:2:{i:0;s:0:\"\";i:1;i:0;}}s:23:\"mapping_selected_fields\";a:16:{s:10:\"post_title\";s:7:\"{TITLE}\";s:9:\"post_name\";s:10:\"{URL SLUG}\";s:2:\"ID\";s:5:\"{SKU}\";s:12:\"post_content\";s:13:\"{DESCRIPTION}\";s:12:\"post_excerpt\";s:13:\"{DESCRIPTION}\";s:3:\"sku\";s:5:\"{SKU}\";s:7:\"virtual\";s:9:\"{VIRTUAL}\";s:5:\"stock\";s:7:\"{STOCK}\";s:12:\"manage_stock\";s:7:\"{STOCK}\";s:10:\"sale_price\";s:12:\"{SALE PRICE}\";s:13:\"regular_price\";s:15:\"{REGULAR PRICE}\";s:6:\"weight\";s:8:\"{WEIGHT}\";s:18:\"downloadable_files\";s:12:\"{Data Sheet}\";s:11:\"product_url\";s:12:\"{Data Sheet}\";s:6:\"images\";s:7:\"{Photo}\";s:16:\"product_page_url\";s:10:\"{URL SLUG}\";}}s:19:\"meta_step_form_data\";a:2:{s:14:\"mapping_fields\";a:2:{s:10:\"taxonomies\";a:6:{s:16:\"tax:product_type\";a:2:{i:0;s:0:\"\";i:1;i:0;}s:22:\"tax:product_visibility\";a:2:{i:0;s:0:\"\";i:1;i:0;}s:15:\"tax:product_cat\";a:2:{i:0;s:0:\"\";i:1;i:0;}s:15:\"tax:product_tag\";a:2:{i:0;s:0:\"\";i:1;i:0;}s:26:\"tax:product_shipping_class\";a:2:{i:0;s:0:\"\";i:1;i:0;}s:18:\"tax:fb_product_set\";a:2:{i:0;s:0:\"\";i:1;i:0;}}s:10:\"attributes\";a:0:{}}s:23:\"mapping_selected_fields\";a:2:{s:10:\"taxonomies\";a:0:{}s:10:\"attributes\";a:0:{}}}s:18:\"advanced_form_data\";a:5:{s:15:\"wt_iew_skip_new\";s:1:\"0\";s:17:\"wt_iew_merge_with\";s:3:\"sku\";s:19:\"wt_iew_found_action\";s:6:\"update\";s:24:\"wt_iew_merge_empty_cells\";s:1:\"1\";s:18:\"wt_iew_batch_count\";i:10;}}');


